66.249.64.38 - - [12/Jun/2026:23:17:15 +0500] "GET /items/R49988285 HTTP/1.1" 404 796 "-" "Mozilla/5.0 (Linux; Android 6.0.1; Nexus 5X Build/MMB29P) AppleWebKit/537.36 (KHTML, like Gecko) Chrome/148.0.7778.96 Mobile Safari/537.36 (compatible; GoogleOther)"
66.249.64.37 - - [12/Jun/2026:23:17:41 +0500] "GET /items/A9481743 HTTP/1.1" 404 796 "-" "Mozilla/5.0 (Linux; Android 6.0.1; Nexus 5X Build/MMB29P) AppleWebKit/537.36 (KHTML, like Gecko) Chrome/148.0.7778.96 Mobile Safari/537.36 (compatible; GoogleOther)"
66.249.64.37 - - [12/Jun/2026:23:18:06 +0500] "GET /items/E92946172 HTTP/1.1" 404 796 "-" "Mozilla/5.0 (Linux; Android 6.0.1; Nexus 5X Build/MMB29P) AppleWebKit/537.36 (KHTML, like Gecko) Chrome/148.0.7778.96 Mobile Safari/537.36 (compatible; GoogleOther)"
66.249.64.38 - - [12/Jun/2026:23:18:32 +0500] "GET /items/C56887070 HTTP/1.1" 404 796 "-" "Mozilla/5.0 (Linux; Android 6.0.1; Nexus 5X Build/MMB29P) AppleWebKit/537.36 (KHTML, like Gecko) Chrome/148.0.7778.96 Mobile Safari/537.36 (compatible; GoogleOther)"
66.249.64.39 - - [12/Jun/2026:23:19:23 +0500] "GET /items/R10012203 HTTP/1.1" 404 796 "-" "Mozilla/5.0 (Linux; Android 6.0.1; Nexus 5X Build/MMB29P) AppleWebKit/537.36 (KHTML, like Gecko) Chrome/148.0.7778.96 Mobile Safari/537.36 (compatible; GoogleOther)"
66.249.64.38 - - [12/Jun/2026:23:19:39 +0500] "GET /items/C7154806 HTTP/1.1" 404 796 "-" "Mozilla/5.0 (Linux; Android 6.0.1; Nexus 5X Build/MMB29P) AppleWebKit/537.36 (KHTML, like Gecko) Chrome/148.0.7778.96 Mobile Safari/537.36 (compatible; Googlebot/2.1; +http://www.google.com/bot.html)"
66.249.64.37 - - [12/Jun/2026:23:20:14 +0500] "GET /items/O93776403 HTTP/1.1" 404 796 "-" "Mozilla/5.0 (Linux; Android 6.0.1; Nexus 5X Build/MMB29P) AppleWebKit/537.36 (KHTML, like Gecko) Chrome/148.0.7778.96 Mobile Safari/537.36 (compatible; GoogleOther)"
66.249.64.37 - - [12/Jun/2026:23:20:56 +0500] "GET /items/P257689664 HTTP/1.1" 404 796 "-" "Mozilla/5.0 (Linux; Android 6.0.1; Nexus 5X Build/MMB29P) AppleWebKit/537.36 (KHTML, like Gecko) Chrome/148.0.7778.96 Mobile Safari/537.36 (compatible; GoogleOther)"
198.244.240.73 - - [12/Jun/2026:23:21:12 +0500] "GET /items/Y19751370 HTTP/2" 404 796 "-" "Mozilla/5.0 (compatible; AhrefsBot/7.0; +http://ahrefs.com/robot/)"
66.249.64.37 - - [12/Jun/2026:23:21:56 +0500] "GET /items/M314282387 HTTP/1.1" 404 796 "-" "Mozilla/5.0 (Linux; Android 6.0.1; Nexus 5X Build/MMB29P) AppleWebKit/537.36 (KHTML, like Gecko) Chrome/148.0.7778.96 Mobile Safari/537.36 (compatible; GoogleOther)"
198.244.168.178 - - [12/Jun/2026:23:22:04 +0500] "GET /items/R392227267 HTTP/2" 404 796 "-" "Mozilla/5.0 (compatible; AhrefsBot/7.0; +http://ahrefs.com/robot/)"
66.249.64.37 - - [12/Jun/2026:23:19:49 +0500] "GET /items/Q4248935 HTTP/1.1" 404 796 "-" "Mozilla/5.0 (Linux; Android 6.0.1; Nexus 5X Build/MMB29P) AppleWebKit/537.36 (KHTML, like Gecko) Chrome/148.0.7778.96 Mobile Safari/537.36 (compatible; GoogleOther)"
66.249.64.37 - - [12/Jun/2026:23:19:49 +0500] "GET /items/D40429700 HTTP/1.1" 404 796 "-" "Mozilla/5.0 (Linux; Android 6.0.1; Nexus 5X Build/MMB29P) AppleWebKit/537.36 (KHTML, like Gecko) Chrome/148.0.7778.96 Mobile Safari/537.36 (compatible; GoogleOther)"
66.249.64.37 - - [12/Jun/2026:23:20:40 +0500] "GET /items/L5560830 HTTP/1.1" 404 796 "-" "Mozilla/5.0 (Linux; Android 6.0.1; Nexus 5X Build/MMB29P) AppleWebKit/537.36 (KHTML, like Gecko) Chrome/148.0.7778.96 Mobile Safari/537.36 (compatible; GoogleOther)"
66.249.64.39 - - [12/Jun/2026:23:21:05 +0500] "GET /items/R104012577 HTTP/1.1" 404 796 "-" "Mozilla/5.0 (Linux; Android 6.0.1; Nexus 5X Build/MMB29P) AppleWebKit/537.36 (KHTML, like Gecko) Chrome/148.0.7778.96 Mobile Safari/537.36 (compatible; GoogleOther)"
57.141.20.0 - - [12/Jun/2026:23:21:06 +0500] "GET /wp-sitemap-posts-lp_course-1.xml HTTP/2" 404 796 "-" "meta-externalagent/1.1 (+https://developers.facebook.com/docs/sharing/webmasters/crawler)"
66.249.64.37 - - [12/Jun/2026:23:21:31 +0500] "GET /items/Z19786913 HTTP/1.1" 404 796 "-" "Mozilla/5.0 (Linux; Android 6.0.1; Nexus 5X Build/MMB29P) AppleWebKit/537.36 (KHTML, like Gecko) Chrome/148.0.7778.96 Mobile Safari/537.36 (compatible; GoogleOther)"
51.195.215.253 - - [12/Jun/2026:23:23:32 +0500] "GET /items/V3281779 HTTP/2" 404 796 "-" "Mozilla/5.0 (compatible; AhrefsBot/7.0; +http://ahrefs.com/robot/)"
66.249.64.38 - - [12/Jun/2026:23:24:14 +0500] "GET /items/B587512981 HTTP/1.1" 404 796 "-" "Mozilla/5.0 (Linux; Android 6.0.1; Nexus 5X Build/MMB29P) AppleWebKit/537.36 (KHTML, like Gecko) Chrome/148.0.7778.96 Mobile Safari/537.36 (compatible; GoogleOther)"
66.249.64.38 - - [12/Jun/2026:23:24:32 +0500] "GET /items/Q7917422 HTTP/1.1" 404 796 "-" "Mozilla/5.0 (Linux; Android 6.0.1; Nexus 5X Build/MMB29P) AppleWebKit/537.36 (KHTML, like Gecko) Chrome/148.0.7778.96 Mobile Safari/537.36 (compatible; GoogleOther)"
66.249.64.37 - - [12/Jun/2026:23:24:55 +0500] "GET /items/Q7706950 HTTP/1.1" 404 796 "-" "Mozilla/5.0 (Linux; Android 6.0.1; Nexus 5X Build/MMB29P) AppleWebKit/537.36 (KHTML, like Gecko) Chrome/148.0.7778.96 Mobile Safari/537.36 (compatible; GoogleOther)"
198.244.168.92 - - [12/Jun/2026:23:24:59 +0500] "GET /items/A358447611 HTTP/2" 404 796 "-" "Mozilla/5.0 (compatible; AhrefsBot/7.0; +http://ahrefs.com/robot/)"
66.249.64.38 - - [12/Jun/2026:23:25:50 +0500] "GET /items/I67736773 HTTP/1.1" 404 796 "-" "Mozilla/5.0 (Linux; Android 6.0.1; Nexus 5X Build/MMB29P) AppleWebKit/537.36 (KHTML, like Gecko) Chrome/148.0.7778.96 Mobile Safari/537.36 (compatible; GoogleOther)"
198.244.183.191 - - [12/Jun/2026:23:26:32 +0500] "GET /items/W409139391 HTTP/2" 404 796 "-" "Mozilla/5.0 (compatible; AhrefsBot/7.0; +http://ahrefs.com/robot/)"
3.139.242.79 - - [12/Jun/2026:23:26:33 +0500] "GET / HTTP/1.1" 428 5514 "-" "visionheight.com/scan Mozilla/5.0 (Macintosh; Intel Mac OS X 10_15_7) Chrome/126.0.0.0 Safari/537.36"
198.244.226.125 - - [12/Jun/2026:23:27:07 +0500] "GET /items/R3343903 HTTP/2" 404 796 "-" "Mozilla/5.0 (compatible; AhrefsBot/7.0; +http://ahrefs.com/robot/)"
51.89.129.166 - - [12/Jun/2026:23:27:46 +0500] "GET /items/J2625558 HTTP/2" 404 796 "-" "Mozilla/5.0 (compatible; AhrefsBot/7.0; +http://ahrefs.com/robot/)"
66.249.64.37 - - [12/Jun/2026:23:27:54 +0500] "GET /items/T41779386 HTTP/1.1" 404 796 "-" "Mozilla/5.0 (Linux; Android 6.0.1; Nexus 5X Build/MMB29P) AppleWebKit/537.36 (KHTML, like Gecko) Chrome/148.0.7778.96 Mobile Safari/537.36 (compatible; GoogleOther)"
66.249.64.39 - - [12/Jun/2026:23:28:20 +0500] "GET /items/L30102484 HTTP/1.1" 404 796 "-" "Mozilla/5.0 (Linux; Android 6.0.1; Nexus 5X Build/MMB29P) AppleWebKit/537.36 (KHTML, like Gecko) Chrome/148.0.7778.96 Mobile Safari/537.36 (compatible; GoogleOther)"
66.249.64.38 - - [12/Jun/2026:23:22:22 +0500] "GET /items/I187689051 HTTP/1.1" 404 796 "-" "Mozilla/5.0 (Linux; Android 6.0.1; Nexus 5X Build/MMB29P) AppleWebKit/537.36 (KHTML, like Gecko) Chrome/148.0.7778.96 Mobile Safari/537.36 (compatible; GoogleOther)"
66.249.64.38 - - [12/Jun/2026:23:22:50 +0500] "GET /items/B1250067 HTTP/1.1" 404 796 "-" "Mozilla/5.0 (Linux; Android 6.0.1; Nexus 5X Build/MMB29P) AppleWebKit/537.36 (KHTML, like Gecko) Chrome/148.0.7778.96 Mobile Safari/537.36 (compatible; GoogleOther)"
198.244.226.250 - - [12/Jun/2026:23:23:11 +0500] "GET /items/T19626948 HTTP/2" 404 796 "-" "Mozilla/5.0 (compatible; AhrefsBot/7.0; +http://ahrefs.com/robot/)"
66.249.64.39 - - [12/Jun/2026:23:23:13 +0500] "GET /items/A5586401 HTTP/1.1" 404 796 "-" "Mozilla/5.0 (Linux; Android 6.0.1; Nexus 5X Build/MMB29P) AppleWebKit/537.36 (KHTML, like Gecko) Chrome/148.0.7778.96 Mobile Safari/537.36 (compatible; GoogleOther)"
66.249.64.37 - - [12/Jun/2026:23:23:39 +0500] "GET /items/E7947822 HTTP/1.1" 404 796 "-" "Mozilla/5.0 (Linux; Android 6.0.1; Nexus 5X Build/MMB29P) AppleWebKit/537.36 (KHTML, like Gecko) Chrome/148.0.7778.96 Mobile Safari/537.36 (compatible; GoogleOther)"
198.244.183.154 - - [12/Jun/2026:23:24:15 +0500] "GET /items/L348076218 HTTP/2" 404 796 "-" "Mozilla/5.0 (compatible; AhrefsBot/7.0; +http://ahrefs.com/robot/)"
66.249.64.38 - - [12/Jun/2026:23:25:21 +0500] "GET /items/K4005898 HTTP/1.1" 404 796 "-" "Mozilla/5.0 (Linux; Android 6.0.1; Nexus 5X Build/MMB29P) AppleWebKit/537.36 (KHTML, like Gecko) Chrome/148.0.7778.96 Mobile Safari/537.36 (compatible; GoogleOther)"
198.244.242.5 - - [12/Jun/2026:23:25:48 +0500] "GET /items/L197619815 HTTP/2" 404 796 "-" "Mozilla/5.0 (compatible; AhrefsBot/7.0; +http://ahrefs.com/robot/)"
66.249.64.39 - - [12/Jun/2026:23:26:12 +0500] "GET /items/K275790011 HTTP/1.1" 404 796 "-" "Mozilla/5.0 (Linux; Android 6.0.1; Nexus 5X Build/MMB29P) AppleWebKit/537.36 (KHTML, like Gecko) Chrome/148.0.7778.96 Mobile Safari/537.36 (compatible; GoogleOther)"
66.249.64.38 - - [12/Jun/2026:23:26:38 +0500] "GET /items/S138486240 HTTP/1.1" 404 796 "-" "Mozilla/5.0 (Linux; Android 6.0.1; Nexus 5X Build/MMB29P) AppleWebKit/537.36 (KHTML, like Gecko) Chrome/148.0.7778.96 Mobile Safari/537.36 (compatible; GoogleOther)"
66.249.64.37 - - [12/Jun/2026:23:27:03 +0500] "GET /items/Z386411732 HTTP/1.1" 404 796 "-" "Mozilla/5.0 (Linux; Android 6.0.1; Nexus 5X Build/MMB29P) AppleWebKit/537.36 (KHTML, like Gecko) Chrome/148.0.7778.96 Mobile Safari/537.36 (compatible; GoogleOther)"
66.249.64.37 - - [12/Jun/2026:23:27:29 +0500] "GET /items/J21773759 HTTP/1.1" 404 796 "-" "Mozilla/5.0 (Linux; Android 6.0.1; Nexus 5X Build/MMB29P) AppleWebKit/537.36 (KHTML, like Gecko) Chrome/148.0.7778.96 Mobile Safari/537.36 (compatible; GoogleOther)"
198.244.183.159 - - [12/Jun/2026:23:28:35 +0500] "GET /items/O7049507 HTTP/2" 404 796 "-" "Mozilla/5.0 (compatible; AhrefsBot/7.0; +http://ahrefs.com/robot/)"
66.249.64.37 - - [12/Jun/2026:23:28:52 +0500] "GET /items/H322035817 HTTP/1.1" 404 796 "-" "Mozilla/5.0 (Linux; Android 6.0.1; Nexus 5X Build/MMB29P) AppleWebKit/537.36 (KHTML, like Gecko) Chrome/148.0.7778.96 Mobile Safari/537.36 (compatible; GoogleOther)"
66.249.64.38 - - [12/Jun/2026:23:28:46 +0500] "GET /items/H1574253 HTTP/1.1" 404 796 "-" "Mozilla/5.0 (Linux; Android 6.0.1; Nexus 5X Build/MMB29P) AppleWebKit/537.36 (KHTML, like Gecko) Chrome/148.0.7778.96 Mobile Safari/537.36 (compatible; GoogleOther)"
66.249.64.38 - - [12/Jun/2026:23:29:11 +0500] "GET /items/Z91812776 HTTP/1.1" 404 796 "-" "Mozilla/5.0 (Linux; Android 6.0.1; Nexus 5X Build/MMB29P) AppleWebKit/537.36 (KHTML, like Gecko) Chrome/148.0.7778.96 Mobile Safari/537.36 (compatible; GoogleOther)"
51.195.244.173 - - [12/Jun/2026:23:29:24 +0500] "GET /voltslot-casino-introductie-voor-serieuze-gokkers/feed/ HTTP/2" 404 796 "-" "Mozilla/5.0 (compatible; AhrefsBot/7.0; +http://ahrefs.com/robot/)"
66.249.64.37 - - [12/Jun/2026:23:29:32 +0500] "GET /items/N79326112 HTTP/1.1" 404 796 "-" "Mozilla/5.0 (Linux; Android 6.0.1; Nexus 5X Build/MMB29P) AppleWebKit/537.36 (KHTML, like Gecko) Chrome/148.0.7778.96 Mobile Safari/537.36 (compatible; GoogleOther)"
66.249.64.37 - - [12/Jun/2026:23:29:37 +0500] "GET /items/C452593818 HTTP/1.1" 404 796 "-" "Mozilla/5.0 (Linux; Android 6.0.1; Nexus 5X Build/MMB29P) AppleWebKit/537.36 (KHTML, like Gecko) Chrome/148.0.7778.96 Mobile Safari/537.36 (compatible; GoogleOther)"
51.195.244.186 - - [12/Jun/2026:23:30:05 +0500] "GET /items/H2160955 HTTP/2" 404 796 "-" "Mozilla/5.0 (compatible; AhrefsBot/7.0; +http://ahrefs.com/robot/)"
54.38.147.76 - - [12/Jun/2026:23:31:23 +0500] "GET /items/L4696944 HTTP/2" 404 796 "-" "Mozilla/5.0 (compatible; AhrefsBot/7.0; +http://ahrefs.com/robot/)"
31.220.45.74 - - [12/Jun/2026:23:31:37 +0500] "HEAD / HTTP/1.1" 200 0 "-" "Mozilla/5.0 (Macintosh; Intel Mac OS X 10_15_7) AppleWebKit/537.36 (KHTML, like Gecko) Chrome/131.0.0.0 Safari/537.36"
31.220.45.74 - - [12/Jun/2026:23:31:38 +0500] "POST /xmlrpc.php HTTP/1.1" 403 787 "-" "Mozilla/5.0 (Macintosh; Intel Mac OS X 10_15_7) AppleWebKit/537.36 (KHTML, like Gecko) Chrome/131.0.0.0 Safari/537.36"
31.220.45.74 - - [12/Jun/2026:23:31:38 +0500] "POST /xmlrpc.php HTTP/1.1" 403 787 "-" "Mozilla/5.0 (Macintosh; Intel Mac OS X 10_15_7) AppleWebKit/537.36 (KHTML, like Gecko) Chrome/131.0.0.0 Safari/537.36"
31.220.45.74 - - [12/Jun/2026:23:31:38 +0500] "POST /xmlrpc.php HTTP/1.1" 403 787 "-" "Mozilla/5.0 (Macintosh; Intel Mac OS X 10_15_7) AppleWebKit/537.36 (KHTML, like Gecko) Chrome/131.0.0.0 Safari/537.36"
31.220.45.74 - - [12/Jun/2026:23:31:38 +0500] "POST /xmlrpc.php HTTP/1.1" 403 787 "-" "Mozilla/5.0 (Macintosh; Intel Mac OS X 10_15_7) AppleWebKit/537.36 (KHTML, like Gecko) Chrome/131.0.0.0 Safari/537.36"
31.220.45.74 - - [12/Jun/2026:23:31:38 +0500] "POST /xmlrpc.php HTTP/1.1" 403 787 "-" "Mozilla/5.0 (Macintosh; Intel Mac OS X 10_15_7) AppleWebKit/537.36 (KHTML, like Gecko) Chrome/131.0.0.0 Safari/537.36"
31.220.45.74 - - [12/Jun/2026:23:31:38 +0500] "POST /xmlrpc.php HTTP/1.1" 403 787 "-" "Mozilla/5.0 (Macintosh; Intel Mac OS X 10_15_7) AppleWebKit/537.36 (KHTML, like Gecko) Chrome/131.0.0.0 Safari/537.36"
31.220.45.74 - - [12/Jun/2026:23:31:38 +0500] "POST /xmlrpc.php HTTP/1.1" 403 787 "-" "Mozilla/5.0 (Macintosh; Intel Mac OS X 10_15_7) AppleWebKit/537.36 (KHTML, like Gecko) Chrome/131.0.0.0 Safari/537.36"
31.220.45.74 - - [12/Jun/2026:23:31:38 +0500] "POST /xmlrpc.php HTTP/1.1" 403 787 "-" "Mozilla/5.0 (Macintosh; Intel Mac OS X 10_15_7) AppleWebKit/537.36 (KHTML, like Gecko) Chrome/131.0.0.0 Safari/537.36"
31.220.45.74 - - [12/Jun/2026:23:31:38 +0500] "POST /xmlrpc.php HTTP/1.1" 403 787 "-" "Mozilla/5.0 (Macintosh; Intel Mac OS X 10_15_7) AppleWebKit/537.36 (KHTML, like Gecko) Chrome/131.0.0.0 Safari/537.36"
31.220.45.74 - - [12/Jun/2026:23:31:38 +0500] "POST /xmlrpc.php HTTP/1.1" 403 787 "-" "Mozilla/5.0 (Macintosh; Intel Mac OS X 10_15_7) AppleWebKit/537.36 (KHTML, like Gecko) Chrome/131.0.0.0 Safari/537.36"
31.220.45.74 - - [12/Jun/2026:23:31:38 +0500] "POST /xmlrpc.php HTTP/1.1" 403 787 "-" "Mozilla/5.0 (Macintosh; Intel Mac OS X 10_15_7) AppleWebKit/537.36 (KHTML, like Gecko) Chrome/131.0.0.0 Safari/537.36"
31.220.45.74 - - [12/Jun/2026:23:31:38 +0500] "POST /xmlrpc.php HTTP/1.1" 403 787 "-" "Mozilla/5.0 (Macintosh; Intel Mac OS X 10_15_7) AppleWebKit/537.36 (KHTML, like Gecko) Chrome/131.0.0.0 Safari/537.36"
31.220.45.74 - - [12/Jun/2026:23:31:38 +0500] "POST /xmlrpc.php HTTP/1.1" 403 787 "-" "Mozilla/5.0 (Macintosh; Intel Mac OS X 10_15_7) AppleWebKit/537.36 (KHTML, like Gecko) Chrome/131.0.0.0 Safari/537.36"
31.220.45.74 - turkishi [12/Jun/2026:23:31:38 +0500] "GET /wp-json/wp/v2/users/me?context=edit HTTP/1.1" 404 796 "-" "Mozilla/5.0 (Macintosh; Intel Mac OS X 10_15_7) AppleWebKit/537.36 (KHTML, like Gecko) Chrome/131.0.0.0 Safari/537.36"
31.220.45.74 - turkishi [12/Jun/2026:23:31:38 +0500] "GET /?rest_route=/wp/v2/users/me&context=edit HTTP/1.1" 200 20 "-" "Mozilla/5.0 (Macintosh; Intel Mac OS X 10_15_7) AppleWebKit/537.36 (KHTML, like Gecko) Chrome/131.0.0.0 Safari/537.36"
178.63.189.57 - - [12/Jun/2026:23:31:39 +0500] "POST /wp-cron.php?doing_wp_cron=1781289099.6871840953826904296875 HTTP/1.1" 200 20 "-" "WordPress/7.0; https://turkishinternationalschools.com"
31.220.45.74 - - [12/Jun/2026:23:31:39 +0500] "GET /wp-login.php HTTP/1.1" 200 1858 "-" "Mozilla/5.0 (Macintosh; Intel Mac OS X 10_15_7) AppleWebKit/537.36 (KHTML, like Gecko) Chrome/131.0.0.0 Safari/537.36"
31.220.45.74 - - [12/Jun/2026:23:31:39 +0500] "POST /wp-login.php HTTP/1.1" 200 2007 "https://turkishinternationalschools.com/wp-login.php" "Mozilla/5.0 (Macintosh; Intel Mac OS X 10_15_7) AppleWebKit/537.36 (KHTML, like Gecko) Chrome/131.0.0.0 Safari/537.36"
31.220.45.74 - - [12/Jun/2026:23:31:39 +0500] "GET /wp-admin/ HTTP/1.1" 302 20 "https://turkishinternationalschools.com/wp-login.php" "Mozilla/5.0 (Macintosh; Intel Mac OS X 10_15_7) AppleWebKit/537.36 (KHTML, like Gecko) Chrome/131.0.0.0 Safari/537.36"
31.220.45.74 - - [12/Jun/2026:23:31:39 +0500] "GET /wp-login.php?redirect_to=https%3A%2F%2Fturkishinternationalschools.com%2Fwp-admin%2F&reauth=1 HTTP/1.1" 200 1858 "https://turkishinternationalschools.com/wp-login.php" "Mozilla/5.0 (Macintosh; Intel Mac OS X 10_15_7) AppleWebKit/537.36 (KHTML, like Gecko) Chrome/131.0.0.0 Safari/537.36"
198.244.168.41 - - [12/Jun/2026:23:32:02 +0500] "GET /items/E128951638 HTTP/2" 404 796 "-" "Mozilla/5.0 (compatible; AhrefsBot/7.0; +http://ahrefs.com/robot/)"
74.7.230.48 - - [12/Jun/2026:23:32:05 +0500] "GET /robots.txt HTTP/2" 428 5530 "-" "Mozilla/5.0 (Macintosh; Intel Mac OS X 10_15_7) AppleWebKit/537.36 (KHTML, like Gecko) Chrome/131.0.0.0 Safari/537.36; compatible; OAI-SearchBot/1.4; robots.txt; +https://openai.com/searchbot"
51.195.183.63 - - [12/Jun/2026:23:32:40 +0500] "GET /items/V4492338 HTTP/2" 404 796 "-" "Mozilla/5.0 (compatible; AhrefsBot/7.0; +http://ahrefs.com/robot/)"
198.244.242.39 - - [12/Jun/2026:23:33:22 +0500] "GET /items/R630553947 HTTP/2" 404 796 "-" "Mozilla/5.0 (compatible; AhrefsBot/7.0; +http://ahrefs.com/robot/)"
66.249.64.38 - - [12/Jun/2026:23:33:26 +0500] "GET /items/N4709673 HTTP/1.1" 404 796 "-" "Mozilla/5.0 (Linux; Android 6.0.1; Nexus 5X Build/MMB29P) AppleWebKit/537.36 (KHTML, like Gecko) Chrome/148.0.7778.96 Mobile Safari/537.36 (compatible; GoogleOther)"
47.79.197.10 - - [12/Jun/2026:23:33:53 +0500] "GET /wp-content/uploads/2025/07/Computer-Course-for-kids.webp HTTP/1.1" 404 796 "-" "Mozilla/5.0 (Macintosh; Intel Mac OS X 10_15_7) AppleWebKit/537.36 (KHTML, like Gecko) Chrome/146.0.0.0 Safari/537.36"
198.244.168.238 - - [12/Jun/2026:23:34:09 +0500] "GET /items/E76807675 HTTP/2" 404 796 "-" "Mozilla/5.0 (compatible; AhrefsBot/7.0; +http://ahrefs.com/robot/)"
66.249.64.37 - - [12/Jun/2026:23:35:32 +0500] "GET /items/R204280487 HTTP/1.1" 404 796 "-" "Mozilla/5.0 (Linux; Android 6.0.1; Nexus 5X Build/MMB29P) AppleWebKit/537.36 (KHTML, like Gecko) Chrome/148.0.7778.96 Mobile Safari/537.36 (compatible; GoogleOther)"
172.213.21.20 - - [12/Jun/2026:23:41:52 +0500] "GET /our-curriculum/ HTTP/2" 404 796 "-" "Mozilla/5.0 AppleWebKit/537.36 (KHTML, like Gecko); compatible; ChatGPT-User/1.0; +https://openai.com/bot"
66.249.64.37 - - [12/Jun/2026:23:42:02 +0500] "GET /items/L383029017 HTTP/1.1" 404 796 "-" "Mozilla/5.0 (Linux; Android 6.0.1; Nexus 5X Build/MMB29P) AppleWebKit/537.36 (KHTML, like Gecko) Chrome/148.0.7778.96 Mobile Safari/537.36 (compatible; GoogleOther)"
66.249.64.39 - - [12/Jun/2026:23:30:02 +0500] "GET /items/B307826370 HTTP/1.1" 404 796 "-" "Mozilla/5.0 (Linux; Android 6.0.1; Nexus 5X Build/MMB29P) AppleWebKit/537.36 (KHTML, like Gecko) Chrome/148.0.7778.96 Mobile Safari/537.36 (compatible; GoogleOther)"
66.249.64.37 - - [12/Jun/2026:23:30:28 +0500] "GET /items/S45954960 HTTP/1.1" 404 796 "-" "Mozilla/5.0 (Linux; Android 6.0.1; Nexus 5X Build/MMB29P) AppleWebKit/537.36 (KHTML, like Gecko) Chrome/148.0.7778.96 Mobile Safari/537.36 (compatible; GoogleOther)"
198.244.168.40 - - [12/Jun/2026:23:30:47 +0500] "GET /items/R2283382 HTTP/2" 404 796 "-" "Mozilla/5.0 (compatible; AhrefsBot/7.0; +http://ahrefs.com/robot/)"
74.7.227.163 - - [12/Jun/2026:23:32:05 +0500] "GET / HTTP/2" 200 20 "-" "Mozilla/5.0 AppleWebKit/537.36 (KHTML, like Gecko; compatible; GPTBot/1.4; +https://openai.com/gptbot)"
198.244.226.232 - - [12/Jun/2026:23:34:53 +0500] "GET /items/B3676033 HTTP/2" 404 796 "-" "Mozilla/5.0 (compatible; AhrefsBot/7.0; +http://ahrefs.com/robot/)"
198.244.168.95 - - [12/Jun/2026:23:35:31 +0500] "GET /items/F70147090 HTTP/2" 404 796 "-" "Mozilla/5.0 (compatible; AhrefsBot/7.0; +http://ahrefs.com/robot/)"
66.249.64.39 - - [12/Jun/2026:23:36:52 +0500] "GET /items/D314842470 HTTP/1.1" 404 796 "-" "Mozilla/5.0 (Linux; Android 6.0.1; Nexus 5X Build/MMB29P) AppleWebKit/537.36 (KHTML, like Gecko) Chrome/148.0.7778.96 Mobile Safari/537.36 (compatible; GoogleOther)"
57.141.20.64 - - [12/Jun/2026:23:41:37 +0500] "GET /wp-sitemap-posts-post-1.xml HTTP/2" 404 796 "-" "meta-externalagent/1.1 (+https://developers.facebook.com/docs/sharing/webmasters/crawler)"
66.249.64.39 - - [12/Jun/2026:23:43:27 +0500] "GET /items/J3176810 HTTP/1.1" 404 796 "-" "Mozilla/5.0 (Linux; Android 6.0.1; Nexus 5X Build/MMB29P) AppleWebKit/537.36 (KHTML, like Gecko) Chrome/148.0.7778.96 Mobile Safari/537.36 (compatible; GoogleOther)"
57.141.20.32 - - [12/Jun/2026:23:48:39 +0500] "GET /wp-sitemap-taxonomies-pbmit-portfolio-category-1.xml HTTP/2" 404 796 "-" "meta-externalagent/1.1 (+https://developers.facebook.com/docs/sharing/webmasters/crawler)"
17.241.219.71 - - [12/Jun/2026:23:49:58 +0500] "GET /wat-vinden-spelers-van-de-klantenservice-van-kokobet-casino-echt-waar/ HTTP/2" 404 796 "-" "Mozilla/5.0 (Macintosh; Intel Mac OS X 10_15_7) AppleWebKit/605.1.15 (KHTML, like Gecko) Version/17.4 Safari/605.1.15 (Applebot/0.1; +http://www.apple.com/go/applebot)"
51.195.215.19 - - [12/Jun/2026:23:51:56 +0500] "GET /items/O2532371 HTTP/2" 404 796 "-" "Mozilla/5.0 (compatible; AhrefsBot/7.0; +http://ahrefs.com/robot/)"
95.85.238.209 - - [12/Jun/2026:23:52:09 +0500] "GET /wp-login.php HTTP/1.1" 200 4945 "-" "Mozilla/5.0 (Linux; Android 16; SM-A346E) AppleWebKit/537.36 (KHTML, like Gecko) Chrome/130.0.0.0 Mobile Safari/537.36"
95.85.238.209 - - [12/Jun/2026:23:52:10 +0500] "POST /wp-login.php HTTP/1.1" 200 5332 "-" "Mozilla/5.0 (Linux; Android 16; SM-A346E) AppleWebKit/537.36 (KHTML, like Gecko) Chrome/130.0.0.0 Mobile Safari/537.36"
198.244.168.252 - - [12/Jun/2026:23:52:41 +0500] "GET /items/I2213313 HTTP/2" 404 796 "-" "Mozilla/5.0 (compatible; AhrefsBot/7.0; +http://ahrefs.com/robot/)"
198.244.183.30 - - [12/Jun/2026:23:53:45 +0500] "GET /items/R1404369 HTTP/2" 404 796 "-" "Mozilla/5.0 (compatible; AhrefsBot/7.0; +http://ahrefs.com/robot/)"
205.185.123.198 - - [12/Jun/2026:23:54:11 +0500] "GET /wp-login.php HTTP/1.1" 200 4945 "-" "Mozilla/5.0 (iPhone; CPU iPhone OS 18_7 like Mac OS X) AppleWebKit/605.1.15 (KHTML, like Gecko) Version/18.0 Mobile/15E148 Safari/604.1"
66.249.64.37 - - [12/Jun/2026:23:54:17 +0500] "GET /items/J84285745 HTTP/1.1" 404 796 "-" "Mozilla/5.0 (Linux; Android 6.0.1; Nexus 5X Build/MMB29P) AppleWebKit/537.36 (KHTML, like Gecko) Chrome/148.0.7778.96 Mobile Safari/537.36 (compatible; GoogleOther)"
198.244.242.197 - - [12/Jun/2026:23:54:54 +0500] "GET /items/X418391834 HTTP/2" 404 796 "-" "Mozilla/5.0 (compatible; AhrefsBot/7.0; +http://ahrefs.com/robot/)"
182.191.130.159 - - [12/Jun/2026:23:56:08 +0500] "GET /ceo-message/ HTTP/2" 404 796 "https://www.google.com/" "Mozilla/5.0 (Linux; Android 10; K) AppleWebKit/537.36 (KHTML, like Gecko) Chrome/149.0.0.0 Mobile Safari/537.36"
157.119.178.130 - - [12/Jun/2026:23:57:15 +0500] "POST /xmlrpc.php HTTP/1.1" 403 787 "-" "Jetpack/12.1; WordPress/6.4; http://site28311972.com"
51.195.244.121 - - [12/Jun/2026:23:57:16 +0500] "GET /items/Q9437193 HTTP/2" 404 796 "-" "Mozilla/5.0 (compatible; AhrefsBot/7.0; +http://ahrefs.com/robot/)"
157.119.178.130 - - [12/Jun/2026:23:57:26 +0500] "POST /xmlrpc.php HTTP/1.1" 403 787 "-" "Jetpack/12.1; WordPress/6.1; http://site10928500.com"
157.119.178.130 - - [12/Jun/2026:23:57:36 +0500] "POST /xmlrpc.php HTTP/1.1" 403 787 "-" "Jetpack by WordPress.com (Jetpack 12.5; WordPress 6.4)"
157.119.178.130 - - [12/Jun/2026:23:57:58 +0500] "POST /xmlrpc.php HTTP/1.1" 403 787 "-" "Jetpack by WordPress.com"
198.244.168.159 - - [12/Jun/2026:23:58:04 +0500] "GET /items/Q29146267 HTTP/2" 404 796 "-" "Mozilla/5.0 (compatible; AhrefsBot/7.0; +http://ahrefs.com/robot/)"
157.119.178.130 - - [12/Jun/2026:23:58:09 +0500] "POST /xmlrpc.php HTTP/1.1" 403 787 "-" "Jetpack by WordPress.com (Jetpack 12.1; WordPress 6.1)"
157.119.178.130 - - [12/Jun/2026:23:58:19 +0500] "POST /xmlrpc.php HTTP/1.1" 403 787 "-" "Jetpack/12.0; WordPress/6.4; http://site83605916.com"
157.119.178.130 - - [12/Jun/2026:23:58:41 +0500] "POST /xmlrpc.php HTTP/1.1" 403 787 "-" "Jetpack by WordPress.com (Jetpack 12.0; WordPress 6.3)"
157.119.178.130 - - [12/Jun/2026:23:58:52 +0500] "POST /xmlrpc.php HTTP/1.1" 403 787 "-" "WordPress.com; https://wordpress.com"
157.119.178.130 - - [12/Jun/2026:23:59:03 +0500] "POST /xmlrpc.php HTTP/1.1" 403 787 "-" "Jetpack/12.5; WordPress/6.4; http://site74045640.com"
161.123.209.246 - - [12/Jun/2026:23:59:07 +0500] "GET /shop.php?2758-link210 HTTP/1.1" 200 0 "https://turkishinternationalschools.com/wp-login.php" "Mozilla/5.0+(compatible;+Googlebot/2.1;++http://www.google.com/bot.html)"
54.38.147.142 - - [12/Jun/2026:23:59:08 +0500] "GET /items/E863422908 HTTP/2" 404 796 "-" "Mozilla/5.0 (compatible; AhrefsBot/7.0; +http://ahrefs.com/robot/)"
182.191.130.159 - - [12/Jun/2026:23:54:15 +0500] "GET /ceo-message/ HTTP/2" 404 796 "https://www.google.com/" "Mozilla/5.0 (Linux; Android 10; K) AppleWebKit/537.36 (KHTML, like Gecko) Chrome/149.0.0.0 Mobile Safari/537.36"
182.191.130.159 - - [12/Jun/2026:23:54:16 +0500] "GET /favicon.ico HTTP/2" 404 796 "https://turkishinternationalschools.com/ceo-message/" "Mozilla/5.0 (Linux; Android 10; K) AppleWebKit/537.36 (KHTML, like Gecko) Chrome/149.0.0.0 Mobile Safari/537.36"
182.191.130.159 - - [12/Jun/2026:23:54:19 +0500] "GET /ceo-message/ HTTP/2" 404 796 "https://www.google.com/" "Mozilla/5.0 (Linux; Android 10; K) AppleWebKit/537.36 (KHTML, like Gecko) Chrome/149.0.0.0 Mobile Safari/537.36"
182.191.130.159 - - [12/Jun/2026:23:54:23 +0500] "GET /ceo-message/ HTTP/2" 404 796 "https://www.google.com/" "Mozilla/5.0 (Linux; Android 10; K) AppleWebKit/537.36 (KHTML, like Gecko) Chrome/149.0.0.0 Mobile Safari/537.36"
66.249.64.37 - - [12/Jun/2026:23:54:32 +0500] "GET /items/E4697589 HTTP/1.1" 404 796 "-" "Mozilla/5.0 (Linux; Android 6.0.1; Nexus 5X Build/MMB29P) AppleWebKit/537.36 (KHTML, like Gecko) Chrome/148.0.7778.96 Mobile Safari/537.36 (compatible; GoogleOther)"
182.191.130.159 - - [12/Jun/2026:23:54:40 +0500] "GET /wp-content/uploads/2025/08/ceo-1.jpg HTTP/2" 404 796 "https://www.google.com/" "Mozilla/5.0 (Linux; Android 13; TECNO CH6i Build/TP1A.220624.014; wv) AppleWebKit/537.36 (KHTML, like Gecko) Version/4.0 Chrome/148.0.7778.215 Mobile Safari/537.36 GoogleApp/17.28.32.ve.arm64"
182.191.130.159 - - [12/Jun/2026:23:54:48 +0500] "GET /wp-content/uploads/2025/08/17.jpg HTTP/2" 404 796 "https://www.google.com/" "Mozilla/5.0 (Linux; Android 13; TECNO CH6i Build/TP1A.220624.014; wv) AppleWebKit/537.36 (KHTML, like Gecko) Version/4.0 Chrome/148.0.7778.215 Mobile Safari/537.36 GoogleApp/17.28.32.ve.arm64"
182.191.130.159 - - [12/Jun/2026:23:55:05 +0500] "GET /wp-content/uploads/2025/12/WhatsApp-Image-2025-12-08-at-8.41.44-PM.webp HTTP/2" 404 796 "https://www.google.com/" "Mozilla/5.0 (Linux; Android 13; TECNO CH6i Build/TP1A.220624.014; wv) AppleWebKit/537.36 (KHTML, like Gecko) Version/4.0 Chrome/148.0.7778.215 Mobile Safari/537.36 GoogleApp/17.28.32.ve.arm64"
182.191.130.159 - - [12/Jun/2026:23:55:26 +0500] "GET /wp-content/uploads/2025/08/17.jpg HTTP/2" 404 796 "https://www.google.com/" "Mozilla/5.0 (Linux; Android 13; TECNO CH6i Build/TP1A.220624.014; wv) AppleWebKit/537.36 (KHTML, like Gecko) Version/4.0 Chrome/148.0.7778.215 Mobile Safari/537.36 GoogleApp/17.28.32.ve.arm64"
182.191.130.159 - - [12/Jun/2026:23:55:33 +0500] "GET /wp-content/uploads/2025/08/ceo-1.jpg HTTP/2" 404 796 "https://www.google.com/" "Mozilla/5.0 (Linux; Android 13; TECNO CH6i Build/TP1A.220624.014; wv) AppleWebKit/537.36 (KHTML, like Gecko) Version/4.0 Chrome/148.0.7778.215 Mobile Safari/537.36 GoogleApp/17.28.32.ve.arm64"
198.244.242.39 - - [12/Jun/2026:23:55:42 +0500] "GET /items/H147911061 HTTP/2" 404 796 "-" "Mozilla/5.0 (compatible; AhrefsBot/7.0; +http://ahrefs.com/robot/)"
54.38.147.66 - - [12/Jun/2026:23:56:31 +0500] "GET /items/Y450867050 HTTP/2" 404 796 "-" "Mozilla/5.0 (compatible; AhrefsBot/7.0; +http://ahrefs.com/robot/)"
157.119.178.130 - - [12/Jun/2026:23:56:44 +0500] "POST /xmlrpc.php HTTP/1.1" 403 787 "-" "WordPress.com; https://wordpress.com"
157.119.178.130 - - [12/Jun/2026:23:56:54 +0500] "POST /xmlrpc.php HTTP/1.1" 403 787 "-" "Jetpack/12.5; WordPress/6.1; http://site51340982.com"
157.119.178.130 - - [12/Jun/2026:23:57:04 +0500] "POST /xmlrpc.php HTTP/1.1" 403 787 "-" "WordPress.com; https://wordpress.com"
108.165.181.88 - - [12/Jun/2026:23:59:10 +0500] "GET /goods.php?2733-bright018 HTTP/1.1" 200 0 "https://turkishinternationalschools.com/wp-login.php" "Mozilla/5.0+(compatible;+Googlebot/2.1;++http://www.google.com/bot.html)"
167.100.105.196 - - [12/Jun/2026:23:59:19 +0500] "POST /wp-login.php HTTP/1.1" 200 5318 "https://turkishinternationalschools.com/wp-login.php" "Yjmy@2025"
108.165.181.206 - - [12/Jun/2026:23:59:13 +0500] "POST /wp-login.php HTTP/1.1" 200 5319 "https://turkishinternationalschools.com/wp-login.php" "Yjmy@2025"
157.119.178.130 - - [12/Jun/2026:23:59:14 +0500] "POST /xmlrpc.php HTTP/1.1" 403 787 "-" "Jetpack/12.1; WordPress/6.3; http://site60391013.com"
168.199.145.157 - - [12/Jun/2026:23:59:16 +0500] "POST /wp-login.php HTTP/1.1" 200 5319 "https://turkishinternationalschools.com/wp-login.php" "Yjmy@2025"
157.119.178.130 - - [12/Jun/2026:23:59:24 +0500] "POST /xmlrpc.php HTTP/1.1" 403 787 "-" "Jetpack/12.5; WordPress/6.4; http://site33252175.com"
157.119.178.130 - - [12/Jun/2026:23:59:35 +0500] "POST /xmlrpc.php HTTP/1.1" 403 787 "-" "Jetpack by WordPress.com"
157.119.178.130 - - [12/Jun/2026:23:59:45 +0500] "POST /xmlrpc.php HTTP/1.1" 403 787 "-" "Jetpack by WordPress.com"
157.119.178.130 - - [12/Jun/2026:23:59:56 +0500] "POST /xmlrpc.php HTTP/1.1" 403 787 "-" "Jetpack by WordPress.com"
157.119.178.130 - - [13/Jun/2026:00:00:07 +0500] "POST /xmlrpc.php HTTP/1.1" 403 787 "-" "Jetpack by WordPress.com"
66.249.64.38 - - [13/Jun/2026:00:00:07 +0500] "GET /items/P30224498 HTTP/1.1" 404 796 "-" "Mozilla/5.0 (Linux; Android 6.0.1; Nexus 5X Build/MMB29P) AppleWebKit/537.36 (KHTML, like Gecko) Chrome/148.0.7778.96 Mobile Safari/537.36 (compatible; GoogleOther)"
157.119.178.130 - - [13/Jun/2026:00:00:18 +0500] "POST /xmlrpc.php HTTP/1.1" 403 787 "-" "Jetpack by WordPress.com (Jetpack 12.0; WordPress 6.2)"
157.119.178.130 - - [13/Jun/2026:00:00:28 +0500] "POST /xmlrpc.php HTTP/1.1" 403 787 "-" "Jetpack/13.0; WordPress/6.2; http://site27132560.com"
51.195.183.122 - - [12/Jun/2026:23:59:37 +0500] "GET /items/D31461135 HTTP/2" 404 796 "-" "Mozilla/5.0 (compatible; AhrefsBot/7.0; +http://ahrefs.com/robot/)"
51.195.215.93 - - [13/Jun/2026:00:00:23 +0500] "GET /items/R52996561 HTTP/2" 404 796 "-" "Mozilla/5.0 (compatible; AhrefsBot/7.0; +http://ahrefs.com/robot/)"
198.244.168.81 - - [13/Jun/2026:00:00:50 +0500] "GET /items/A38311769 HTTP/2" 404 796 "-" "Mozilla/5.0 (compatible; AhrefsBot/7.0; +http://ahrefs.com/robot/)"
157.119.178.130 - - [13/Jun/2026:00:01:23 +0500] "POST /xmlrpc.php HTTP/1.1" 403 787 "-" "WordPress.com; https://wordpress.com"
157.119.178.130 - - [13/Jun/2026:00:01:33 +0500] "POST /xmlrpc.php HTTP/1.1" 403 787 "-" "Jetpack/13.0; WordPress/6.4; http://site91124746.com"
51.195.183.164 - - [13/Jun/2026:00:01:34 +0500] "GET /items/N20004609 HTTP/2" 404 796 "-" "Mozilla/5.0 (compatible; AhrefsBot/7.0; +http://ahrefs.com/robot/)"
157.119.178.130 - - [13/Jun/2026:00:01:43 +0500] "POST /xmlrpc.php HTTP/1.1" 403 787 "-" "Jetpack/12.5; WordPress/6.1; http://site26127812.com"
157.119.178.130 - - [13/Jun/2026:00:01:54 +0500] "POST /xmlrpc.php HTTP/1.1" 403 787 "-" "Jetpack by WordPress.com"
157.119.178.130 - - [13/Jun/2026:00:02:06 +0500] "POST /xmlrpc.php HTTP/1.1" 403 787 "-" "Jetpack by WordPress.com"
51.195.215.169 - - [13/Jun/2026:00:02:22 +0500] "GET /items/F2481406 HTTP/2" 404 796 "-" "Mozilla/5.0 (compatible; AhrefsBot/7.0; +http://ahrefs.com/robot/)"
157.119.178.130 - - [13/Jun/2026:00:00:52 +0500] "POST /xmlrpc.php HTTP/1.1" 403 787 "-" "Jetpack by WordPress.com"
157.119.178.130 - - [13/Jun/2026:00:01:00 +0500] "POST /xmlrpc.php HTTP/1.1" 403 787 "-" "WordPress.com; https://wordpress.com"
157.119.178.130 - - [13/Jun/2026:00:01:11 +0500] "POST /xmlrpc.php HTTP/1.1" 403 787 "-" "Jetpack by WordPress.com"
157.119.178.130 - - [13/Jun/2026:00:02:18 +0500] "POST /xmlrpc.php HTTP/1.1" 403 787 "-" "Jetpack by WordPress.com"
157.119.178.130 - - [13/Jun/2026:00:02:31 +0500] "POST /xmlrpc.php HTTP/1.1" 403 787 "-" "Jetpack/12.1; WordPress/6.3; http://site97242944.com"
157.119.178.130 - - [13/Jun/2026:00:02:41 +0500] "POST /xmlrpc.php HTTP/1.1" 403 787 "-" "Jetpack/12.5; WordPress/6.2; http://site57254902.com"
17.22.237.191 - - [13/Jun/2026:00:02:44 +0500] "GET /waarom-spelers-terugkeren-naar-bof-casino-ondanks-concurrentie/ HTTP/2" 404 796 "-" "Mozilla/5.0 (Macintosh; Intel Mac OS X 10_15_7) AppleWebKit/605.1.15 (KHTML, like Gecko) Version/17.4 Safari/605.1.15 (Applebot/0.1; +http://www.apple.com/go/applebot)"
51.89.129.166 - - [13/Jun/2026:00:02:50 +0500] "GET /items/I5948695 HTTP/2" 404 796 "-" "Mozilla/5.0 (compatible; AhrefsBot/7.0; +http://ahrefs.com/robot/)"
157.119.178.130 - - [13/Jun/2026:00:03:35 +0500] "POST /xmlrpc.php HTTP/1.1" 403 787 "-" "WordPress.com; https://wordpress.com"
157.119.178.130 - - [13/Jun/2026:00:03:45 +0500] "POST /xmlrpc.php HTTP/1.1" 403 787 "-" "WordPress.com; https://wordpress.com"
157.119.178.130 - - [13/Jun/2026:00:03:57 +0500] "POST /xmlrpc.php HTTP/1.1" 403 787 "-" "Jetpack by WordPress.com (Jetpack 12.0; WordPress 6.3)"
157.119.178.130 - - [13/Jun/2026:00:04:08 +0500] "POST /xmlrpc.php HTTP/1.1" 403 787 "-" "Jetpack/12.0; WordPress/6.1; http://site56602538.com"
157.119.178.130 - - [13/Jun/2026:00:04:19 +0500] "POST /xmlrpc.php HTTP/1.1" 403 787 "-" "Jetpack by WordPress.com (Jetpack 12.1; WordPress 6.1)"
157.119.178.130 - - [13/Jun/2026:00:04:29 +0500] "POST /xmlrpc.php HTTP/1.1" 403 787 "-" "Jetpack/12.0; WordPress/6.3; http://site49148836.com"
198.244.226.89 - - [13/Jun/2026:00:04:31 +0500] "GET /items/B14030457 HTTP/2" 404 796 "-" "Mozilla/5.0 (compatible; AhrefsBot/7.0; +http://ahrefs.com/robot/)"
157.119.178.130 - - [13/Jun/2026:00:04:40 +0500] "POST /xmlrpc.php HTTP/1.1" 403 787 "-" "WordPress.com; https://wordpress.com"
157.119.178.130 - - [13/Jun/2026:00:04:51 +0500] "POST /xmlrpc.php HTTP/1.1" 403 787 "-" "Jetpack by WordPress.com (Jetpack 12.1; WordPress 6.4)"
157.119.178.130 - - [13/Jun/2026:00:05:01 +0500] "POST /xmlrpc.php HTTP/1.1" 403 787 "-" "WordPress.com; https://wordpress.com"
157.119.178.130 - - [13/Jun/2026:00:05:23 +0500] "POST /xmlrpc.php HTTP/1.1" 403 787 "-" "Jetpack/12.1; WordPress/6.4; http://site48367423.com"
157.119.178.130 - - [13/Jun/2026:00:05:33 +0500] "POST /xmlrpc.php HTTP/1.1" 403 787 "-" "Jetpack by WordPress.com"
54.38.147.78 - - [13/Jun/2026:00:05:45 +0500] "GET /items/G8126162 HTTP/2" 404 796 "-" "Mozilla/5.0 (compatible; AhrefsBot/7.0; +http://ahrefs.com/robot/)"
157.119.178.130 - - [13/Jun/2026:00:06:17 +0500] "POST /xmlrpc.php HTTP/1.1" 403 787 "-" "Jetpack by WordPress.com"
157.119.178.130 - - [13/Jun/2026:00:06:27 +0500] "POST /xmlrpc.php HTTP/1.1" 403 787 "-" "Jetpack/12.0; WordPress/6.2; http://site46063617.com"
157.119.178.130 - - [13/Jun/2026:00:06:38 +0500] "POST /xmlrpc.php HTTP/1.1" 403 787 "-" "Jetpack/13.0; WordPress/6.2; http://site64292469.com"
157.119.178.130 - - [13/Jun/2026:00:06:48 +0500] "POST /xmlrpc.php HTTP/1.1" 403 787 "-" "WordPress.com; https://wordpress.com"
157.119.178.130 - - [13/Jun/2026:00:06:59 +0500] "POST /xmlrpc.php HTTP/1.1" 403 787 "-" "Jetpack by WordPress.com"
157.119.178.130 - - [13/Jun/2026:00:07:10 +0500] "POST /xmlrpc.php HTTP/1.1" 403 787 "-" "Jetpack/12.5; WordPress/6.4; http://site68208658.com"
157.119.178.130 - - [13/Jun/2026:00:07:20 +0500] "POST /xmlrpc.php HTTP/1.1" 403 787 "-" "WordPress.com; https://wordpress.com"
157.119.178.130 - - [13/Jun/2026:00:07:31 +0500] "POST /xmlrpc.php HTTP/1.1" 403 787 "-" "WordPress.com; https://wordpress.com"
157.119.178.130 - - [13/Jun/2026:00:07:43 +0500] "POST /xmlrpc.php HTTP/1.1" 403 787 "-" "Jetpack by WordPress.com"
157.119.178.130 - - [13/Jun/2026:00:07:55 +0500] "POST /xmlrpc.php HTTP/1.1" 403 787 "-" "Jetpack by WordPress.com"
157.119.178.130 - - [13/Jun/2026:00:08:05 +0500] "POST /xmlrpc.php HTTP/1.1" 403 787 "-" "Jetpack by WordPress.com (Jetpack 13.0; WordPress 6.2)"
157.119.178.130 - - [13/Jun/2026:00:08:16 +0500] "POST /xmlrpc.php HTTP/1.1" 403 787 "-" "Jetpack by WordPress.com (Jetpack 13.0; WordPress 6.1)"
157.119.178.130 - - [13/Jun/2026:00:08:26 +0500] "POST /xmlrpc.php HTTP/1.1" 403 787 "-" "WordPress.com; https://wordpress.com"
157.119.178.130 - - [13/Jun/2026:00:08:37 +0500] "POST /xmlrpc.php HTTP/1.1" 403 787 "-" "WordPress.com; https://wordpress.com"
157.119.178.130 - - [13/Jun/2026:00:08:48 +0500] "POST /xmlrpc.php HTTP/1.1" 403 787 "-" "Jetpack by WordPress.com"
157.119.178.130 - - [13/Jun/2026:00:08:58 +0500] "POST /xmlrpc.php HTTP/1.1" 403 787 "-" "Jetpack by WordPress.com"
157.119.178.130 - - [13/Jun/2026:00:02:52 +0500] "POST /xmlrpc.php HTTP/1.1" 403 787 "-" "WordPress.com; https://wordpress.com"
157.119.178.130 - - [13/Jun/2026:00:03:02 +0500] "POST /xmlrpc.php HTTP/1.1" 403 787 "-" "Jetpack by WordPress.com"
157.119.178.130 - - [13/Jun/2026:00:03:13 +0500] "POST /xmlrpc.php HTTP/1.1" 403 787 "-" "WordPress.com; https://wordpress.com"
216.73.216.47 - - [13/Jun/2026:00:03:26 +0500] "GET /robots.txt HTTP/2" 200 111 "-" "Mozilla/5.0 AppleWebKit/537.36 (KHTML, like Gecko; compatible; ClaudeBot/1.0; +claudebot@anthropic.com)"
216.73.216.47 - - [13/Jun/2026:00:03:27 +0500] "GET /sitemap.xml HTTP/2" 404 796 "-" "Mozilla/5.0 AppleWebKit/537.36 (KHTML, like Gecko; compatible; ClaudeBot/1.0; +claudebot@anthropic.com)"
198.244.183.76 - - [13/Jun/2026:00:03:46 +0500] "GET /items/T5549526 HTTP/2" 404 796 "-" "Mozilla/5.0 (compatible; AhrefsBot/7.0; +http://ahrefs.com/robot/)"
51.195.244.225 - - [13/Jun/2026:00:05:08 +0500] "GET /items/L5699950 HTTP/2" 404 796 "-" "Mozilla/5.0 (compatible; AhrefsBot/7.0; +http://ahrefs.com/robot/)"
157.119.178.130 - - [13/Jun/2026:00:05:55 +0500] "POST /xmlrpc.php HTTP/1.1" 403 787 "-" "Jetpack by WordPress.com (Jetpack 13.0; WordPress 6.4)"
157.119.178.130 - - [13/Jun/2026:00:06:05 +0500] "POST /xmlrpc.php HTTP/1.1" 403 787 "-" "Jetpack/13.0; WordPress/6.4; http://site36833519.com"
66.249.64.39 - - [13/Jun/2026:00:06:22 +0500] "GET /items/Q306958682 HTTP/1.1" 404 796 "-" "Mozilla/5.0 (Linux; Android 6.0.1; Nexus 5X Build/MMB29P) AppleWebKit/537.36 (KHTML, like Gecko) Chrome/148.0.7778.96 Mobile Safari/537.36 (compatible; GoogleOther)"
198.244.240.125 - - [13/Jun/2026:00:06:24 +0500] "GET /kan-goldwin-casino-jouw-beste-gokbestemming-worden-in-2026/feed/ HTTP/2" 404 796 "-" "Mozilla/5.0 (compatible; AhrefsBot/7.0; +http://ahrefs.com/robot/)"
198.244.240.65 - - [13/Jun/2026:00:07:12 +0500] "GET /items/M10202429 HTTP/2" 404 796 "-" "Mozilla/5.0 (compatible; AhrefsBot/7.0; +http://ahrefs.com/robot/)"
51.195.183.108 - - [13/Jun/2026:00:07:40 +0500] "GET /items/Y207873138 HTTP/2" 404 796 "-" "Mozilla/5.0 (compatible; AhrefsBot/7.0; +http://ahrefs.com/robot/)"
157.119.178.130 - - [13/Jun/2026:00:09:09 +0500] "POST /xmlrpc.php HTTP/1.1" 403 787 "-" "Jetpack by WordPress.com"
157.119.178.130 - - [13/Jun/2026:00:09:20 +0500] "POST /xmlrpc.php HTTP/1.1" 403 787 "-" "WordPress.com; https://wordpress.com"
157.119.178.130 - - [13/Jun/2026:00:09:31 +0500] "POST /xmlrpc.php HTTP/1.1" 403 787 "-" "Jetpack/12.0; WordPress/6.4; http://site52179845.com"
157.119.178.130 - - [13/Jun/2026:00:09:41 +0500] "POST /xmlrpc.php HTTP/1.1" 403 787 "-" "Jetpack by WordPress.com"
157.119.178.130 - - [13/Jun/2026:00:09:52 +0500] "POST /xmlrpc.php HTTP/1.1" 403 787 "-" "Jetpack by WordPress.com"
157.119.178.130 - - [13/Jun/2026:00:10:03 +0500] "POST /xmlrpc.php HTTP/1.1" 403 787 "-" "Jetpack by WordPress.com (Jetpack 12.1; WordPress 6.3)"
157.119.178.130 - - [13/Jun/2026:00:10:14 +0500] "POST /xmlrpc.php HTTP/1.1" 403 787 "-" "WordPress.com; https://wordpress.com"
157.119.178.130 - - [13/Jun/2026:00:10:24 +0500] "POST /xmlrpc.php HTTP/1.1" 403 787 "-" "WordPress.com; https://wordpress.com"
157.119.178.130 - - [13/Jun/2026:00:10:35 +0500] "POST /xmlrpc.php HTTP/1.1" 403 787 "-" "Jetpack/13.0; WordPress/6.3; http://site71992885.com"
157.119.178.130 - - [13/Jun/2026:00:10:46 +0500] "POST /xmlrpc.php HTTP/1.1" 403 787 "-" "WordPress.com; https://wordpress.com"
157.119.178.130 - - [13/Jun/2026:00:10:56 +0500] "POST /xmlrpc.php HTTP/1.1" 403 787 "-" "Jetpack/12.1; WordPress/6.4; http://site25420884.com"
157.119.178.130 - - [13/Jun/2026:00:11:07 +0500] "POST /xmlrpc.php HTTP/1.1" 403 787 "-" "Jetpack by WordPress.com (Jetpack 12.5; WordPress 6.3)"
157.119.178.130 - - [13/Jun/2026:00:11:18 +0500] "POST /xmlrpc.php HTTP/1.1" 403 787 "-" "WordPress.com; https://wordpress.com"
157.119.178.130 - - [13/Jun/2026:00:11:28 +0500] "POST /xmlrpc.php HTTP/1.1" 403 787 "-" "Jetpack/12.1; WordPress/6.2; http://site18262648.com"
157.119.178.130 - - [13/Jun/2026:00:11:39 +0500] "POST /xmlrpc.php HTTP/1.1" 403 787 "-" "Jetpack/13.0; WordPress/6.3; http://site21224729.com"
157.119.178.130 - - [13/Jun/2026:00:11:50 +0500] "POST /xmlrpc.php HTTP/1.1" 403 787 "-" "Jetpack by WordPress.com"
157.119.178.130 - - [13/Jun/2026:00:12:01 +0500] "POST /xmlrpc.php HTTP/1.1" 403 787 "-" "Jetpack/12.0; WordPress/6.3; http://site79646326.com"
157.119.178.130 - - [13/Jun/2026:00:12:11 +0500] "POST /xmlrpc.php HTTP/1.1" 403 787 "-" "Jetpack by WordPress.com"
157.119.178.130 - - [13/Jun/2026:00:12:22 +0500] "POST /xmlrpc.php HTTP/1.1" 403 787 "-" "Jetpack by WordPress.com"
157.119.178.130 - - [13/Jun/2026:00:12:33 +0500] "POST /xmlrpc.php HTTP/1.1" 403 787 "-" "Jetpack/12.0; WordPress/6.3; http://site12246599.com"
157.119.178.130 - - [13/Jun/2026:00:12:43 +0500] "POST /xmlrpc.php HTTP/1.1" 403 787 "-" "Jetpack by WordPress.com"
157.119.178.130 - - [13/Jun/2026:00:12:54 +0500] "POST /xmlrpc.php HTTP/1.1" 403 787 "-" "Jetpack/13.0; WordPress/6.1; http://site93653526.com"
157.119.178.130 - - [13/Jun/2026:00:13:05 +0500] "POST /xmlrpc.php HTTP/1.1" 403 787 "-" "Jetpack/12.5; WordPress/6.2; http://site90819477.com"
157.119.178.130 - - [13/Jun/2026:00:13:16 +0500] "POST /xmlrpc.php HTTP/1.1" 403 787 "-" "Jetpack/12.1; WordPress/6.1; http://site23734873.com"
157.119.178.130 - - [13/Jun/2026:00:13:26 +0500] "POST /xmlrpc.php HTTP/1.1" 403 787 "-" "Jetpack by WordPress.com"
157.119.178.130 - - [13/Jun/2026:00:13:37 +0500] "POST /xmlrpc.php HTTP/1.1" 403 787 "-" "WordPress.com; https://wordpress.com"
157.119.178.130 - - [13/Jun/2026:00:13:48 +0500] "POST /xmlrpc.php HTTP/1.1" 403 787 "-" "Jetpack/12.1; WordPress/6.4; http://site10143102.com"
157.119.178.130 - - [13/Jun/2026:00:13:58 +0500] "POST /xmlrpc.php HTTP/1.1" 403 787 "-" "Jetpack/12.1; WordPress/6.4; http://site87080301.com"
157.119.178.130 - - [13/Jun/2026:00:14:09 +0500] "POST /xmlrpc.php HTTP/1.1" 403 787 "-" "Jetpack/12.1; WordPress/6.2; http://site47909252.com"
157.119.178.130 - - [13/Jun/2026:00:14:20 +0500] "POST /xmlrpc.php HTTP/1.1" 403 787 "-" "Jetpack/13.0; WordPress/6.3; http://site97175151.com"
157.119.178.130 - - [13/Jun/2026:00:14:30 +0500] "POST /xmlrpc.php HTTP/1.1" 403 787 "-" "Jetpack/12.1; WordPress/6.2; http://site34352544.com"
182.191.130.159 - - [13/Jun/2026:00:14:36 +0500] "GET /ceo-message/ HTTP/2" 404 796 "https://www.google.com/" "Mozilla/5.0 (Linux; Android 10; K) AppleWebKit/537.36 (KHTML, like Gecko) Chrome/149.0.0.0 Mobile Safari/537.36"
157.119.178.130 - - [13/Jun/2026:00:14:41 +0500] "POST /xmlrpc.php HTTP/1.1" 403 787 "-" "Jetpack by WordPress.com (Jetpack 13.0; WordPress 6.2)"
182.191.130.159 - - [13/Jun/2026:00:14:47 +0500] "GET /wp-content/uploads/2025/08/ceo-1.jpg HTTP/2" 404 796 "https://www.google.com/" "Mozilla/5.0 (Linux; Android 13; TECNO CH6i Build/TP1A.220624.014; wv) AppleWebKit/537.36 (KHTML, like Gecko) Version/4.0 Chrome/148.0.7778.215 Mobile Safari/537.36 GoogleApp/17.28.32.ve.arm64"
157.119.178.130 - - [13/Jun/2026:00:14:52 +0500] "POST /xmlrpc.php HTTP/1.1" 403 787 "-" "Jetpack by WordPress.com"
182.191.130.159 - - [13/Jun/2026:00:15:02 +0500] "GET /wp-content/uploads/2025/08/20.jpg HTTP/2" 404 796 "https://www.google.com/" "Mozilla/5.0 (Linux; Android 13; TECNO CH6i Build/TP1A.220624.014; wv) AppleWebKit/537.36 (KHTML, like Gecko) Version/4.0 Chrome/148.0.7778.215 Mobile Safari/537.36 GoogleApp/17.28.32.ve.arm64"
157.119.178.130 - - [13/Jun/2026:00:15:03 +0500] "POST /xmlrpc.php HTTP/1.1" 403 787 "-" "Jetpack by WordPress.com (Jetpack 12.5; WordPress 6.4)"
157.119.178.130 - - [13/Jun/2026:00:15:13 +0500] "POST /xmlrpc.php HTTP/1.1" 403 787 "-" "Jetpack by WordPress.com (Jetpack 12.0; WordPress 6.1)"
157.119.178.130 - - [13/Jun/2026:00:15:24 +0500] "POST /xmlrpc.php HTTP/1.1" 403 787 "-" "Jetpack/12.1; WordPress/6.4; http://site30176900.com"
157.119.178.130 - - [13/Jun/2026:00:15:35 +0500] "POST /xmlrpc.php HTTP/1.1" 403 787 "-" "Jetpack by WordPress.com"
157.119.178.130 - - [13/Jun/2026:00:15:45 +0500] "POST /xmlrpc.php HTTP/1.1" 403 787 "-" "Jetpack by WordPress.com (Jetpack 12.1; WordPress 6.1)"
157.119.178.130 - - [13/Jun/2026:00:15:56 +0500] "POST /xmlrpc.php HTTP/1.1" 403 787 "-" "Jetpack by WordPress.com"
157.119.178.130 - - [13/Jun/2026:00:16:07 +0500] "POST /xmlrpc.php HTTP/1.1" 403 787 "-" "Jetpack by WordPress.com"
157.119.178.130 - - [13/Jun/2026:00:16:17 +0500] "POST /xmlrpc.php HTTP/1.1" 403 787 "-" "Jetpack/13.0; WordPress/6.2; http://site19636573.com"
157.119.178.130 - - [13/Jun/2026:00:16:28 +0500] "POST /xmlrpc.php HTTP/1.1" 403 787 "-" "WordPress.com; https://wordpress.com"
157.119.178.130 - - [13/Jun/2026:00:16:39 +0500] "POST /xmlrpc.php HTTP/1.1" 403 787 "-" "Jetpack/13.0; WordPress/6.2; http://site92277674.com"
157.119.178.130 - - [13/Jun/2026:00:16:49 +0500] "POST /xmlrpc.php HTTP/1.1" 403 787 "-" "Jetpack by WordPress.com (Jetpack 13.0; WordPress 6.2)"
157.119.178.130 - - [13/Jun/2026:00:17:00 +0500] "POST /xmlrpc.php HTTP/1.1" 403 787 "-" "Jetpack by WordPress.com"
157.119.178.130 - - [13/Jun/2026:00:17:11 +0500] "POST /xmlrpc.php HTTP/1.1" 403 787 "-" "WordPress.com; https://wordpress.com"
157.119.178.130 - - [13/Jun/2026:00:17:22 +0500] "POST /xmlrpc.php HTTP/1.1" 403 787 "-" "WordPress.com; https://wordpress.com"
193.148.56.134 - - [13/Jun/2026:00:17:26 +0500] "GET /wp-login.php HTTP/1.1" 200 4945 "-" "Mozilla/5.0 (Windows NT 6.1; rv:24.0) Gecko/20100101 Firefox/24.0"
157.119.178.130 - - [13/Jun/2026:00:17:32 +0500] "POST /xmlrpc.php HTTP/1.1" 403 787 "-" "Jetpack by WordPress.com"
157.119.178.130 - - [13/Jun/2026:00:17:43 +0500] "POST /xmlrpc.php HTTP/1.1" 403 787 "-" "Jetpack/12.5; WordPress/6.2; http://site85695702.com"
157.119.178.130 - - [13/Jun/2026:00:17:54 +0500] "POST /xmlrpc.php HTTP/1.1" 403 787 "-" "Jetpack by WordPress.com"
157.119.178.130 - - [13/Jun/2026:00:18:05 +0500] "POST /xmlrpc.php HTTP/1.1" 403 787 "-" "WordPress.com; https://wordpress.com"
157.119.178.130 - - [13/Jun/2026:00:18:15 +0500] "POST /xmlrpc.php HTTP/1.1" 403 787 "-" "WordPress.com; https://wordpress.com"
157.119.178.130 - - [13/Jun/2026:00:18:26 +0500] "POST /xmlrpc.php HTTP/1.1" 403 787 "-" "Jetpack by WordPress.com (Jetpack 12.1; WordPress 6.3)"
157.119.178.130 - - [13/Jun/2026:00:18:37 +0500] "POST /xmlrpc.php HTTP/1.1" 403 787 "-" "Jetpack by WordPress.com"
157.119.178.130 - - [13/Jun/2026:00:18:47 +0500] "POST /xmlrpc.php HTTP/1.1" 403 787 "-" "Jetpack/13.0; WordPress/6.4; http://site34987884.com"
157.119.178.130 - - [13/Jun/2026:00:18:58 +0500] "POST /xmlrpc.php HTTP/1.1" 403 787 "-" "Jetpack/12.0; WordPress/6.4; http://site13552967.com"
157.119.178.130 - - [13/Jun/2026:00:19:08 +0500] "POST /xmlrpc.php HTTP/1.1" 403 787 "-" "Jetpack by WordPress.com (Jetpack 12.5; WordPress 6.2)"
157.119.178.130 - - [13/Jun/2026:00:19:19 +0500] "POST /xmlrpc.php HTTP/1.1" 403 787 "-" "WordPress.com; https://wordpress.com"
157.119.178.130 - - [13/Jun/2026:00:19:33 +0500] "POST /xmlrpc.php HTTP/1.1" 403 787 "-" "WordPress.com; https://wordpress.com"
182.191.130.159 - - [13/Jun/2026:00:14:55 +0500] "GET /ceo-message/ HTTP/1.1" 404 796 "https://www.google.com/" "Mozilla/5.0 (Linux; Android 10; K) AppleWebKit/537.36 (KHTML, like Gecko) Chrome/149.0.0.0 Mobile Safari/537.36"
182.191.130.159 - - [13/Jun/2026:00:15:14 +0500] "GET /wp-content/uploads/2025/12/WhatsApp-Image-2025-12-08-at-8.44.56-PM-2.webp HTTP/1.1" 404 796 "https://www.google.com/" "Mozilla/5.0 (Linux; Android 13; TECNO CH6i Build/TP1A.220624.014; wv) AppleWebKit/537.36 (KHTML, like Gecko) Version/4.0 Chrome/148.0.7778.215 Mobile Safari/537.36 GoogleApp/17.28.32.ve.arm64"
66.249.64.37 - - [13/Jun/2026:00:16:47 +0500] "GET /items/M73144451 HTTP/1.1" 404 796 "-" "Mozilla/5.0 (Linux; Android 6.0.1; Nexus 5X Build/MMB29P) AppleWebKit/537.36 (KHTML, like Gecko) Chrome/148.0.7778.96 Mobile Safari/537.36 (compatible; GoogleOther)"
178.63.189.57 - - [13/Jun/2026:00:17:26 +0500] "POST /wp-cron.php?doing_wp_cron=1781291846.2290120124816894531250 HTTP/1.1" 200 20 "-" "WordPress/7.0; https://turkishinternationalschools.com"
193.148.56.134 - - [13/Jun/2026:00:17:39 +0500] "POST /wp-login.php HTTP/1.1" 200 5389 "-" "Mozilla/5.0 (Windows NT 6.1; rv:24.0) Gecko/20100101 Firefox/24.0"
157.119.178.130 - - [13/Jun/2026:00:19:57 +0500] "POST /xmlrpc.php HTTP/1.1" 403 787 "-" "Jetpack/13.0; WordPress/6.1; http://site42408516.com"
157.119.178.130 - - [13/Jun/2026:00:20:07 +0500] "POST /xmlrpc.php HTTP/1.1" 403 787 "-" "WordPress.com; https://wordpress.com"
157.119.178.130 - - [13/Jun/2026:00:20:20 +0500] "POST /xmlrpc.php HTTP/1.1" 403 787 "-" "Jetpack by WordPress.com"
51.195.244.95 - - [13/Jun/2026:00:26:39 +0500] "GET /items/Z58525980 HTTP/2" 404 796 "-" "Mozilla/5.0 (compatible; AhrefsBot/7.0; +http://ahrefs.com/robot/)"
51.195.215.69 - - [13/Jun/2026:00:27:30 +0500] "GET /items/E3124379 HTTP/2" 404 796 "-" "Mozilla/5.0 (compatible; AhrefsBot/7.0; +http://ahrefs.com/robot/)"
198.244.183.120 - - [13/Jun/2026:00:30:01 +0500] "GET /items/A58391206 HTTP/2" 404 796 "-" "Mozilla/5.0 (compatible; AhrefsBot/7.0; +http://ahrefs.com/robot/)"
51.89.129.171 - - [13/Jun/2026:00:31:58 +0500] "GET /items/N6571001 HTTP/2" 404 796 "-" "Mozilla/5.0 (compatible; AhrefsBot/7.0; +http://ahrefs.com/robot/)"
198.244.183.186 - - [13/Jun/2026:00:32:41 +0500] "GET /items/I4342378 HTTP/2" 404 796 "-" "Mozilla/5.0 (compatible; AhrefsBot/7.0; +http://ahrefs.com/robot/)"
51.89.129.119 - - [13/Jun/2026:00:33:33 +0500] "GET /items/A34163266 HTTP/2" 404 796 "-" "Mozilla/5.0 (compatible; AhrefsBot/7.0; +http://ahrefs.com/robot/)"
