66.249.64.37 - - [13/Jun/2026:01:04:32 +0500] "GET /items/F15540355 HTTP/1.1" 404 796 "-" "Mozilla/5.0 (Linux; Android 6.0.1; Nexus 5X Build/MMB29P) AppleWebKit/537.36 (KHTML, like Gecko) Chrome/148.0.7778.96 Mobile Safari/537.36 (compatible; GoogleOther)"
37.27.234.213 - - [13/Jun/2026:01:04:32 +0500] "GET /wp-json/wp/v2/users?_jsonp=callback&per_page=100&_fields=id,slug HTTP/2" 404 796 "-" "Mozilla/5.0 (Windows NT 10.0; Win64; x64) AppleWebKit/537.36 (KHTML, like Gecko) Chrome/133.0.0.0 Safari/537.36"
185.125.27.44 - - [13/Jun/2026:01:04:34 +0500] "GET /wp-json/learnpress/v1/users HTTP/2" 404 796 "-" "Mozilla/5.0 (Windows NT 10.0; Win64; x64) AppleWebKit/537.36 (KHTML, like Gecko) Chrome/133.0.0.0 Safari/537.36"
51.75.236.128 - - [13/Jun/2026:01:04:35 +0500] "GET /items/L7290935 HTTP/2" 404 796 "-" "Mozilla/5.0 (compatible; AhrefsBot/7.0; +http://ahrefs.com/robot/)"
185.125.27.44 - - [13/Jun/2026:01:04:36 +0500] "GET /wp-json/wp/v2/comments?per_page=100&_fields=author_name,author_url HTTP/2" 404 796 "-" "Mozilla/5.0 (Windows NT 10.0; Win64; x64) AppleWebKit/537.36 (KHTML, like Gecko) Chrome/133.0.0.0 Safari/537.36"
103.28.36.220 - - [13/Jun/2026:01:04:47 +0500] "GET /?author=5 HTTP/2" 200 20 "-" "Mozilla/5.0 (Windows NT 10.0; Win64; x64) AppleWebKit/537.36 (KHTML, like Gecko) Chrome/133.0.0.0 Safari/537.36"
46.62.194.3 - - [13/Jun/2026:01:04:51 +0500] "GET /wp-json/wp/v2/media?per_page=50&_fields=author HTTP/2" 404 796 "-" "Mozilla/5.0 (Windows NT 10.0; Win64; x64) AppleWebKit/537.36 (KHTML, like Gecko) Chrome/133.0.0.0 Safari/537.36"
103.143.207.18 - - [13/Jun/2026:01:04:59 +0500] "GET /wp-json/wc/v3/customers HTTP/2" 404 796 "-" "Mozilla/5.0 (Windows NT 10.0; Win64; x64) AppleWebKit/537.36 (KHTML, like Gecko) Chrome/133.0.0.0 Safari/537.36"
37.27.234.213 - - [13/Jun/2026:01:05:00 +0500] "GET /wp-json/bbp-api/v1/users HTTP/2" 404 796 "-" "Mozilla/5.0 (Windows NT 10.0; Win64; x64) AppleWebKit/537.36 (KHTML, like Gecko) Chrome/133.0.0.0 Safari/537.36"
87.192.224.131 - - [13/Jun/2026:01:05:02 +0500] "GET /wp-json/mepr/v1/members HTTP/2" 404 796 "-" "Mozilla/5.0 (Windows NT 10.0; Win64; x64) AppleWebKit/537.36 (KHTML, like Gecko) Chrome/133.0.0.0 Safari/537.36"
51.75.236.156 - - [13/Jun/2026:01:05:24 +0500] "GET /items/M1827058 HTTP/2" 404 796 "-" "Mozilla/5.0 (compatible; AhrefsBot/7.0; +http://ahrefs.com/robot/)"
37.59.204.133 - - [13/Jun/2026:01:06:16 +0500] "GET /items/K73142207 HTTP/2" 404 796 "-" "Mozilla/5.0 (compatible; AhrefsBot/7.0; +http://ahrefs.com/robot/)"
167.249.227.120 - - [13/Jun/2026:01:06:18 +0500] "POST /xmlrpc.php HTTP/1.1" 403 787 "-" "Jetpack/12.5; WordPress/6.2; http://site48557334.com"
167.249.227.120 - - [13/Jun/2026:01:06:30 +0500] "POST /xmlrpc.php HTTP/1.1" 403 787 "-" "Jetpack/12.0; WordPress/6.3; http://site87185973.com"
51.75.236.136 - - [13/Jun/2026:01:06:39 +0500] "GET /items/Y51449237 HTTP/2" 404 796 "-" "Mozilla/5.0 (compatible; AhrefsBot/7.0; +http://ahrefs.com/robot/)"
167.249.227.120 - - [13/Jun/2026:01:06:40 +0500] "POST /xmlrpc.php HTTP/1.1" 403 787 "-" "Jetpack by WordPress.com (Jetpack 13.0; WordPress 6.2)"
66.249.64.37 - - [13/Jun/2026:01:06:51 +0500] "GET /items/L386522226 HTTP/1.1" 404 796 "-" "Mozilla/5.0 (Linux; Android 6.0.1; Nexus 5X Build/MMB29P) AppleWebKit/537.36 (KHTML, like Gecko) Chrome/148.0.7778.96 Mobile Safari/537.36 (compatible; GoogleOther)"
167.249.227.120 - - [13/Jun/2026:01:06:52 +0500] "POST /xmlrpc.php HTTP/1.1" 403 787 "-" "Jetpack by WordPress.com (Jetpack 12.0; WordPress 6.3)"
167.249.227.120 - - [13/Jun/2026:01:07:03 +0500] "POST /xmlrpc.php HTTP/1.1" 403 787 "-" "Jetpack by WordPress.com"
167.249.227.120 - - [13/Jun/2026:01:07:15 +0500] "POST /xmlrpc.php HTTP/1.1" 403 787 "-" "WordPress.com; https://wordpress.com"
88.99.217.2 - - [13/Jun/2026:01:05:12 +0500] "GET /wp-json/tutor/v1/students HTTP/2" 404 796 "-" "Mozilla/5.0 (Windows NT 10.0; Win64; x64) AppleWebKit/537.36 (KHTML, like Gecko) Chrome/133.0.0.0 Safari/537.36"
66.249.64.38 - - [13/Jun/2026:01:05:19 +0500] "GET /items/B457527524 HTTP/1.1" 404 796 "-" "Mozilla/5.0 (Linux; Android 6.0.1; Nexus 5X Build/MMB29P) AppleWebKit/537.36 (KHTML, like Gecko) Chrome/148.0.7778.96 Mobile Safari/537.36 (compatible; GoogleOther)"
167.249.227.120 - - [13/Jun/2026:01:05:21 +0500] "POST /xmlrpc.php HTTP/1.1" 403 787 "-" "Jetpack/12.0; WordPress/6.1; http://site47841842.com"
66.249.64.37 - - [13/Jun/2026:01:05:29 +0500] "GET /items/T3848428 HTTP/1.1" 404 796 "-" "Mozilla/5.0 (Linux; Android 6.0.1; Nexus 5X Build/MMB29P) AppleWebKit/537.36 (KHTML, like Gecko) Chrome/148.0.7778.96 Mobile Safari/537.36 (compatible; GoogleOther)"
167.249.227.120 - - [13/Jun/2026:01:05:32 +0500] "POST /xmlrpc.php HTTP/1.1" 403 787 "-" "Jetpack/12.0; WordPress/6.3; http://site51815062.com"
94.23.188.193 - - [13/Jun/2026:01:05:45 +0500] "GET /items/A282413085 HTTP/2" 404 796 "-" "Mozilla/5.0 (compatible; AhrefsBot/7.0; +http://ahrefs.com/robot/)"
167.249.227.120 - - [13/Jun/2026:01:05:55 +0500] "POST /xmlrpc.php HTTP/1.1" 403 787 "-" "Jetpack/12.0; WordPress/6.4; http://site95730763.com"
66.249.64.38 - - [13/Jun/2026:01:06:05 +0500] "GET /items/Q110295267 HTTP/1.1" 404 796 "-" "Mozilla/5.0 (Linux; Android 6.0.1; Nexus 5X Build/MMB29P) AppleWebKit/537.36 (KHTML, like Gecko) Chrome/148.0.7778.96 Mobile Safari/537.36 (compatible; GoogleOther)"
167.249.227.120 - - [13/Jun/2026:01:06:05 +0500] "POST /xmlrpc.php HTTP/1.1" 403 787 "-" "Jetpack by WordPress.com"
66.249.64.39 - - [13/Jun/2026:01:06:07 +0500] "GET /items/V309480538 HTTP/1.1" 404 796 "-" "Mozilla/5.0 (Linux; Android 6.0.1; Nexus 5X Build/MMB29P) AppleWebKit/537.36 (KHTML, like Gecko) Chrome/148.0.7778.96 Mobile Safari/537.36 (compatible; GoogleOther)"
66.249.64.38 - - [13/Jun/2026:01:06:44 +0500] "GET /items/Q44384466 HTTP/1.1" 404 796 "-" "Mozilla/5.0 (Linux; Android 6.0.1; Nexus 5X Build/MMB29P) AppleWebKit/537.36 (KHTML, like Gecko) Chrome/148.0.7778.96 Mobile Safari/537.36 (compatible; GoogleOther)"
66.249.64.39 - - [13/Jun/2026:01:07:21 +0500] "GET /items/Y136336005 HTTP/1.1" 404 796 "-" "Mozilla/5.0 (Linux; Android 6.0.1; Nexus 5X Build/MMB29P) AppleWebKit/537.36 (KHTML, like Gecko) Chrome/148.0.7778.96 Mobile Safari/537.36 (compatible; GoogleOther)"
66.249.64.37 - - [13/Jun/2026:01:07:26 +0500] "GET /items/U289854193 HTTP/1.1" 404 796 "-" "Mozilla/5.0 (Linux; Android 6.0.1; Nexus 5X Build/MMB29P) AppleWebKit/537.36 (KHTML, like Gecko) Chrome/148.0.7778.96 Mobile Safari/537.36 (compatible; GoogleOther)"
167.249.227.120 - - [13/Jun/2026:01:07:38 +0500] "POST /xmlrpc.php HTTP/1.1" 403 787 "-" "Jetpack/12.1; WordPress/6.1; http://site64069469.com"
167.249.227.120 - - [13/Jun/2026:01:07:50 +0500] "POST /xmlrpc.php HTTP/1.1" 403 787 "-" "Jetpack/12.0; WordPress/6.3; http://site62611130.com"
167.249.227.120 - - [13/Jun/2026:01:08:00 +0500] "POST /xmlrpc.php HTTP/1.1" 403 787 "-" "Jetpack by WordPress.com"
167.249.227.120 - - [13/Jun/2026:01:08:12 +0500] "POST /xmlrpc.php HTTP/1.1" 403 787 "-" "Jetpack by WordPress.com (Jetpack 12.5; WordPress 6.4)"
66.249.64.39 - - [13/Jun/2026:01:08:24 +0500] "GET /items/L178803935 HTTP/1.1" 404 796 "-" "Mozilla/5.0 (Linux; Android 6.0.1; Nexus 5X Build/MMB29P) AppleWebKit/537.36 (KHTML, like Gecko) Chrome/148.0.7778.96 Mobile Safari/537.36 (compatible; GoogleOther)"
66.249.64.38 - - [13/Jun/2026:01:08:36 +0500] "GET /items/T451487287 HTTP/1.1" 404 796 "-" "Mozilla/5.0 (Linux; Android 6.0.1; Nexus 5X Build/MMB29P) AppleWebKit/537.36 (KHTML, like Gecko) Chrome/148.0.7778.96 Mobile Safari/537.36 (compatible; GoogleOther)"
66.249.64.37 - - [13/Jun/2026:01:08:52 +0500] "GET /items/A84558944 HTTP/1.1" 404 796 "-" "Mozilla/5.0 (Linux; Android 6.0.1; Nexus 5X Build/MMB29P) AppleWebKit/537.36 (KHTML, like Gecko) Chrome/148.0.7778.96 Mobile Safari/537.36 (compatible; GoogleOther)"
167.249.227.120 - - [13/Jun/2026:01:09:10 +0500] "POST /xmlrpc.php HTTP/1.1" 403 787 "-" "Jetpack by WordPress.com (Jetpack 12.1; WordPress 6.4)"
66.249.64.39 - - [13/Jun/2026:01:09:11 +0500] "GET /items/E216168879 HTTP/1.1" 404 796 "-" "Mozilla/5.0 (Linux; Android 6.0.1; Nexus 5X Build/MMB29P) AppleWebKit/537.36 (KHTML, like Gecko) Chrome/148.0.7778.96 Mobile Safari/537.36 (compatible; GoogleOther)"
66.249.64.39 - - [13/Jun/2026:01:09:12 +0500] "GET /items/F66243120 HTTP/1.1" 404 796 "-" "Mozilla/5.0 (Linux; Android 6.0.1; Nexus 5X Build/MMB29P) AppleWebKit/537.36 (KHTML, like Gecko) Chrome/148.0.7778.96 Mobile Safari/537.36 (compatible; GoogleOther)"
66.249.64.39 - - [13/Jun/2026:01:09:13 +0500] "GET /items/M7893318 HTTP/1.1" 404 796 "-" "Mozilla/5.0 (Linux; Android 6.0.1; Nexus 5X Build/MMB29P) AppleWebKit/537.36 (KHTML, like Gecko) Chrome/148.0.7778.96 Mobile Safari/537.36 (compatible; GoogleOther)"
167.249.227.120 - - [13/Jun/2026:01:09:21 +0500] "POST /xmlrpc.php HTTP/1.1" 403 787 "-" "Jetpack by WordPress.com"
167.249.227.120 - - [13/Jun/2026:01:09:32 +0500] "POST /xmlrpc.php HTTP/1.1" 403 787 "-" "Jetpack by WordPress.com (Jetpack 12.5; WordPress 6.4)"
167.249.227.120 - - [13/Jun/2026:01:07:25 +0500] "POST /xmlrpc.php HTTP/1.1" 403 787 "-" "WordPress.com; https://wordpress.com"
66.249.64.37 - - [13/Jun/2026:01:07:38 +0500] "GET /items/L8757309 HTTP/1.1" 404 796 "-" "Mozilla/5.0 (Linux; Android 6.0.1; Nexus 5X Build/MMB29P) AppleWebKit/537.36 (KHTML, like Gecko) Chrome/148.0.7778.96 Mobile Safari/537.36 (compatible; GoogleOther)"
66.249.64.37 - - [13/Jun/2026:01:07:59 +0500] "GET /items/Q292664368 HTTP/1.1" 404 796 "-" "Mozilla/5.0 (Linux; Android 6.0.1; Nexus 5X Build/MMB29P) AppleWebKit/537.36 (KHTML, like Gecko) Chrome/148.0.7778.96 Mobile Safari/537.36 (compatible; GoogleOther)"
167.249.227.120 - - [13/Jun/2026:01:08:24 +0500] "POST /xmlrpc.php HTTP/1.1" 403 787 "-" "Jetpack/12.1; WordPress/6.4; http://site35106967.com"
167.249.227.120 - - [13/Jun/2026:01:08:35 +0500] "POST /xmlrpc.php HTTP/1.1" 403 787 "-" "WordPress.com; https://wordpress.com"
167.249.227.120 - - [13/Jun/2026:01:08:46 +0500] "POST /xmlrpc.php HTTP/1.1" 403 787 "-" "Jetpack by WordPress.com (Jetpack 12.5; WordPress 6.4)"
167.249.227.120 - - [13/Jun/2026:01:09:55 +0500] "POST /xmlrpc.php HTTP/1.1" 403 787 "-" "Jetpack/12.0; WordPress/6.2; http://site95460760.com"
167.249.227.120 - - [13/Jun/2026:01:10:07 +0500] "POST /xmlrpc.php HTTP/1.1" 403 787 "-" "Jetpack by WordPress.com"
167.249.227.120 - - [13/Jun/2026:01:10:18 +0500] "POST /xmlrpc.php HTTP/1.1" 403 787 "-" "Jetpack by WordPress.com (Jetpack 12.1; WordPress 6.3)"
66.249.64.38 - - [13/Jun/2026:01:10:28 +0500] "GET /items/S264135929 HTTP/1.1" 404 796 "-" "Mozilla/5.0 (Linux; Android 6.0.1; Nexus 5X Build/MMB29P) AppleWebKit/537.36 (KHTML, like Gecko) Chrome/148.0.7778.96 Mobile Safari/537.36 (compatible; GoogleOther)"
167.249.227.120 - - [13/Jun/2026:01:10:30 +0500] "POST /xmlrpc.php HTTP/1.1" 403 787 "-" "WordPress.com; https://wordpress.com"
167.249.227.120 - - [13/Jun/2026:01:10:40 +0500] "POST /xmlrpc.php HTTP/1.1" 403 787 "-" "Jetpack by WordPress.com"
66.249.64.37 - - [13/Jun/2026:01:10:43 +0500] "GET /items/W4067266 HTTP/1.1" 404 796 "-" "Mozilla/5.0 (Linux; Android 6.0.1; Nexus 5X Build/MMB29P) AppleWebKit/537.36 (KHTML, like Gecko) Chrome/148.0.7778.96 Mobile Safari/537.36 (compatible; GoogleOther)"
167.249.227.120 - - [13/Jun/2026:01:11:05 +0500] "POST /xmlrpc.php HTTP/1.1" 403 787 "-" "Jetpack by WordPress.com"
167.249.227.120 - - [13/Jun/2026:01:11:16 +0500] "POST /xmlrpc.php HTTP/1.1" 403 787 "-" "Jetpack by WordPress.com (Jetpack 12.0; WordPress 6.2)"
167.249.227.120 - - [13/Jun/2026:01:11:26 +0500] "POST /xmlrpc.php HTTP/1.1" 403 787 "-" "Jetpack by WordPress.com"
66.249.64.37 - - [13/Jun/2026:01:11:30 +0500] "GET /items/D60550030 HTTP/1.1" 404 796 "-" "Mozilla/5.0 (Linux; Android 6.0.1; Nexus 5X Build/MMB29P) AppleWebKit/537.36 (KHTML, like Gecko) Chrome/148.0.7778.96 Mobile Safari/537.36 (compatible; GoogleOther)"
167.249.227.120 - - [13/Jun/2026:01:11:37 +0500] "POST /xmlrpc.php HTTP/1.1" 403 787 "-" "Jetpack by WordPress.com"
167.249.227.120 - - [13/Jun/2026:01:12:01 +0500] "POST /xmlrpc.php HTTP/1.1" 403 787 "-" "Jetpack by WordPress.com"
167.249.227.120 - - [13/Jun/2026:01:12:12 +0500] "POST /xmlrpc.php HTTP/1.1" 403 787 "-" "Jetpack by WordPress.com (Jetpack 13.0; WordPress 6.2)"
167.249.227.120 - - [13/Jun/2026:01:12:24 +0500] "POST /xmlrpc.php HTTP/1.1" 403 787 "-" "Jetpack by WordPress.com"
167.249.227.120 - - [13/Jun/2026:01:12:58 +0500] "POST /xmlrpc.php HTTP/1.1" 403 787 "-" "WordPress.com; https://wordpress.com"
167.249.227.120 - - [13/Jun/2026:01:13:09 +0500] "POST /xmlrpc.php HTTP/1.1" 403 787 "-" "WordPress.com; https://wordpress.com"
167.249.227.120 - - [13/Jun/2026:01:14:06 +0500] "POST /xmlrpc.php HTTP/1.1" 403 787 "-" "Jetpack by WordPress.com"
167.249.227.120 - - [13/Jun/2026:01:14:18 +0500] "POST /xmlrpc.php HTTP/1.1" 403 787 "-" "Jetpack/12.0; WordPress/6.1; http://site32697606.com"
167.249.227.120 - - [13/Jun/2026:01:14:29 +0500] "POST /xmlrpc.php HTTP/1.1" 403 787 "-" "Jetpack by WordPress.com"
167.249.227.120 - - [13/Jun/2026:01:14:40 +0500] "POST /xmlrpc.php HTTP/1.1" 403 787 "-" "Jetpack by WordPress.com (Jetpack 12.0; WordPress 6.1)"
167.249.227.120 - - [13/Jun/2026:01:14:53 +0500] "POST /xmlrpc.php HTTP/1.1" 403 787 "-" "Jetpack by WordPress.com"
205.185.122.174 - - [13/Jun/2026:01:15:14 +0500] "GET /wp-login.php HTTP/1.1" 200 4945 "-" "Mozilla/5.0 (X11; Linux i686) AppleWebKit/537.36 (KHTML, like Gecko) Chrome/36.0.1985.125 Safari/537.36"
167.249.227.120 - - [13/Jun/2026:01:15:17 +0500] "POST /xmlrpc.php HTTP/1.1" 403 787 "-" "WordPress.com; https://wordpress.com"
167.249.227.120 - - [13/Jun/2026:01:15:27 +0500] "POST /xmlrpc.php HTTP/1.1" 403 787 "-" "Jetpack by WordPress.com (Jetpack 12.0; WordPress 6.3)"
167.249.227.120 - - [13/Jun/2026:01:15:39 +0500] "POST /xmlrpc.php HTTP/1.1" 403 787 "-" "WordPress.com; https://wordpress.com"
167.249.227.120 - - [13/Jun/2026:01:15:50 +0500] "POST /xmlrpc.php HTTP/1.1" 403 787 "-" "WordPress.com; https://wordpress.com"
167.249.227.120 - - [13/Jun/2026:01:16:01 +0500] "POST /xmlrpc.php HTTP/1.1" 403 787 "-" "WordPress.com; https://wordpress.com"
66.249.64.37 - - [13/Jun/2026:01:09:51 +0500] "GET /items/K348898959 HTTP/1.1" 404 796 "-" "Mozilla/5.0 (Linux; Android 6.0.1; Nexus 5X Build/MMB29P) AppleWebKit/537.36 (KHTML, like Gecko) Chrome/148.0.7778.96 Mobile Safari/537.36 (compatible; GoogleOther)"
66.249.64.37 - - [13/Jun/2026:01:09:57 +0500] "GET /items/S40483144 HTTP/1.1" 404 796 "-" "Mozilla/5.0 (Linux; Android 6.0.1; Nexus 5X Build/MMB29P) AppleWebKit/537.36 (KHTML, like Gecko) Chrome/148.0.7778.96 Mobile Safari/537.36 (compatible; GoogleOther)"
167.249.227.120 - - [13/Jun/2026:01:10:52 +0500] "POST /xmlrpc.php HTTP/1.1" 403 787 "-" "Jetpack/12.1; WordPress/6.2; http://site97463767.com"
167.249.227.120 - - [13/Jun/2026:01:11:49 +0500] "POST /xmlrpc.php HTTP/1.1" 403 787 "-" "Jetpack by WordPress.com (Jetpack 12.1; WordPress 6.2)"
167.249.227.120 - - [13/Jun/2026:01:12:35 +0500] "POST /xmlrpc.php HTTP/1.1" 403 787 "-" "Jetpack by WordPress.com"
66.249.64.39 - - [13/Jun/2026:01:13:08 +0500] "GET /items/I45410648 HTTP/1.1" 404 796 "-" "Mozilla/5.0 (Linux; Android 6.0.1; Nexus 5X Build/MMB29P) AppleWebKit/537.36 (KHTML, like Gecko) Chrome/148.0.7778.96 Mobile Safari/537.36 (compatible; GoogleOther)"
66.249.64.39 - - [13/Jun/2026:01:13:11 +0500] "GET /items/Z24647703 HTTP/1.1" 404 796 "-" "Mozilla/5.0 (Linux; Android 6.0.1; Nexus 5X Build/MMB29P) AppleWebKit/537.36 (KHTML, like Gecko) Chrome/148.0.7778.96 Mobile Safari/537.36 (compatible; GoogleOther)"
17.246.15.175 - - [13/Jun/2026:01:13:11 +0500] "GET /kan-een-platform-als-jaabet-casino-je-vertrouwen-winnen/ HTTP/2" 404 796 "-" "Mozilla/5.0 (Macintosh; Intel Mac OS X 10_15_7) AppleWebKit/605.1.15 (KHTML, like Gecko) Version/17.4 Safari/605.1.15 (Applebot/0.1; +http://www.apple.com/go/applebot)"
167.249.227.120 - - [13/Jun/2026:01:13:32 +0500] "POST /xmlrpc.php HTTP/1.1" 403 787 "-" "Jetpack/12.1; WordPress/6.3; http://site90213926.com"
167.249.227.120 - - [13/Jun/2026:01:13:42 +0500] "POST /xmlrpc.php HTTP/1.1" 403 787 "-" "Jetpack by WordPress.com (Jetpack 13.0; WordPress 6.2)"
167.249.227.120 - - [13/Jun/2026:01:13:54 +0500] "POST /xmlrpc.php HTTP/1.1" 403 787 "-" "Jetpack by WordPress.com"
167.249.227.120 - - [13/Jun/2026:01:15:05 +0500] "POST /xmlrpc.php HTTP/1.1" 403 787 "-" "WordPress.com; https://wordpress.com"
178.63.189.57 - - [13/Jun/2026:01:15:14 +0500] "POST /wp-cron.php?doing_wp_cron=1781295314.2074980735778808593750 HTTP/1.1" 200 20 "-" "WordPress/7.0; https://turkishinternationalschools.com"
17.241.75.189 - - [13/Jun/2026:01:15:31 +0500] "GET /zijn-er-restricties-bij-het-uitbetalen-van-winsten-bij-vox-casino/ HTTP/2" 404 796 "-" "Mozilla/5.0 (Macintosh; Intel Mac OS X 10_15_7) AppleWebKit/605.1.15 (KHTML, like Gecko) Version/17.4 Safari/605.1.15 (Applebot/0.1; +http://www.apple.com/go/applebot)"
45.61.187.176 - - [13/Jun/2026:01:16:52 +0500] "GET /wp-login.php HTTP/1.1" 200 4945 "-" "Mozilla/5.0 (X11; Linux x86_64; rv:31.0) Gecko/20100101 Firefox/31.0"
167.249.227.120 - - [13/Jun/2026:01:17:21 +0500] "POST /xmlrpc.php HTTP/1.1" 403 787 "-" "Jetpack/12.1; WordPress/6.1; http://site14009673.com"
205.185.122.174 - - [13/Jun/2026:01:17:25 +0500] "POST /wp-login.php HTTP/1.1" 200 5389 "-" "Mozilla/5.0 (X11; Linux i686) AppleWebKit/537.36 (KHTML, like Gecko) Chrome/36.0.1985.125 Safari/537.36"
167.249.227.120 - - [13/Jun/2026:01:17:31 +0500] "POST /xmlrpc.php HTTP/1.1" 403 787 "-" "Jetpack by WordPress.com (Jetpack 12.1; WordPress 6.4)"
167.249.227.120 - - [13/Jun/2026:01:16:13 +0500] "POST /xmlrpc.php HTTP/1.1" 403 787 "-" "Jetpack by WordPress.com"
167.249.227.120 - - [13/Jun/2026:01:16:25 +0500] "POST /xmlrpc.php HTTP/1.1" 403 787 "-" "Jetpack by WordPress.com"
167.249.227.120 - - [13/Jun/2026:01:16:35 +0500] "POST /xmlrpc.php HTTP/1.1" 403 787 "-" "Jetpack by WordPress.com"
167.249.227.120 - - [13/Jun/2026:01:16:46 +0500] "POST /xmlrpc.php HTTP/1.1" 403 787 "-" "Jetpack by WordPress.com"
167.249.227.120 - - [13/Jun/2026:01:16:59 +0500] "POST /xmlrpc.php HTTP/1.1" 403 787 "-" "Jetpack by WordPress.com (Jetpack 12.0; WordPress 6.2)"
167.249.227.120 - - [13/Jun/2026:01:17:09 +0500] "POST /xmlrpc.php HTTP/1.1" 403 787 "-" "Jetpack by WordPress.com (Jetpack 12.5; WordPress 6.4)"
167.249.227.120 - - [13/Jun/2026:01:17:43 +0500] "POST /xmlrpc.php HTTP/1.1" 403 787 "-" "Jetpack/12.5; WordPress/6.1; http://site23874390.com"
66.249.64.38 - - [13/Jun/2026:01:18:27 +0500] "GET /items/U153082241 HTTP/1.1" 404 796 "-" "Mozilla/5.0 (Linux; Android 6.0.1; Nexus 5X Build/MMB29P) AppleWebKit/537.36 (KHTML, like Gecko) Chrome/148.0.7778.96 Mobile Safari/537.36 (compatible; GoogleOther)"
167.249.227.120 - - [13/Jun/2026:01:18:28 +0500] "POST /xmlrpc.php HTTP/1.1" 403 787 "-" "Jetpack by WordPress.com"
178.63.189.57 - - [13/Jun/2026:01:18:31 +0500] "POST /wp-cron.php?doing_wp_cron=1781295511.4486339092254638671875 HTTP/1.1" 200 20 "-" "WordPress/7.0; https://turkishinternationalschools.com"
167.249.227.120 - - [13/Jun/2026:01:18:52 +0500] "POST /xmlrpc.php HTTP/1.1" 403 787 "-" "Jetpack by WordPress.com"
167.249.227.120 - - [13/Jun/2026:01:19:27 +0500] "POST /xmlrpc.php HTTP/1.1" 403 787 "-" "Jetpack by WordPress.com"
167.249.227.120 - - [13/Jun/2026:01:19:37 +0500] "POST /xmlrpc.php HTTP/1.1" 403 787 "-" "Jetpack by WordPress.com"
66.249.64.37 - - [13/Jun/2026:01:19:57 +0500] "GET /items/W21862497 HTTP/1.1" 404 796 "-" "Mozilla/5.0 (Linux; Android 6.0.1; Nexus 5X Build/MMB29P) AppleWebKit/537.36 (KHTML, like Gecko) Chrome/148.0.7778.96 Mobile Safari/537.36 (compatible; GoogleOther)"
103.167.212.47 - - [13/Jun/2026:01:19:59 +0500] "POST /xmlrpc.php HTTP/1.1" 403 787 "-" "Jetpack by WordPress.com (Jetpack 13.0; WordPress 6.1)"
103.167.212.47 - - [13/Jun/2026:01:20:09 +0500] "POST /xmlrpc.php HTTP/1.1" 403 787 "-" "Jetpack by WordPress.com"
167.249.227.120 - - [13/Jun/2026:01:20:12 +0500] "POST /xmlrpc.php HTTP/1.1" 403 787 "-" "Jetpack by WordPress.com"
103.167.212.47 - - [13/Jun/2026:01:20:20 +0500] "POST /xmlrpc.php HTTP/1.1" 403 787 "-" "Jetpack by WordPress.com (Jetpack 12.5; WordPress 6.3)"
167.249.227.120 - - [13/Jun/2026:01:20:22 +0500] "POST /xmlrpc.php HTTP/1.1" 403 787 "-" "Jetpack by WordPress.com"
103.167.212.47 - - [13/Jun/2026:01:20:30 +0500] "POST /xmlrpc.php HTTP/1.1" 403 787 "-" "WordPress.com; https://wordpress.com"
103.167.212.47 - - [13/Jun/2026:01:20:41 +0500] "POST /xmlrpc.php HTTP/1.1" 403 787 "-" "WordPress.com; https://wordpress.com"
167.249.227.120 - - [13/Jun/2026:01:20:45 +0500] "POST /xmlrpc.php HTTP/1.1" 403 787 "-" "Jetpack by WordPress.com"
103.167.212.47 - - [13/Jun/2026:01:20:51 +0500] "POST /xmlrpc.php HTTP/1.1" 403 787 "-" "WordPress.com; https://wordpress.com"
167.249.227.120 - - [13/Jun/2026:01:20:55 +0500] "POST /xmlrpc.php HTTP/1.1" 403 787 "-" "Jetpack/12.5; WordPress/6.2; http://site75095223.com"
167.249.227.120 - - [13/Jun/2026:01:21:07 +0500] "POST /xmlrpc.php HTTP/1.1" 403 787 "-" "WordPress.com; https://wordpress.com"
103.167.212.47 - - [13/Jun/2026:01:21:13 +0500] "POST /xmlrpc.php HTTP/1.1" 403 787 "-" "WordPress.com; https://wordpress.com"
167.249.227.120 - - [13/Jun/2026:01:21:19 +0500] "POST /xmlrpc.php HTTP/1.1" 403 787 "-" "Jetpack by WordPress.com (Jetpack 12.1; WordPress 6.2)"
103.167.212.47 - - [13/Jun/2026:01:21:23 +0500] "POST /xmlrpc.php HTTP/1.1" 403 787 "-" "Jetpack by WordPress.com"
167.249.227.120 - - [13/Jun/2026:01:21:30 +0500] "POST /xmlrpc.php HTTP/1.1" 403 787 "-" "Jetpack/12.5; WordPress/6.3; http://site76610024.com"
103.167.212.47 - - [13/Jun/2026:01:21:45 +0500] "POST /xmlrpc.php HTTP/1.1" 403 787 "-" "Jetpack by WordPress.com"
103.167.212.47 - - [13/Jun/2026:01:21:55 +0500] "POST /xmlrpc.php HTTP/1.1" 403 787 "-" "Jetpack by WordPress.com (Jetpack 13.0; WordPress 6.3)"
103.167.212.47 - - [13/Jun/2026:01:22:06 +0500] "POST /xmlrpc.php HTTP/1.1" 403 787 "-" "WordPress.com; https://wordpress.com"
103.167.212.47 - - [13/Jun/2026:01:22:16 +0500] "POST /xmlrpc.php HTTP/1.1" 403 787 "-" "WordPress.com; https://wordpress.com"
103.167.212.47 - - [13/Jun/2026:01:22:27 +0500] "POST /xmlrpc.php HTTP/1.1" 403 787 "-" "Jetpack/12.5; WordPress/6.2; http://site11512897.com"
103.167.212.47 - - [13/Jun/2026:01:22:37 +0500] "POST /xmlrpc.php HTTP/1.1" 403 787 "-" "WordPress.com; https://wordpress.com"
68.221.75.30 - - [13/Jun/2026:01:23:37 +0500] "GET /curriculum-breakdown/ HTTP/2" 404 796 "-" "Mozilla/5.0 AppleWebKit/537.36 (KHTML, like Gecko); compatible; ChatGPT-User/1.0; +https://openai.com/bot"
167.249.227.120 - - [13/Jun/2026:01:18:06 +0500] "POST /xmlrpc.php HTTP/1.1" 403 787 "-" "Jetpack by WordPress.com (Jetpack 12.5; WordPress 6.1)"
167.249.227.120 - - [13/Jun/2026:01:18:16 +0500] "POST /xmlrpc.php HTTP/1.1" 403 787 "-" "WordPress.com; https://wordpress.com"
45.61.187.176 - - [13/Jun/2026:01:18:31 +0500] "POST /wp-login.php HTTP/1.1" 200 5332 "-" "Mozilla/5.0 (X11; Linux x86_64; rv:31.0) Gecko/20100101 Firefox/31.0"
167.249.227.120 - - [13/Jun/2026:01:19:04 +0500] "POST /xmlrpc.php HTTP/1.1" 403 787 "-" "Jetpack by WordPress.com"
66.249.64.39 - - [13/Jun/2026:01:19:14 +0500] "GET /items/W389871227 HTTP/1.1" 404 796 "-" "Mozilla/5.0 (Linux; Android 6.0.1; Nexus 5X Build/MMB29P) AppleWebKit/537.36 (KHTML, like Gecko) Chrome/148.0.7778.96 Mobile Safari/537.36 (compatible; GoogleOther)"
167.249.227.120 - - [13/Jun/2026:01:19:14 +0500] "POST /xmlrpc.php HTTP/1.1" 403 787 "-" "Jetpack/12.5; WordPress/6.4; http://site43376705.com"
45.61.185.47 - - [13/Jun/2026:01:19:48 +0500] "GET /wp-login.php HTTP/1.1" 200 4945 "-" "Mozilla/5.0 (Windows NT 10.0; Win64; x64; rv:121.0) Gecko/20100101 Firefox/121.0"
167.249.227.120 - - [13/Jun/2026:01:19:49 +0500] "POST /xmlrpc.php HTTP/1.1" 403 787 "-" "Jetpack by WordPress.com"
167.249.227.120 - - [13/Jun/2026:01:20:00 +0500] "POST /xmlrpc.php HTTP/1.1" 403 787 "-" "Jetpack by WordPress.com"
45.61.185.47 - - [13/Jun/2026:01:21:01 +0500] "POST /wp-login.php HTTP/1.1" 200 5362 "-" "Mozilla/5.0 (Windows NT 10.0; Win64; x64; rv:121.0) Gecko/20100101 Firefox/121.0"
103.167.212.47 - - [13/Jun/2026:01:22:59 +0500] "POST /xmlrpc.php HTTP/1.1" 403 787 "-" "WordPress.com; https://wordpress.com"
103.167.212.47 - - [13/Jun/2026:01:23:09 +0500] "POST /xmlrpc.php HTTP/1.1" 403 787 "-" "Jetpack by WordPress.com (Jetpack 12.5; WordPress 6.1)"
103.167.212.47 - - [13/Jun/2026:01:23:20 +0500] "POST /xmlrpc.php HTTP/1.1" 403 787 "-" "Jetpack/12.1; WordPress/6.4; http://site92919076.com"
103.167.212.47 - - [13/Jun/2026:01:23:30 +0500] "POST /xmlrpc.php HTTP/1.1" 403 787 "-" "Jetpack by WordPress.com (Jetpack 13.0; WordPress 6.3)"
68.221.75.26 - - [13/Jun/2026:01:23:41 +0500] "GET /curriculum-breakdown/ HTTP/2" 404 796 "-" "Mozilla/5.0 AppleWebKit/537.36 (KHTML, like Gecko); compatible; ChatGPT-User/1.0; +https://openai.com/bot"
103.167.212.47 - - [13/Jun/2026:01:23:42 +0500] "POST /xmlrpc.php HTTP/1.1" 403 787 "-" "Jetpack by WordPress.com (Jetpack 13.0; WordPress 6.4)"
103.167.212.47 - - [13/Jun/2026:01:23:52 +0500] "POST /xmlrpc.php HTTP/1.1" 403 787 "-" "Jetpack by WordPress.com"
94.23.188.221 - - [13/Jun/2026:01:23:53 +0500] "GET /items/G57245436 HTTP/2" 404 796 "-" "Mozilla/5.0 (compatible; AhrefsBot/7.0; +http://ahrefs.com/robot/)"
103.167.212.47 - - [13/Jun/2026:01:24:02 +0500] "POST /xmlrpc.php HTTP/1.1" 403 787 "-" "WordPress.com; https://wordpress.com"
103.167.212.47 - - [13/Jun/2026:01:24:13 +0500] "POST /xmlrpc.php HTTP/1.1" 403 787 "-" "Jetpack by WordPress.com (Jetpack 13.0; WordPress 6.4)"
103.167.212.47 - - [13/Jun/2026:01:24:24 +0500] "POST /xmlrpc.php HTTP/1.1" 403 787 "-" "Jetpack by WordPress.com"
68.221.75.29 - - [13/Jun/2026:01:24:26 +0500] "GET /curriculum-breakdown/ HTTP/2" 404 796 "-" "Mozilla/5.0 AppleWebKit/537.36 (KHTML, like Gecko); compatible; ChatGPT-User/1.0; +https://openai.com/bot"
103.167.212.47 - - [13/Jun/2026:01:24:34 +0500] "POST /xmlrpc.php HTTP/1.1" 403 787 "-" "WordPress.com; https://wordpress.com"
68.221.75.29 - - [13/Jun/2026:01:24:40 +0500] "GET /curriculum-breakdown/ HTTP/2" 404 796 "-" "Mozilla/5.0 AppleWebKit/537.36 (KHTML, like Gecko); compatible; ChatGPT-User/1.0; +https://openai.com/bot"
103.167.212.47 - - [13/Jun/2026:01:24:45 +0500] "POST /xmlrpc.php HTTP/1.1" 403 787 "-" "Jetpack by WordPress.com"
103.167.212.47 - - [13/Jun/2026:01:24:55 +0500] "POST /xmlrpc.php HTTP/1.1" 403 787 "-" "Jetpack by WordPress.com (Jetpack 12.1; WordPress 6.2)"
103.167.212.47 - - [13/Jun/2026:01:25:06 +0500] "POST /xmlrpc.php HTTP/1.1" 403 787 "-" "WordPress.com; https://wordpress.com"
68.221.75.30 - - [13/Jun/2026:01:23:48 +0500] "GET /curriculum-breakdown/ HTTP/2" 404 796 "-" "Mozilla/5.0 AppleWebKit/537.36 (KHTML, like Gecko); compatible; ChatGPT-User/1.0; +https://openai.com/bot"
68.221.75.18 - - [13/Jun/2026:01:24:43 +0500] "GET /curriculum-breakdown/ HTTP/2" 404 796 "-" "Mozilla/5.0 AppleWebKit/537.36 (KHTML, like Gecko); compatible; ChatGPT-User/1.0; +https://openai.com/bot"
176.31.139.18 - - [13/Jun/2026:01:25:31 +0500] "GET /items/E66316018 HTTP/2" 404 796 "-" "Mozilla/5.0 (compatible; AhrefsBot/7.0; +http://ahrefs.com/robot/)"
5.39.1.245 - - [13/Jun/2026:01:26:16 +0500] "GET /items/P66011325 HTTP/2" 404 796 "-" "Mozilla/5.0 (compatible; AhrefsBot/7.0; +http://ahrefs.com/robot/)"
103.167.212.47 - - [13/Jun/2026:01:25:17 +0500] "POST /xmlrpc.php HTTP/1.1" 403 787 "-" "Jetpack/12.1; WordPress/6.1; http://site93096372.com"
103.167.212.47 - - [13/Jun/2026:01:25:27 +0500] "POST /xmlrpc.php HTTP/1.1" 403 787 "-" "Jetpack/12.0; WordPress/6.3; http://site26978687.com"
103.167.212.47 - - [13/Jun/2026:01:25:38 +0500] "POST /xmlrpc.php HTTP/1.1" 403 787 "-" "Jetpack by WordPress.com (Jetpack 12.5; WordPress 6.3)"
103.167.212.47 - - [13/Jun/2026:01:25:48 +0500] "POST /xmlrpc.php HTTP/1.1" 403 787 "-" "WordPress.com; https://wordpress.com"
103.167.212.47 - - [13/Jun/2026:01:25:59 +0500] "POST /xmlrpc.php HTTP/1.1" 403 787 "-" "Jetpack by WordPress.com"
103.167.212.47 - - [13/Jun/2026:01:26:10 +0500] "POST /xmlrpc.php HTTP/1.1" 403 787 "-" "WordPress.com; https://wordpress.com"
103.167.212.47 - - [13/Jun/2026:01:26:20 +0500] "POST /xmlrpc.php HTTP/1.1" 403 787 "-" "Jetpack by WordPress.com (Jetpack 13.0; WordPress 6.1)"
103.167.212.47 - - [13/Jun/2026:01:26:31 +0500] "POST /xmlrpc.php HTTP/1.1" 403 787 "-" "Jetpack by WordPress.com"
103.167.212.47 - - [13/Jun/2026:01:26:41 +0500] "POST /xmlrpc.php HTTP/1.1" 403 787 "-" "Jetpack by WordPress.com"
66.249.64.39 - - [13/Jun/2026:01:26:45 +0500] "GET /items/W31981124 HTTP/1.1" 404 796 "-" "Mozilla/5.0 (Linux; Android 6.0.1; Nexus 5X Build/MMB29P) AppleWebKit/537.36 (KHTML, like Gecko) Chrome/148.0.7778.96 Mobile Safari/537.36 (compatible; GoogleOther)"
103.167.212.47 - - [13/Jun/2026:01:26:52 +0500] "POST /xmlrpc.php HTTP/1.1" 403 787 "-" "Jetpack/12.1; WordPress/6.4; http://site96035282.com"
103.167.212.47 - - [13/Jun/2026:01:27:03 +0500] "POST /xmlrpc.php HTTP/1.1" 403 787 "-" "WordPress.com; https://wordpress.com"
103.167.212.47 - - [13/Jun/2026:01:27:13 +0500] "POST /xmlrpc.php HTTP/1.1" 403 787 "-" "Jetpack/13.0; WordPress/6.4; http://site86508808.com"
176.31.139.5 - - [13/Jun/2026:01:27:21 +0500] "GET /items/J4525849 HTTP/2" 404 796 "-" "Mozilla/5.0 (compatible; AhrefsBot/7.0; +http://ahrefs.com/robot/)"
103.167.212.47 - - [13/Jun/2026:01:27:24 +0500] "POST /xmlrpc.php HTTP/1.1" 403 787 "-" "Jetpack by WordPress.com"
103.167.212.47 - - [13/Jun/2026:01:27:34 +0500] "POST /xmlrpc.php HTTP/1.1" 403 787 "-" "Jetpack by WordPress.com (Jetpack 12.5; WordPress 6.1)"
103.167.212.47 - - [13/Jun/2026:01:27:45 +0500] "POST /xmlrpc.php HTTP/1.1" 403 787 "-" "Jetpack/12.1; WordPress/6.4; http://site23537525.com"
103.167.212.47 - - [13/Jun/2026:01:27:56 +0500] "POST /xmlrpc.php HTTP/1.1" 403 787 "-" "Jetpack/12.0; WordPress/6.4; http://site75419335.com"
103.167.212.47 - - [13/Jun/2026:01:28:06 +0500] "POST /xmlrpc.php HTTP/1.1" 403 787 "-" "Jetpack by WordPress.com (Jetpack 12.5; WordPress 6.1)"
103.167.212.47 - - [13/Jun/2026:01:28:17 +0500] "POST /xmlrpc.php HTTP/1.1" 403 787 "-" "Jetpack/12.1; WordPress/6.3; http://site79020189.com"
103.167.212.47 - - [13/Jun/2026:01:28:27 +0500] "POST /xmlrpc.php HTTP/1.1" 403 787 "-" "Jetpack by WordPress.com (Jetpack 12.0; WordPress 6.2)"
103.167.212.47 - - [13/Jun/2026:01:28:38 +0500] "POST /xmlrpc.php HTTP/1.1" 403 787 "-" "Jetpack by WordPress.com"
103.167.212.47 - - [13/Jun/2026:01:28:49 +0500] "POST /xmlrpc.php HTTP/1.1" 403 787 "-" "Jetpack/13.0; WordPress/6.2; http://site97102715.com"
103.167.212.47 - - [13/Jun/2026:01:28:59 +0500] "POST /xmlrpc.php HTTP/1.1" 403 787 "-" "Jetpack by WordPress.com"
103.167.212.47 - - [13/Jun/2026:01:29:10 +0500] "POST /xmlrpc.php HTTP/1.1" 403 787 "-" "WordPress.com; https://wordpress.com"
103.167.212.47 - - [13/Jun/2026:01:29:21 +0500] "POST /xmlrpc.php HTTP/1.1" 403 787 "-" "WordPress.com; https://wordpress.com"
103.167.212.47 - - [13/Jun/2026:01:29:31 +0500] "POST /xmlrpc.php HTTP/1.1" 403 787 "-" "Jetpack by WordPress.com"
103.167.212.47 - - [13/Jun/2026:01:29:42 +0500] "POST /xmlrpc.php HTTP/1.1" 403 787 "-" "Jetpack/12.0; WordPress/6.1; http://site34834814.com"
103.167.212.47 - - [13/Jun/2026:01:29:53 +0500] "POST /xmlrpc.php HTTP/1.1" 403 787 "-" "Jetpack by WordPress.com"
176.31.139.16 - - [13/Jun/2026:01:29:56 +0500] "GET /items/V8660252 HTTP/2" 404 796 "-" "Mozilla/5.0 (compatible; AhrefsBot/7.0; +http://ahrefs.com/robot/)"
103.167.212.47 - - [13/Jun/2026:01:30:03 +0500] "POST /xmlrpc.php HTTP/1.1" 403 787 "-" "Jetpack/13.0; WordPress/6.2; http://site19574635.com"
103.167.212.47 - - [13/Jun/2026:01:30:14 +0500] "POST /xmlrpc.php HTTP/1.1" 403 787 "-" "WordPress.com; https://wordpress.com"
103.167.212.47 - - [13/Jun/2026:01:30:24 +0500] "POST /xmlrpc.php HTTP/1.1" 403 787 "-" "WordPress.com; https://wordpress.com"
103.167.212.47 - - [13/Jun/2026:01:30:35 +0500] "POST /xmlrpc.php HTTP/1.1" 403 787 "-" "Jetpack by WordPress.com"
103.167.212.47 - - [13/Jun/2026:01:30:45 +0500] "POST /xmlrpc.php HTTP/1.1" 403 787 "-" "Jetpack by WordPress.com"
66.249.64.37 - - [13/Jun/2026:01:30:55 +0500] "GET /items/T851395151 HTTP/1.1" 404 796 "-" "Mozilla/5.0 (Linux; Android 6.0.1; Nexus 5X Build/MMB29P) AppleWebKit/537.36 (KHTML, like Gecko) Chrome/148.0.7778.96 Mobile Safari/537.36 (compatible; GoogleOther)"
103.167.212.47 - - [13/Jun/2026:01:30:56 +0500] "POST /xmlrpc.php HTTP/1.1" 403 787 "-" "Jetpack by WordPress.com"
66.249.64.39 - - [13/Jun/2026:01:31:00 +0500] "GET /items/J8952537 HTTP/1.1" 404 796 "-" "Mozilla/5.0 (Linux; Android 6.0.1; Nexus 5X Build/MMB29P) AppleWebKit/537.36 (KHTML, like Gecko) Chrome/148.0.7778.96 Mobile Safari/537.36 (compatible; GoogleOther)"
103.167.212.47 - - [13/Jun/2026:01:31:07 +0500] "POST /xmlrpc.php HTTP/1.1" 403 787 "-" "Jetpack by WordPress.com (Jetpack 12.0; WordPress 6.4)"
103.167.212.47 - - [13/Jun/2026:01:31:17 +0500] "POST /xmlrpc.php HTTP/1.1" 403 787 "-" "Jetpack/12.1; WordPress/6.1; http://site11639128.com"
103.167.212.47 - - [13/Jun/2026:01:31:28 +0500] "POST /xmlrpc.php HTTP/1.1" 403 787 "-" "WordPress.com; https://wordpress.com"
103.167.212.47 - - [13/Jun/2026:01:31:38 +0500] "POST /xmlrpc.php HTTP/1.1" 403 787 "-" "WordPress.com; https://wordpress.com"
103.167.212.47 - - [13/Jun/2026:01:31:49 +0500] "POST /xmlrpc.php HTTP/1.1" 403 787 "-" "Jetpack by WordPress.com (Jetpack 12.5; WordPress 6.4)"
103.167.212.47 - - [13/Jun/2026:01:32:00 +0500] "POST /xmlrpc.php HTTP/1.1" 403 787 "-" "Jetpack/12.5; WordPress/6.3; http://site94113766.com"
103.167.212.47 - - [13/Jun/2026:01:32:10 +0500] "POST /xmlrpc.php HTTP/1.1" 403 787 "-" "Jetpack by WordPress.com"
66.249.64.37 - - [13/Jun/2026:01:32:15 +0500] "GET /items/S446665787 HTTP/1.1" 404 796 "-" "Mozilla/5.0 (Linux; Android 6.0.1; Nexus 5X Build/MMB29P) AppleWebKit/537.36 (KHTML, like Gecko) Chrome/148.0.7778.96 Mobile Safari/537.36 (compatible; GoogleOther)"
103.167.212.47 - - [13/Jun/2026:01:32:21 +0500] "POST /xmlrpc.php HTTP/1.1" 403 787 "-" "WordPress.com; https://wordpress.com"
5.39.1.231 - - [13/Jun/2026:01:32:22 +0500] "GET /items/Y3431634 HTTP/2" 404 796 "-" "Mozilla/5.0 (compatible; AhrefsBot/7.0; +http://ahrefs.com/robot/)"
103.167.212.47 - - [13/Jun/2026:01:32:31 +0500] "POST /xmlrpc.php HTTP/1.1" 403 787 "-" "Jetpack by WordPress.com (Jetpack 12.0; WordPress 6.2)"
103.167.212.47 - - [13/Jun/2026:01:32:42 +0500] "POST /xmlrpc.php HTTP/1.1" 403 787 "-" "Jetpack by WordPress.com"
66.249.64.38 - - [13/Jun/2026:01:32:52 +0500] "GET /items/K866136681 HTTP/1.1" 404 796 "-" "Mozilla/5.0 (Linux; Android 6.0.1; Nexus 5X Build/MMB29P) AppleWebKit/537.36 (KHTML, like Gecko) Chrome/148.0.7778.96 Mobile Safari/537.36 (compatible; GoogleOther)"
103.167.212.47 - - [13/Jun/2026:01:32:53 +0500] "POST /xmlrpc.php HTTP/1.1" 403 787 "-" "Jetpack by WordPress.com"
103.167.212.47 - - [13/Jun/2026:01:33:03 +0500] "POST /xmlrpc.php HTTP/1.1" 403 787 "-" "Jetpack by WordPress.com (Jetpack 12.5; WordPress 6.2)"
103.167.212.47 - - [13/Jun/2026:01:33:14 +0500] "POST /xmlrpc.php HTTP/1.1" 403 787 "-" "Jetpack by WordPress.com (Jetpack 12.0; WordPress 6.3)"
5.39.1.250 - - [13/Jun/2026:01:33:14 +0500] "GET /items/F91486962 HTTP/2" 404 796 "-" "Mozilla/5.0 (compatible; AhrefsBot/7.0; +http://ahrefs.com/robot/)"
103.167.212.47 - - [13/Jun/2026:01:33:25 +0500] "POST /xmlrpc.php HTTP/1.1" 403 787 "-" "Jetpack/12.5; WordPress/6.3; http://site94163335.com"
103.167.212.47 - - [13/Jun/2026:01:33:35 +0500] "POST /xmlrpc.php HTTP/1.1" 403 787 "-" "Jetpack/12.5; WordPress/6.2; http://site69061530.com"
103.167.212.47 - - [13/Jun/2026:01:33:46 +0500] "POST /xmlrpc.php HTTP/1.1" 403 787 "-" "WordPress.com; https://wordpress.com"
103.167.212.47 - - [13/Jun/2026:01:33:56 +0500] "POST /xmlrpc.php HTTP/1.1" 403 787 "-" "Jetpack by WordPress.com"
37.59.204.156 - - [13/Jun/2026:01:34:04 +0500] "GET /items/M70223769 HTTP/2" 404 796 "-" "Mozilla/5.0 (compatible; AhrefsBot/7.0; +http://ahrefs.com/robot/)"
103.167.212.47 - - [13/Jun/2026:01:34:07 +0500] "POST /xmlrpc.php HTTP/1.1" 403 787 "-" "WordPress.com; https://wordpress.com"
103.167.212.47 - - [13/Jun/2026:01:34:17 +0500] "POST /xmlrpc.php HTTP/1.1" 403 787 "-" "Jetpack by WordPress.com"
103.167.212.47 - - [13/Jun/2026:01:34:28 +0500] "POST /xmlrpc.php HTTP/1.1" 403 787 "-" "Jetpack by WordPress.com (Jetpack 13.0; WordPress 6.4)"
103.167.212.47 - - [13/Jun/2026:01:34:39 +0500] "POST /xmlrpc.php HTTP/1.1" 403 787 "-" "WordPress.com; https://wordpress.com"
94.23.188.221 - - [13/Jun/2026:01:34:48 +0500] "GET /items/J406094500 HTTP/2" 404 796 "-" "Mozilla/5.0 (compatible; AhrefsBot/7.0; +http://ahrefs.com/robot/)"
103.167.212.47 - - [13/Jun/2026:01:34:49 +0500] "POST /xmlrpc.php HTTP/1.1" 403 787 "-" "WordPress.com; https://wordpress.com"
103.167.212.47 - - [13/Jun/2026:01:35:00 +0500] "POST /xmlrpc.php HTTP/1.1" 403 787 "-" "WordPress.com; https://wordpress.com"
103.167.212.47 - - [13/Jun/2026:01:35:11 +0500] "POST /xmlrpc.php HTTP/1.1" 403 787 "-" "Jetpack by WordPress.com (Jetpack 12.5; WordPress 6.4)"
103.167.212.47 - - [13/Jun/2026:01:35:21 +0500] "POST /xmlrpc.php HTTP/1.1" 403 787 "-" "Jetpack by WordPress.com (Jetpack 12.0; WordPress 6.2)"
103.167.212.47 - - [13/Jun/2026:01:35:32 +0500] "POST /xmlrpc.php HTTP/1.1" 403 787 "-" "Jetpack by WordPress.com (Jetpack 13.0; WordPress 6.3)"
51.68.247.200 - - [13/Jun/2026:01:35:35 +0500] "GET /items/S163553855 HTTP/2" 404 796 "-" "Mozilla/5.0 (compatible; AhrefsBot/7.0; +http://ahrefs.com/robot/)"
103.167.212.47 - - [13/Jun/2026:01:35:42 +0500] "POST /xmlrpc.php HTTP/1.1" 403 787 "-" "Jetpack by WordPress.com"
103.167.212.47 - - [13/Jun/2026:01:35:53 +0500] "POST /xmlrpc.php HTTP/1.1" 403 787 "-" "WordPress.com; https://wordpress.com"
103.167.212.47 - - [13/Jun/2026:01:36:03 +0500] "POST /xmlrpc.php HTTP/1.1" 403 787 "-" "WordPress.com; https://wordpress.com"
103.167.212.47 - - [13/Jun/2026:01:36:14 +0500] "POST /xmlrpc.php HTTP/1.1" 403 787 "-" "Jetpack by WordPress.com (Jetpack 12.5; WordPress 6.2)"
103.167.212.47 - - [13/Jun/2026:01:36:25 +0500] "POST /xmlrpc.php HTTP/1.1" 403 787 "-" "Jetpack by WordPress.com"
103.167.212.47 - - [13/Jun/2026:01:36:35 +0500] "POST /xmlrpc.php HTTP/1.1" 403 787 "-" "Jetpack by WordPress.com (Jetpack 12.5; WordPress 6.2)"
5.39.1.236 - - [13/Jun/2026:01:36:38 +0500] "GET /items/R89272763 HTTP/2" 404 796 "-" "Mozilla/5.0 (compatible; AhrefsBot/7.0; +http://ahrefs.com/robot/)"
103.167.212.47 - - [13/Jun/2026:01:36:46 +0500] "POST /xmlrpc.php HTTP/1.1" 403 787 "-" "Jetpack by WordPress.com (Jetpack 12.0; WordPress 6.3)"
103.167.212.47 - - [13/Jun/2026:01:36:56 +0500] "POST /xmlrpc.php HTTP/1.1" 403 787 "-" "Jetpack/12.5; WordPress/6.4; http://site17095888.com"
103.167.212.47 - - [13/Jun/2026:01:37:07 +0500] "POST /xmlrpc.php HTTP/1.1" 403 787 "-" "Jetpack/13.0; WordPress/6.2; http://site61829279.com"
103.167.212.47 - - [13/Jun/2026:01:37:18 +0500] "POST /xmlrpc.php HTTP/1.1" 403 787 "-" "Jetpack/12.0; WordPress/6.3; http://site63288143.com"
5.39.1.245 - - [13/Jun/2026:01:37:28 +0500] "GET /items/A6705511 HTTP/2" 404 796 "-" "Mozilla/5.0 (compatible; AhrefsBot/7.0; +http://ahrefs.com/robot/)"
103.167.212.47 - - [13/Jun/2026:01:37:28 +0500] "POST /xmlrpc.php HTTP/1.1" 403 787 "-" "WordPress.com; https://wordpress.com"
103.167.212.47 - - [13/Jun/2026:01:37:39 +0500] "POST /xmlrpc.php HTTP/1.1" 403 787 "-" "Jetpack by WordPress.com"
103.167.212.47 - - [13/Jun/2026:01:37:49 +0500] "POST /xmlrpc.php HTTP/1.1" 403 787 "-" "Jetpack by WordPress.com"
66.249.64.38 - - [13/Jun/2026:01:37:51 +0500] "GET /items/G89870279 HTTP/1.1" 404 796 "-" "Mozilla/5.0 (Linux; Android 6.0.1; Nexus 5X Build/MMB29P) AppleWebKit/537.36 (KHTML, like Gecko) Chrome/148.0.7778.96 Mobile Safari/537.36 (compatible; GoogleOther)"
103.167.212.47 - - [13/Jun/2026:01:38:00 +0500] "POST /xmlrpc.php HTTP/1.1" 403 787 "-" "Jetpack by WordPress.com"
103.167.212.47 - - [13/Jun/2026:01:38:11 +0500] "POST /xmlrpc.php HTTP/1.1" 403 787 "-" "Jetpack by WordPress.com (Jetpack 13.0; WordPress 6.4)"
103.167.212.47 - - [13/Jun/2026:01:38:21 +0500] "POST /xmlrpc.php HTTP/1.1" 403 787 "-" "Jetpack by WordPress.com (Jetpack 12.0; WordPress 6.3)"
54.37.118.75 - - [13/Jun/2026:01:38:25 +0500] "GET /items/L88190993 HTTP/2" 404 796 "-" "Mozilla/5.0 (compatible; AhrefsBot/7.0; +http://ahrefs.com/robot/)"
92.222.108.96 - - [13/Jun/2026:01:28:15 +0500] "GET /items/H64095178 HTTP/2" 404 796 "-" "Mozilla/5.0 (compatible; AhrefsBot/7.0; +http://ahrefs.com/robot/)"
66.249.64.39 - - [13/Jun/2026:01:29:08 +0500] "GET /items/N4073653 HTTP/1.1" 404 796 "-" "Mozilla/5.0 (Linux; Android 6.0.1; Nexus 5X Build/MMB29P) AppleWebKit/537.36 (KHTML, like Gecko) Chrome/148.0.7778.96 Mobile Safari/537.36 (compatible; GoogleOther)"
66.249.64.38 - - [13/Jun/2026:01:29:46 +0500] "GET /items/J34433387 HTTP/1.1" 404 796 "-" "Mozilla/5.0 (Linux; Android 6.0.1; Nexus 5X Build/MMB29P) AppleWebKit/537.36 (KHTML, like Gecko) Chrome/148.0.7778.96 Mobile Safari/537.36 (compatible; GoogleOther)"
66.249.64.38 - - [13/Jun/2026:01:30:23 +0500] "GET /items/Q28096208 HTTP/1.1" 404 796 "-" "Mozilla/5.0 (Linux; Android 6.0.1; Nexus 5X Build/MMB29P) AppleWebKit/537.36 (KHTML, like Gecko) Chrome/148.0.7778.96 Mobile Safari/537.36 (compatible; GoogleOther)"
37.59.204.146 - - [13/Jun/2026:01:30:31 +0500] "GET /items/T41551799 HTTP/2" 404 796 "-" "Mozilla/5.0 (compatible; AhrefsBot/7.0; +http://ahrefs.com/robot/)"
51.75.236.148 - - [13/Jun/2026:01:31:21 +0500] "GET /items/A12771079 HTTP/2" 404 796 "-" "Mozilla/5.0 (compatible; AhrefsBot/7.0; +http://ahrefs.com/robot/)"
66.249.64.38 - - [13/Jun/2026:01:31:38 +0500] "GET /items/W503088747 HTTP/1.1" 404 796 "-" "Mozilla/5.0 (Linux; Android 6.0.1; Nexus 5X Build/MMB29P) AppleWebKit/537.36 (KHTML, like Gecko) Chrome/148.0.7778.96 Mobile Safari/537.36 (compatible; GoogleOther)"
93.177.119.102 - - [13/Jun/2026:01:33:25 +0500] "GET / HTTP/2" 200 20 "-" "Mozilla/5.0 (Macintosh; Intel Mac OS X 10_15_7) AppleWebKit/537.36 (KHTML, like Gecko) Chrome/120.0.0.0 Safari/537.36"
66.249.64.39 - - [13/Jun/2026:01:33:30 +0500] "GET /items/T40897302 HTTP/1.1" 404 796 "-" "Mozilla/5.0 (Linux; Android 6.0.1; Nexus 5X Build/MMB29P) AppleWebKit/537.36 (KHTML, like Gecko) Chrome/148.0.7778.96 Mobile Safari/537.36 (compatible; GoogleOther)"
66.249.64.38 - - [13/Jun/2026:01:33:34 +0500] "GET /items/V22515662 HTTP/1.1" 404 796 "-" "Mozilla/5.0 (Linux; Android 6.0.1; Nexus 5X Build/MMB29P) AppleWebKit/537.36 (KHTML, like Gecko) Chrome/148.0.7778.96 Mobile Safari/537.36 (compatible; GoogleOther)"
66.249.64.37 - - [13/Jun/2026:01:34:07 +0500] "GET /items/E87928497 HTTP/1.1" 404 796 "-" "Mozilla/5.0 (Linux; Android 6.0.1; Nexus 5X Build/MMB29P) AppleWebKit/537.36 (KHTML, like Gecko) Chrome/148.0.7778.96 Mobile Safari/537.36 (compatible; GoogleOther)"
66.249.64.37 - - [13/Jun/2026:01:34:44 +0500] "GET /items/X24269389 HTTP/1.1" 404 796 "-" "Mozilla/5.0 (Linux; Android 6.0.1; Nexus 5X Build/MMB29P) AppleWebKit/537.36 (KHTML, like Gecko) Chrome/148.0.7778.96 Mobile Safari/537.36 (compatible; GoogleOther)"
66.249.64.39 - - [13/Jun/2026:01:35:22 +0500] "GET /items/L87813302 HTTP/1.1" 404 796 "-" "Mozilla/5.0 (Linux; Android 6.0.1; Nexus 5X Build/MMB29P) AppleWebKit/537.36 (KHTML, like Gecko) Chrome/148.0.7778.96 Mobile Safari/537.36 (compatible; GoogleOther)"
66.249.64.38 - - [13/Jun/2026:01:35:59 +0500] "GET /items/H822259529 HTTP/1.1" 404 796 "-" "Mozilla/5.0 (Linux; Android 6.0.1; Nexus 5X Build/MMB29P) AppleWebKit/537.36 (KHTML, like Gecko) Chrome/148.0.7778.96 Mobile Safari/537.36 (compatible; GoogleOther)"
66.249.64.37 - - [13/Jun/2026:01:36:36 +0500] "GET /items/V216828709 HTTP/1.1" 404 796 "-" "Mozilla/5.0 (Linux; Android 6.0.1; Nexus 5X Build/MMB29P) AppleWebKit/537.36 (KHTML, like Gecko) Chrome/148.0.7778.96 Mobile Safari/537.36 (compatible; GoogleOther)"
66.249.64.38 - - [13/Jun/2026:01:37:14 +0500] "GET /items/U5265357 HTTP/1.1" 404 796 "-" "Mozilla/5.0 (Linux; Android 6.0.1; Nexus 5X Build/MMB29P) AppleWebKit/537.36 (KHTML, like Gecko) Chrome/148.0.7778.96 Mobile Safari/537.36 (compatible; GoogleOther)"
45.47.118.150 - - [13/Jun/2026:01:39:41 +0500] "GET /wp-login.php HTTP/2" 200 1858 "-" "Mozilla/5.0 (Macintosh; Intel Mac OS X 10_15_7) AppleWebKit/537.36 (KHTML, like Gecko) Chrome/145.0.0.0 Safari/537.36"
45.47.118.150 - - [13/Jun/2026:01:39:42 +0500] "POST /wp-login.php HTTP/2" 200 2014 "https://turkishinternationalschools.com/wp-login.php" "Mozilla/5.0 (Macintosh; Intel Mac OS X 10_15_7) AppleWebKit/537.36 (KHTML, like Gecko) Chrome/145.0.0.0 Safari/537.36"
45.47.118.150 - - [13/Jun/2026:01:39:42 +0500] "GET /wp-admin/ HTTP/2" 302 20 "-" "Mozilla/5.0 (Macintosh; Intel Mac OS X 10_15_7) AppleWebKit/537.36 (KHTML, like Gecko) Chrome/145.0.0.0 Safari/537.36"
45.47.118.150 - - [13/Jun/2026:01:39:42 +0500] "GET /wp-login.php?redirect_to=https%3A%2F%2Fturkishinternationalschools.com%2Fwp-admin%2F&reauth=1 HTTP/2" 200 1858 "https://turkishinternationalschools.com/wp-admin/" "Mozilla/5.0 (Macintosh; Intel Mac OS X 10_15_7) AppleWebKit/537.36 (KHTML, like Gecko) Chrome/145.0.0.0 Safari/537.36"
66.249.64.37 - - [13/Jun/2026:01:39:43 +0500] "GET /items/P335318643 HTTP/1.1" 404 796 "-" "Mozilla/5.0 (Linux; Android 6.0.1; Nexus 5X Build/MMB29P) AppleWebKit/537.36 (KHTML, like Gecko) Chrome/148.0.7778.96 Mobile Safari/537.36 (compatible; GoogleOther)"
173.230.78.65 - - [13/Jun/2026:01:39:47 +0500] "GET /wp-login.php HTTP/2" 200 1858 "-" "Mozilla/5.0 (Macintosh; Intel Mac OS X 10_15_7) AppleWebKit/537.36 (KHTML, like Gecko) Chrome/145.0.0.0 Safari/537.36"
173.230.78.65 - - [13/Jun/2026:01:39:47 +0500] "POST /wp-login.php HTTP/2" 200 2014 "https://turkishinternationalschools.com/wp-login.php" "Mozilla/5.0 (Macintosh; Intel Mac OS X 10_15_7) AppleWebKit/537.36 (KHTML, like Gecko) Chrome/145.0.0.0 Safari/537.36"
173.230.78.65 - - [13/Jun/2026:01:39:48 +0500] "GET /wp-admin/ HTTP/2" 302 20 "-" "Mozilla/5.0 (Macintosh; Intel Mac OS X 10_15_7) AppleWebKit/537.36 (KHTML, like Gecko) Chrome/145.0.0.0 Safari/537.36"
173.230.78.65 - - [13/Jun/2026:01:39:48 +0500] "GET /wp-login.php?redirect_to=https%3A%2F%2Fturkishinternationalschools.com%2Fwp-admin%2F&reauth=1 HTTP/2" 200 1858 "https://turkishinternationalschools.com/wp-admin/" "Mozilla/5.0 (Macintosh; Intel Mac OS X 10_15_7) AppleWebKit/537.36 (KHTML, like Gecko) Chrome/145.0.0.0 Safari/537.36"
45.47.118.150 - - [13/Jun/2026:01:39:48 +0500] "GET /wp-login.php HTTP/2" 200 1858 "-" "Mozilla/5.0 (Macintosh; Intel Mac OS X 10_15_7) AppleWebKit/537.36 (KHTML, like Gecko) Chrome/145.0.0.0 Safari/537.36"
45.47.118.150 - - [13/Jun/2026:01:39:49 +0500] "POST /wp-login.php HTTP/2" 200 2014 "https://turkishinternationalschools.com/wp-login.php" "Mozilla/5.0 (Macintosh; Intel Mac OS X 10_15_7) AppleWebKit/537.36 (KHTML, like Gecko) Chrome/145.0.0.0 Safari/537.36"
45.47.118.150 - - [13/Jun/2026:01:39:49 +0500] "GET /wp-admin/ HTTP/2" 302 20 "-" "Mozilla/5.0 (Macintosh; Intel Mac OS X 10_15_7) AppleWebKit/537.36 (KHTML, like Gecko) Chrome/145.0.0.0 Safari/537.36"
45.47.118.150 - - [13/Jun/2026:01:39:49 +0500] "GET /wp-login.php?redirect_to=https%3A%2F%2Fturkishinternationalschools.com%2Fwp-admin%2F&reauth=1 HTTP/2" 200 1858 "https://turkishinternationalschools.com/wp-admin/" "Mozilla/5.0 (Macintosh; Intel Mac OS X 10_15_7) AppleWebKit/537.36 (KHTML, like Gecko) Chrome/145.0.0.0 Safari/537.36"
45.47.118.150 - - [13/Jun/2026:01:39:49 +0500] "GET /wp-login.php HTTP/2" 200 1858 "-" "Mozilla/5.0 (Macintosh; Intel Mac OS X 10_15_7) AppleWebKit/537.36 (KHTML, like Gecko) Chrome/145.0.0.0 Safari/537.36"
45.47.118.150 - - [13/Jun/2026:01:39:50 +0500] "POST /wp-login.php HTTP/2" 200 2014 "https://turkishinternationalschools.com/wp-login.php" "Mozilla/5.0 (Macintosh; Intel Mac OS X 10_15_7) AppleWebKit/537.36 (KHTML, like Gecko) Chrome/145.0.0.0 Safari/537.36"
45.47.118.150 - - [13/Jun/2026:01:39:50 +0500] "GET /wp-admin/ HTTP/2" 302 20 "-" "Mozilla/5.0 (Macintosh; Intel Mac OS X 10_15_7) AppleWebKit/537.36 (KHTML, like Gecko) Chrome/145.0.0.0 Safari/537.36"
45.47.118.150 - - [13/Jun/2026:01:39:50 +0500] "GET /wp-login.php?redirect_to=https%3A%2F%2Fturkishinternationalschools.com%2Fwp-admin%2F&reauth=1 HTTP/2" 200 1858 "https://turkishinternationalschools.com/wp-admin/" "Mozilla/5.0 (Macintosh; Intel Mac OS X 10_15_7) AppleWebKit/537.36 (KHTML, like Gecko) Chrome/145.0.0.0 Safari/537.36"
66.249.64.39 - - [13/Jun/2026:01:38:29 +0500] "GET /items/R15650319 HTTP/1.1" 404 796 "-" "Mozilla/5.0 (Linux; Android 6.0.1; Nexus 5X Build/MMB29P) AppleWebKit/537.36 (KHTML, like Gecko) Chrome/148.0.7778.96 Mobile Safari/537.36 (compatible; GoogleOther)"
103.167.212.47 - - [13/Jun/2026:01:38:32 +0500] "POST /xmlrpc.php HTTP/1.1" 403 787 "-" "WordPress.com; https://wordpress.com"
103.167.212.47 - - [13/Jun/2026:01:38:42 +0500] "POST /xmlrpc.php HTTP/1.1" 403 787 "-" "WordPress.com; https://wordpress.com"
103.167.212.47 - - [13/Jun/2026:01:38:53 +0500] "POST /xmlrpc.php HTTP/1.1" 403 787 "-" "Jetpack by WordPress.com (Jetpack 12.1; WordPress 6.3)"
92.222.104.205 - - [13/Jun/2026:01:39:03 +0500] "GET /items/Z213601061 HTTP/2" 404 796 "-" "Mozilla/5.0 (compatible; AhrefsBot/7.0; +http://ahrefs.com/robot/)"
103.167.212.47 - - [13/Jun/2026:01:39:04 +0500] "POST /xmlrpc.php HTTP/1.1" 403 787 "-" "Jetpack by WordPress.com (Jetpack 12.5; WordPress 6.1)"
66.249.64.39 - - [13/Jun/2026:01:39:06 +0500] "GET /items/Z69708984 HTTP/1.1" 404 796 "-" "Mozilla/5.0 (Linux; Android 6.0.1; Nexus 5X Build/MMB29P) AppleWebKit/537.36 (KHTML, like Gecko) Chrome/148.0.7778.96 Mobile Safari/537.36 (compatible; GoogleOther)"
103.167.212.47 - - [13/Jun/2026:01:39:14 +0500] "POST /xmlrpc.php HTTP/1.1" 403 787 "-" "Jetpack by WordPress.com"
103.167.212.47 - - [13/Jun/2026:01:39:25 +0500] "POST /xmlrpc.php HTTP/1.1" 403 787 "-" "Jetpack by WordPress.com"
103.167.212.47 - - [13/Jun/2026:01:39:36 +0500] "POST /xmlrpc.php HTTP/1.1" 403 787 "-" "Jetpack by WordPress.com (Jetpack 12.0; WordPress 6.4)"
