198.244.240.134 - - [13/Jun/2026:00:34:20 +0500] "GET /items/Q170147814 HTTP/2" 404 796 "-" "Mozilla/5.0 (compatible; AhrefsBot/7.0; +http://ahrefs.com/robot/)"
198.244.240.24 - - [13/Jun/2026:00:36:12 +0500] "GET /items/X76973785 HTTP/2" 404 796 "-" "Mozilla/5.0 (compatible; AhrefsBot/7.0; +http://ahrefs.com/robot/)"
157.119.178.130 - - [13/Jun/2026:00:19:44 +0500] "POST /xmlrpc.php HTTP/1.1" 403 787 "-" "Jetpack/12.0; WordPress/6.4; http://site97474327.com"
157.119.178.130 - - [13/Jun/2026:00:20:32 +0500] "POST /xmlrpc.php HTTP/1.1" 403 787 "-" "Jetpack/13.0; WordPress/6.3; http://site43178441.com"
157.119.178.130 - - [13/Jun/2026:00:20:42 +0500] "POST /xmlrpc.php HTTP/1.1" 403 787 "-" "Jetpack by WordPress.com"
157.119.178.130 - - [13/Jun/2026:00:20:53 +0500] "POST /xmlrpc.php HTTP/1.1" 403 787 "-" "Jetpack/13.0; WordPress/6.2; http://site20062314.com"
157.119.178.130 - - [13/Jun/2026:00:21:03 +0500] "POST /xmlrpc.php HTTP/1.1" 403 787 "-" "Jetpack by WordPress.com (Jetpack 12.0; WordPress 6.4)"
157.119.178.130 - - [13/Jun/2026:00:21:14 +0500] "POST /xmlrpc.php HTTP/1.1" 403 787 "-" "Jetpack by WordPress.com"
157.119.178.130 - - [13/Jun/2026:00:21:25 +0500] "POST /xmlrpc.php HTTP/1.1" 403 787 "-" "Jetpack by WordPress.com"
157.119.178.130 - - [13/Jun/2026:00:21:35 +0500] "POST /xmlrpc.php HTTP/1.1" 403 787 "-" "Jetpack/12.1; WordPress/6.3; http://site42761029.com"
157.119.178.130 - - [13/Jun/2026:00:21:46 +0500] "POST /xmlrpc.php HTTP/1.1" 403 787 "-" "WordPress.com; https://wordpress.com"
157.119.178.130 - - [13/Jun/2026:00:21:57 +0500] "POST /xmlrpc.php HTTP/1.1" 403 787 "-" "WordPress.com; https://wordpress.com"
157.119.178.130 - - [13/Jun/2026:00:22:07 +0500] "POST /xmlrpc.php HTTP/1.1" 403 787 "-" "Jetpack/12.1; WordPress/6.4; http://site19383785.com"
157.119.178.130 - - [13/Jun/2026:00:22:18 +0500] "POST /xmlrpc.php HTTP/1.1" 403 787 "-" "WordPress.com; https://wordpress.com"
157.119.178.130 - - [13/Jun/2026:00:22:29 +0500] "POST /xmlrpc.php HTTP/1.1" 403 787 "-" "WordPress.com; https://wordpress.com"
157.119.178.130 - - [13/Jun/2026:00:22:39 +0500] "POST /xmlrpc.php HTTP/1.1" 403 787 "-" "Jetpack/12.1; WordPress/6.1; http://site74020157.com"
157.119.178.130 - - [13/Jun/2026:00:22:50 +0500] "POST /xmlrpc.php HTTP/1.1" 403 787 "-" "Jetpack/12.1; WordPress/6.2; http://site79701701.com"
157.119.178.130 - - [13/Jun/2026:00:23:01 +0500] "POST /xmlrpc.php HTTP/1.1" 403 787 "-" "Jetpack by WordPress.com"
157.119.178.130 - - [13/Jun/2026:00:23:11 +0500] "POST /xmlrpc.php HTTP/1.1" 403 787 "-" "Jetpack by WordPress.com (Jetpack 12.0; WordPress 6.3)"
157.119.178.130 - - [13/Jun/2026:00:23:22 +0500] "POST /xmlrpc.php HTTP/1.1" 403 787 "-" "Jetpack by WordPress.com"
198.244.242.225 - - [13/Jun/2026:00:23:30 +0500] "GET /items/S115867899 HTTP/2" 404 796 "-" "Mozilla/5.0 (compatible; AhrefsBot/7.0; +http://ahrefs.com/robot/)"
157.119.178.130 - - [13/Jun/2026:00:23:33 +0500] "POST /xmlrpc.php HTTP/1.1" 403 787 "-" "Jetpack by WordPress.com (Jetpack 13.0; WordPress 6.4)"
198.244.168.52 - - [13/Jun/2026:00:24:37 +0500] "GET /items/Q6759384 HTTP/2" 404 796 "-" "Mozilla/5.0 (compatible; AhrefsBot/7.0; +http://ahrefs.com/robot/)"
51.89.129.224 - - [13/Jun/2026:00:25:36 +0500] "GET /items/M1750220 HTTP/2" 404 796 "-" "Mozilla/5.0 (compatible; AhrefsBot/7.0; +http://ahrefs.com/robot/)"
51.195.183.172 - - [13/Jun/2026:00:28:15 +0500] "GET /items/B8686346 HTTP/2" 404 796 "-" "Mozilla/5.0 (compatible; AhrefsBot/7.0; +http://ahrefs.com/robot/)"
51.195.215.138 - - [13/Jun/2026:00:29:11 +0500] "GET /items/T437992241 HTTP/2" 404 796 "-" "Mozilla/5.0 (compatible; AhrefsBot/7.0; +http://ahrefs.com/robot/)"
51.89.129.163 - - [13/Jun/2026:00:31:03 +0500] "GET /items/Y43623200 HTTP/2" 404 796 "-" "Mozilla/5.0 (compatible; AhrefsBot/7.0; +http://ahrefs.com/robot/)"
66.249.64.38 - - [13/Jun/2026:00:33:27 +0500] "GET /items/V49123496 HTTP/1.1" 404 796 "-" "Mozilla/5.0 (Linux; Android 6.0.1; Nexus 5X Build/MMB29P) AppleWebKit/537.36 (KHTML, like Gecko) Chrome/148.0.7778.96 Mobile Safari/537.36 (compatible; GoogleOther)"
54.38.147.1 - - [13/Jun/2026:00:35:20 +0500] "GET /items/M152848506 HTTP/2" 404 796 "-" "Mozilla/5.0 (compatible; AhrefsBot/7.0; +http://ahrefs.com/robot/)"
91.218.123.192 - - [13/Jun/2026:00:39:57 +0500] "POST /wp-content/themes/top_1781072153/images/custom_functions_1781072154.php HTTP/2" 200 66 "-" "Mozilla/5.0 (Macintosh; Intel Mac OS X 10_15_7) AppleWebKit/537.36 (KHTML, like Gecko) Chrome/120.0.0.0 Safari/537.36"
91.218.123.192 - - [13/Jun/2026:00:39:58 +0500] "POST /wp-content/themes/top_1781072153/images/custom_functions_1781072154.php HTTP/2" 200 50 "-" "Mozilla/5.0 (Macintosh; Intel Mac OS X 10_15_7) AppleWebKit/537.36 (KHTML, like Gecko) Chrome/120.0.0.0 Safari/537.36"
83.142.53.55 - - [13/Jun/2026:00:39:59 +0500] "POST /wp-content/themes/bottom_1781114526/inc/config.1781114526.php HTTP/2" 200 67 "-" "Mozilla/5.0 (Macintosh; Intel Mac OS X 10_15_7) AppleWebKit/537.36 (KHTML, like Gecko) Chrome/120.0.0.0 Safari/537.36"
83.142.53.55 - - [13/Jun/2026:00:40:00 +0500] "POST /wp-content/themes/bottom_1781114526/inc/config.1781114526.php HTTP/2" 200 50 "-" "Mozilla/5.0 (Macintosh; Intel Mac OS X 10_15_7) AppleWebKit/537.36 (KHTML, like Gecko) Chrome/120.0.0.0 Safari/537.36"
83.142.53.55 - - [13/Jun/2026:00:40:01 +0500] "POST /wp-content/themes/bottom_1781114526/inc/config.1781114526.php HTTP/2" 200 62 "-" "Mozilla/5.0 (Macintosh; Intel Mac OS X 10_15_7) AppleWebKit/537.36 (KHTML, like Gecko) Chrome/120.0.0.0 Safari/537.36"
91.218.123.192 - - [13/Jun/2026:00:40:02 +0500] "POST /wp-content/themes/top_1781072153/images/custom_functions_1781072154.php HTTP/2" 200 70 "-" "Mozilla/5.0 (Macintosh; Intel Mac OS X 10_15_7) AppleWebKit/537.36 (KHTML, like Gecko) Chrome/120.0.0.0 Safari/537.36"
66.249.64.38 - - [13/Jun/2026:00:41:16 +0500] "GET /items/T353906351 HTTP/1.1" 404 796 "-" "Mozilla/5.0 (Linux; Android 6.0.1; Nexus 5X Build/MMB29P) AppleWebKit/537.36 (KHTML, like Gecko) Chrome/148.0.7778.96 Mobile Safari/537.36 (compatible; GoogleOther)"
47.128.118.60 - - [13/Jun/2026:00:42:56 +0500] "GET /course-category/classes/ HTTP/2" 404 796 "-" "Mozilla/5.0 (Linux; Android 5.0) AppleWebKit/537.36 (KHTML, like Gecko) Mobile Safari/537.36 (compatible; Bytespider; spider-feedback@bytedance.com)"
66.249.64.38 - - [13/Jun/2026:00:52:41 +0500] "GET /items/L8736525 HTTP/1.1" 404 796 "-" "Mozilla/5.0 (Linux; Android 6.0.1; Nexus 5X Build/MMB29P) AppleWebKit/537.36 (KHTML, like Gecko) Chrome/148.0.7778.96 Mobile Safari/537.36 (compatible; GoogleOther)"
54.38.147.240 - - [13/Jun/2026:00:37:01 +0500] "GET /mad-casino-registratie-waarom-het-snel-en-veilig-is/feed/ HTTP/2" 404 796 "-" "Mozilla/5.0 (compatible; AhrefsBot/7.0; +http://ahrefs.com/robot/)"
198.244.183.61 - - [13/Jun/2026:00:37:42 +0500] "GET /items/L68273152 HTTP/2" 404 796 "-" "Mozilla/5.0 (compatible; AhrefsBot/7.0; +http://ahrefs.com/robot/)"
51.195.244.133 - - [13/Jun/2026:00:38:28 +0500] "GET /items/O3621097 HTTP/2" 404 796 "-" "Mozilla/5.0 (compatible; AhrefsBot/7.0; +http://ahrefs.com/robot/)"
17.246.19.94 - - [13/Jun/2026:00:38:31 +0500] "GET /welke-factoren-bepalen-de-betrouwbaarheid-van-een-platform-als-luckzie-casino/ HTTP/2" 404 796 "-" "Mozilla/5.0 (Macintosh; Intel Mac OS X 10_15_7) AppleWebKit/605.1.15 (KHTML, like Gecko) Version/17.4 Safari/605.1.15 (Applebot/0.1; +http://www.apple.com/go/applebot)"
198.244.240.47 - - [13/Jun/2026:00:39:02 +0500] "GET /items/L1699791 HTTP/2" 404 796 "-" "Mozilla/5.0 (compatible; AhrefsBot/7.0; +http://ahrefs.com/robot/)"
178.63.189.57 - - [13/Jun/2026:00:43:41 +0500] "POST /wp-cron.php?doing_wp_cron=1781293421.4058859348297119140625 HTTP/1.1" 200 20 "-" "WordPress/7.0; https://turkishinternationalschools.com"
193.148.56.134 - - [13/Jun/2026:00:43:41 +0500] "GET /wp-login.php HTTP/1.1" 200 4945 "-" "Mozilla/5.0 (Macintosh; Intel Mac OS X 10_15_7) AppleWebKit/605.1.15 (KHTML, like Gecko) Version/17.1 Safari/605.1.15"
193.148.56.134 - - [13/Jun/2026:00:43:52 +0500] "POST /wp-login.php HTTP/1.1" 200 5337 "-" "Mozilla/5.0 (Macintosh; Intel Mac OS X 10_15_7) AppleWebKit/605.1.15 (KHTML, like Gecko) Version/17.1 Safari/605.1.15"
17.22.245.145 - - [13/Jun/2026:00:44:56 +0500] "GET /welke-betaalopties-met-kaart-en-crypto-ondersteunt-vox-casino-goed/ HTTP/2" 404 796 "-" "Mozilla/5.0 (Macintosh; Intel Mac OS X 10_15_7) AppleWebKit/605.1.15 (KHTML, like Gecko) Version/17.4 Safari/605.1.15 (Applebot/0.1; +http://www.apple.com/go/applebot)"
17.246.19.86 - - [13/Jun/2026:00:49:46 +0500] "GET /review-van-mostbet-casino-reputatie-en-spelerservaringen/ HTTP/2" 404 796 "-" "Mozilla/5.0 (Macintosh; Intel Mac OS X 10_15_7) AppleWebKit/605.1.15 (KHTML, like Gecko) Version/17.4 Safari/605.1.15 (Applebot/0.1; +http://www.apple.com/go/applebot)"
66.249.64.38 - - [13/Jun/2026:00:50:00 +0500] "GET /items/P4975295 HTTP/1.1" 404 796 "-" "Mozilla/5.0 (Linux; Android 6.0.1; Nexus 5X Build/MMB29P) AppleWebKit/537.36 (KHTML, like Gecko) Chrome/148.0.7778.96 Mobile Safari/537.36 (compatible; GoogleOther)"
66.249.64.37 - - [13/Jun/2026:00:50:33 +0500] "GET /items/P42823485 HTTP/1.1" 404 796 "-" "Mozilla/5.0 (Linux; Android 6.0.1; Nexus 5X Build/MMB29P) AppleWebKit/537.36 (KHTML, like Gecko) Chrome/148.0.7778.96 Mobile Safari/537.36 (compatible; GoogleOther)"
95.85.238.209 - - [13/Jun/2026:00:50:50 +0500] "GET /wp-login.php HTTP/1.1" 200 4945 "-" "Mozilla/5.0 (Windows NT 6.1; rv:31.0) Gecko/20100101 Firefox/31.0"
95.85.238.209 - - [13/Jun/2026:00:50:50 +0500] "POST /wp-login.php HTTP/1.1" 200 5332 "-" "Mozilla/5.0 (Windows NT 6.1; rv:31.0) Gecko/20100101 Firefox/31.0"
66.249.64.38 - - [13/Jun/2026:00:51:11 +0500] "GET /items/U110341625 HTTP/1.1" 404 796 "-" "Mozilla/5.0 (Linux; Android 6.0.1; Nexus 5X Build/MMB29P) AppleWebKit/537.36 (KHTML, like Gecko) Chrome/148.0.7778.96 Mobile Safari/537.36 (compatible; GoogleOther)"
66.249.64.39 - - [13/Jun/2026:00:53:08 +0500] "GET /items/A1994308 HTTP/1.1" 404 796 "-" "Mozilla/5.0 (Linux; Android 6.0.1; Nexus 5X Build/MMB29P) AppleWebKit/537.36 (KHTML, like Gecko) Chrome/148.0.7778.96 Mobile Safari/537.36 (compatible; GoogleOther)"
66.249.64.37 - - [13/Jun/2026:00:53:30 +0500] "GET /items/L365648159 HTTP/1.1" 404 796 "-" "Mozilla/5.0 (Linux; Android 6.0.1; Nexus 5X Build/MMB29P) AppleWebKit/537.36 (KHTML, like Gecko) Chrome/148.0.7778.96 Mobile Safari/537.36 (compatible; GoogleOther)"
66.249.64.37 - - [13/Jun/2026:00:53:32 +0500] "GET /items/U924811408 HTTP/1.1" 404 796 "-" "Mozilla/5.0 (Linux; Android 6.0.1; Nexus 5X Build/MMB29P) AppleWebKit/537.36 (KHTML, like Gecko) Chrome/148.0.7778.96 Mobile Safari/537.36 (compatible; GoogleOther)"
51.89.129.100 - - [13/Jun/2026:00:53:40 +0500] "GET /items/L262611965 HTTP/2" 404 796 "-" "Mozilla/5.0 (compatible; AhrefsBot/7.0; +http://ahrefs.com/robot/)"
167.249.227.120 - - [13/Jun/2026:00:53:58 +0500] "POST /xmlrpc.php HTTP/1.1" 403 787 "-" "Jetpack/12.1; WordPress/6.4; http://site98675783.com"
167.249.227.120 - - [13/Jun/2026:00:54:07 +0500] "POST /xmlrpc.php HTTP/1.1" 403 787 "-" "Jetpack by WordPress.com (Jetpack 12.1; WordPress 6.1)"
167.249.227.120 - - [13/Jun/2026:00:54:18 +0500] "POST /xmlrpc.php HTTP/1.1" 403 787 "-" "Jetpack by WordPress.com"
66.249.64.37 - - [13/Jun/2026:00:54:19 +0500] "GET /items/K42683158 HTTP/1.1" 404 796 "-" "Mozilla/5.0 (Linux; Android 6.0.1; Nexus 5X Build/MMB29P) AppleWebKit/537.36 (KHTML, like Gecko) Chrome/148.0.7778.96 Mobile Safari/537.36 (compatible; GoogleOther)"
66.249.64.37 - - [13/Jun/2026:00:54:23 +0500] "GET /items/M199946901 HTTP/1.1" 404 796 "-" "Mozilla/5.0 (Linux; Android 6.0.1; Nexus 5X Build/MMB29P) AppleWebKit/537.36 (KHTML, like Gecko) Chrome/148.0.7778.96 Mobile Safari/537.36 (compatible; GoogleOther)"
198.244.168.96 - - [13/Jun/2026:00:54:24 +0500] "GET /items/H7929590 HTTP/2" 404 796 "-" "Mozilla/5.0 (compatible; AhrefsBot/7.0; +http://ahrefs.com/robot/)"
66.249.64.37 - - [13/Jun/2026:00:54:25 +0500] "GET /items/A5784639 HTTP/1.1" 404 796 "-" "Mozilla/5.0 (Linux; Android 6.0.1; Nexus 5X Build/MMB29P) AppleWebKit/537.36 (KHTML, like Gecko) Chrome/148.0.7778.96 Mobile Safari/537.36 (compatible; GoogleOther)"
167.249.227.120 - - [13/Jun/2026:00:54:29 +0500] "POST /xmlrpc.php HTTP/1.1" 403 787 "-" "Jetpack by WordPress.com"
66.249.64.37 - - [13/Jun/2026:00:54:35 +0500] "GET /items/M1350366 HTTP/1.1" 404 796 "-" "Mozilla/5.0 (Linux; Android 6.0.1; Nexus 5X Build/MMB29P) AppleWebKit/537.36 (KHTML, like Gecko) Chrome/148.0.7778.96 Mobile Safari/537.36 (compatible; GoogleOther)"
167.249.227.120 - - [13/Jun/2026:00:54:39 +0500] "POST /xmlrpc.php HTTP/1.1" 403 787 "-" "Jetpack/13.0; WordPress/6.1; http://site19772466.com"
167.249.227.120 - - [13/Jun/2026:00:54:50 +0500] "POST /xmlrpc.php HTTP/1.1" 403 787 "-" "Jetpack/13.0; WordPress/6.1; http://site66676689.com"
57.141.20.3 - - [13/Jun/2026:00:54:54 +0500] "GET /wp-sitemap-posts-pbmit-team-member-1.xml HTTP/2" 404 796 "-" "meta-externalagent/1.1 (+https://developers.facebook.com/docs/sharing/webmasters/crawler)"
167.249.227.120 - - [13/Jun/2026:00:55:00 +0500] "POST /xmlrpc.php HTTP/1.1" 403 787 "-" "WordPress.com; https://wordpress.com"
66.249.64.39 - - [13/Jun/2026:00:55:08 +0500] "GET /items/K4509024 HTTP/1.1" 404 796 "-" "Mozilla/5.0 (Linux; Android 6.0.1; Nexus 5X Build/MMB29P) AppleWebKit/537.36 (KHTML, like Gecko) Chrome/148.0.7778.96 Mobile Safari/537.36 (compatible; GoogleOther)"
167.249.227.120 - - [13/Jun/2026:00:55:11 +0500] "POST /xmlrpc.php HTTP/1.1" 403 787 "-" "Jetpack by WordPress.com (Jetpack 13.0; WordPress 6.3)"
66.249.64.37 - - [13/Jun/2026:00:55:14 +0500] "GET /items/U27262846 HTTP/1.1" 404 796 "-" "Mozilla/5.0 (Linux; Android 6.0.1; Nexus 5X Build/MMB29P) AppleWebKit/537.36 (KHTML, like Gecko) Chrome/148.0.7778.96 Mobile Safari/537.36 (compatible; GoogleOther)"
167.249.227.120 - - [13/Jun/2026:00:55:22 +0500] "POST /xmlrpc.php HTTP/1.1" 403 787 "-" "Jetpack by WordPress.com"
51.195.183.9 - - [13/Jun/2026:00:53:04 +0500] "GET /items/N261858512 HTTP/2" 404 796 "-" "Mozilla/5.0 (compatible; AhrefsBot/7.0; +http://ahrefs.com/robot/)"
66.249.64.38 - - [13/Jun/2026:00:53:16 +0500] "GET /items/Z706868463 HTTP/1.1" 404 796 "-" "Mozilla/5.0 (Linux; Android 6.0.1; Nexus 5X Build/MMB29P) AppleWebKit/537.36 (KHTML, like Gecko) Chrome/148.0.7778.96 Mobile Safari/537.36 (compatible; GoogleOther)"
66.249.64.37 - - [13/Jun/2026:00:53:46 +0500] "GET /items/F2702056 HTTP/1.1" 404 796 "-" "Mozilla/5.0 (Linux; Android 6.0.1; Nexus 5X Build/MMB29P) AppleWebKit/537.36 (KHTML, like Gecko) Chrome/148.0.7778.96 Mobile Safari/537.36 (compatible; GoogleOther)"
66.249.64.37 - - [13/Jun/2026:00:53:58 +0500] "GET /items/K1745579 HTTP/1.1" 404 796 "-" "Mozilla/5.0 (Linux; Android 6.0.1; Nexus 5X Build/MMB29P) AppleWebKit/537.36 (KHTML, like Gecko) Chrome/148.0.7778.96 Mobile Safari/537.36 (compatible; GoogleOther)"
66.249.64.39 - - [13/Jun/2026:00:54:03 +0500] "GET /items/T98997428 HTTP/1.1" 404 796 "-" "Mozilla/5.0 (Linux; Android 6.0.1; Nexus 5X Build/MMB29P) AppleWebKit/537.36 (KHTML, like Gecko) Chrome/148.0.7778.96 Mobile Safari/537.36 (compatible; GoogleOther)"
66.249.64.37 - - [13/Jun/2026:00:54:49 +0500] "GET /items/O78007101 HTTP/1.1" 404 796 "-" "Mozilla/5.0 (Linux; Android 6.0.1; Nexus 5X Build/MMB29P) AppleWebKit/537.36 (KHTML, like Gecko) Chrome/148.0.7778.96 Mobile Safari/537.36 (compatible; GoogleOther)"
66.249.64.37 - - [13/Jun/2026:00:54:52 +0500] "GET /items/L152817514 HTTP/1.1" 404 796 "-" "Mozilla/5.0 (Linux; Android 6.0.1; Nexus 5X Build/MMB29P) AppleWebKit/537.36 (KHTML, like Gecko) Chrome/148.0.7778.96 Mobile Safari/537.36 (compatible; GoogleOther)"
51.195.183.60 - - [13/Jun/2026:00:55:02 +0500] "GET /items/G3947605 HTTP/2" 404 796 "-" "Mozilla/5.0 (compatible; AhrefsBot/7.0; +http://ahrefs.com/robot/)"
5.39.1.244 - - [13/Jun/2026:00:55:39 +0500] "GET /robots.txt HTTP/2" 200 88 "-" "Mozilla/5.0 (compatible; AhrefsBot/7.0; +http://ahrefs.com/robot/)"
66.249.64.37 - - [13/Jun/2026:00:55:40 +0500] "GET /items/X97926793 HTTP/1.1" 404 796 "-" "Mozilla/5.0 (Linux; Android 6.0.1; Nexus 5X Build/MMB29P) AppleWebKit/537.36 (KHTML, like Gecko) Chrome/148.0.7778.96 Mobile Safari/537.36 (compatible; GoogleOther)"
5.39.1.237 - - [13/Jun/2026:00:55:40 +0500] "GET /items/F2121942 HTTP/2" 404 796 "-" "Mozilla/5.0 (compatible; AhrefsBot/7.0; +http://ahrefs.com/robot/)"
66.249.64.37 - - [13/Jun/2026:00:55:41 +0500] "GET /items/S5127546 HTTP/1.1" 404 796 "-" "Mozilla/5.0 (Linux; Android 6.0.1; Nexus 5X Build/MMB29P) AppleWebKit/537.36 (KHTML, like Gecko) Chrome/148.0.7778.96 Mobile Safari/537.36 (compatible; GoogleOther)"
66.249.64.37 - - [13/Jun/2026:00:55:57 +0500] "GET /items/I361113638 HTTP/1.1" 404 796 "-" "Mozilla/5.0 (Linux; Android 6.0.1; Nexus 5X Build/MMB29P) AppleWebKit/537.36 (KHTML, like Gecko) Chrome/148.0.7778.96 Mobile Safari/537.36 (compatible; GoogleOther)"
66.249.64.38 - - [13/Jun/2026:00:56:11 +0500] "GET /items/F10198593 HTTP/1.1" 404 796 "-" "Mozilla/5.0 (Linux; Android 6.0.1; Nexus 5X Build/MMB29P) AppleWebKit/537.36 (KHTML, like Gecko) Chrome/148.0.7778.96 Mobile Safari/537.36 (compatible; GoogleOther)"
94.23.188.219 - - [13/Jun/2026:00:56:13 +0500] "GET /items/B753211760 HTTP/2" 404 796 "-" "Mozilla/5.0 (compatible; AhrefsBot/7.0; +http://ahrefs.com/robot/)"
66.249.64.37 - - [13/Jun/2026:00:56:14 +0500] "GET /items/M1539544 HTTP/1.1" 404 796 "-" "Mozilla/5.0 (Linux; Android 6.0.1; Nexus 5X Build/MMB29P) AppleWebKit/537.36 (KHTML, like Gecko) Chrome/148.0.7778.96 Mobile Safari/537.36 (compatible; GoogleOther)"
66.249.64.37 - - [13/Jun/2026:00:56:47 +0500] "GET /items/Z9217084 HTTP/1.1" 404 796 "-" "Mozilla/5.0 (Linux; Android 6.0.1; Nexus 5X Build/MMB29P) AppleWebKit/537.36 (KHTML, like Gecko) Chrome/148.0.7778.96 Mobile Safari/537.36 (compatible; GoogleOther)"
66.249.64.37 - - [13/Jun/2026:00:55:25 +0500] "GET /items/M1820259 HTTP/1.1" 404 796 "-" "Mozilla/5.0 (Linux; Android 6.0.1; Nexus 5X Build/MMB29P) AppleWebKit/537.36 (KHTML, like Gecko) Chrome/148.0.7778.96 Mobile Safari/537.36 (compatible; GoogleOther)"
167.249.227.120 - - [13/Jun/2026:00:55:33 +0500] "POST /xmlrpc.php HTTP/1.1" 403 787 "-" "Jetpack by WordPress.com (Jetpack 12.0; WordPress 6.4)"
167.249.227.120 - - [13/Jun/2026:00:55:43 +0500] "POST /xmlrpc.php HTTP/1.1" 403 787 "-" "Jetpack/13.0; WordPress/6.3; http://site25163021.com"
167.249.227.120 - - [13/Jun/2026:00:55:54 +0500] "POST /xmlrpc.php HTTP/1.1" 403 787 "-" "Jetpack/13.0; WordPress/6.3; http://site82973537.com"
167.249.227.120 - - [13/Jun/2026:00:56:05 +0500] "POST /xmlrpc.php HTTP/1.1" 403 787 "-" "Jetpack/12.5; WordPress/6.4; http://site66212188.com"
66.249.64.38 - - [13/Jun/2026:00:56:06 +0500] "GET /items/L76133666 HTTP/1.1" 404 796 "-" "Mozilla/5.0 (Linux; Android 6.0.1; Nexus 5X Build/MMB29P) AppleWebKit/537.36 (KHTML, like Gecko) Chrome/148.0.7778.96 Mobile Safari/537.36 (compatible; GoogleOther)"
167.249.227.120 - - [13/Jun/2026:00:56:15 +0500] "POST /xmlrpc.php HTTP/1.1" 403 787 "-" "Jetpack by WordPress.com (Jetpack 13.0; WordPress 6.3)"
167.249.227.120 - - [13/Jun/2026:00:56:26 +0500] "POST /xmlrpc.php HTTP/1.1" 403 787 "-" "Jetpack by WordPress.com (Jetpack 12.5; WordPress 6.4)"
66.249.64.37 - - [13/Jun/2026:00:56:27 +0500] "GET /items/W2971824 HTTP/1.1" 404 796 "-" "Mozilla/5.0 (Linux; Android 6.0.1; Nexus 5X Build/MMB29P) AppleWebKit/537.36 (KHTML, like Gecko) Chrome/148.0.7778.96 Mobile Safari/537.36 (compatible; Googlebot/2.1; +http://www.google.com/bot.html)"
66.249.64.37 - - [13/Jun/2026:00:56:30 +0500] "GET /items/U58842656 HTTP/1.1" 404 796 "-" "Mozilla/5.0 (Linux; Android 6.0.1; Nexus 5X Build/MMB29P) AppleWebKit/537.36 (KHTML, like Gecko) Chrome/148.0.7778.96 Mobile Safari/537.36 (compatible; GoogleOther)"
66.249.64.37 - - [13/Jun/2026:00:56:31 +0500] "GET /items/X56956286 HTTP/1.1" 404 796 "-" "Mozilla/5.0 (Linux; Android 6.0.1; Nexus 5X Build/MMB29P) AppleWebKit/537.36 (KHTML, like Gecko) Chrome/148.0.7778.96 Mobile Safari/537.36 (compatible; GoogleOther)"
167.249.227.120 - - [13/Jun/2026:00:56:37 +0500] "POST /xmlrpc.php HTTP/1.1" 403 787 "-" "Jetpack by WordPress.com (Jetpack 12.1; WordPress 6.4)"
167.249.227.120 - - [13/Jun/2026:00:56:48 +0500] "POST /xmlrpc.php HTTP/1.1" 403 787 "-" "WordPress.com; https://wordpress.com"
167.249.227.120 - - [13/Jun/2026:00:56:58 +0500] "POST /xmlrpc.php HTTP/1.1" 403 787 "-" "Jetpack/12.0; WordPress/6.4; http://site89503671.com"
66.249.64.38 - - [13/Jun/2026:00:57:03 +0500] "GET /items/E393677564 HTTP/1.1" 404 796 "-" "Mozilla/5.0 (Linux; Android 6.0.1; Nexus 5X Build/MMB29P) AppleWebKit/537.36 (KHTML, like Gecko) Chrome/148.0.7778.96 Mobile Safari/537.36 (compatible; GoogleOther)"
167.249.227.120 - - [13/Jun/2026:00:57:09 +0500] "POST /xmlrpc.php HTTP/1.1" 403 787 "-" "Jetpack by WordPress.com"
66.249.64.37 - - [13/Jun/2026:00:57:20 +0500] "GET /items/B1952006 HTTP/1.1" 404 796 "-" "Mozilla/5.0 (Linux; Android 6.0.1; Nexus 5X Build/MMB29P) AppleWebKit/537.36 (KHTML, like Gecko) Chrome/148.0.7778.96 Mobile Safari/537.36 (compatible; GoogleOther)"
167.249.227.120 - - [13/Jun/2026:00:57:20 +0500] "POST /xmlrpc.php HTTP/1.1" 403 787 "-" "Jetpack by WordPress.com"
66.249.64.37 - - [13/Jun/2026:00:57:22 +0500] "GET /items/O51754570 HTTP/1.1" 404 796 "-" "Mozilla/5.0 (Linux; Android 6.0.1; Nexus 5X Build/MMB29P) AppleWebKit/537.36 (KHTML, like Gecko) Chrome/148.0.7778.96 Mobile Safari/537.36 (compatible; GoogleOther)"
167.249.227.120 - - [13/Jun/2026:00:57:30 +0500] "POST /xmlrpc.php HTTP/1.1" 403 787 "-" "Jetpack/12.0; WordPress/6.1; http://site51806613.com"
66.249.64.37 - - [13/Jun/2026:00:57:36 +0500] "GET /items/T97046023 HTTP/1.1" 404 796 "-" "Mozilla/5.0 (Linux; Android 6.0.1; Nexus 5X Build/MMB29P) AppleWebKit/537.36 (KHTML, like Gecko) Chrome/148.0.7778.96 Mobile Safari/537.36 (compatible; GoogleOther)"
167.249.227.120 - - [13/Jun/2026:00:57:41 +0500] "POST /xmlrpc.php HTTP/1.1" 403 787 "-" "Jetpack by WordPress.com (Jetpack 12.5; WordPress 6.1)"
176.31.139.10 - - [13/Jun/2026:00:57:48 +0500] "GET /items/G62616887 HTTP/2" 404 796 "-" "Mozilla/5.0 (compatible; AhrefsBot/7.0; +http://ahrefs.com/robot/)"
167.249.227.120 - - [13/Jun/2026:00:57:52 +0500] "POST /xmlrpc.php HTTP/1.1" 403 787 "-" "Jetpack/12.1; WordPress/6.1; http://site56785894.com"
176.31.139.9 - - [13/Jun/2026:00:57:56 +0500] "GET /items/C921503541 HTTP/2" 404 796 "-" "Mozilla/5.0 (compatible; AhrefsBot/7.0; +http://ahrefs.com/robot/)"
66.249.64.38 - - [13/Jun/2026:00:58:01 +0500] "GET /items/D9615828 HTTP/1.1" 404 796 "-" "Mozilla/5.0 (Linux; Android 6.0.1; Nexus 5X Build/MMB29P) AppleWebKit/537.36 (KHTML, like Gecko) Chrome/148.0.7778.96 Mobile Safari/537.36 (compatible; GoogleOther)"
167.249.227.120 - - [13/Jun/2026:00:58:03 +0500] "POST /xmlrpc.php HTTP/1.1" 403 787 "-" "Jetpack/12.5; WordPress/6.3; http://site86625778.com"
66.249.64.37 - - [13/Jun/2026:00:58:12 +0500] "GET /items/R41931164 HTTP/1.1" 404 796 "-" "Mozilla/5.0 (Linux; Android 6.0.1; Nexus 5X Build/MMB29P) AppleWebKit/537.36 (KHTML, like Gecko) Chrome/148.0.7778.96 Mobile Safari/537.36 (compatible; GoogleOther)"
167.249.227.120 - - [13/Jun/2026:00:58:13 +0500] "POST /xmlrpc.php HTTP/1.1" 403 787 "-" "Jetpack by WordPress.com"
66.249.64.37 - - [13/Jun/2026:00:58:22 +0500] "GET /items/N1600774 HTTP/1.1" 404 796 "-" "Mozilla/5.0 (Linux; Android 6.0.1; Nexus 5X Build/MMB29P) AppleWebKit/537.36 (KHTML, like Gecko) Chrome/148.0.7778.96 Mobile Safari/537.36 (compatible; GoogleOther)"
167.249.227.120 - - [13/Jun/2026:00:58:24 +0500] "POST /xmlrpc.php HTTP/1.1" 403 787 "-" "Jetpack by WordPress.com"
66.249.64.37 - - [13/Jun/2026:00:58:25 +0500] "GET /items/Q175293582 HTTP/1.1" 404 796 "-" "Mozilla/5.0 (Linux; Android 6.0.1; Nexus 5X Build/MMB29P) AppleWebKit/537.36 (KHTML, like Gecko) Chrome/148.0.7778.96 Mobile Safari/537.36 (compatible; GoogleOther)"
92.222.108.96 - - [13/Jun/2026:00:58:26 +0500] "GET /hoe-crystal-roll-casino-spelers-vertrouwen-opbouwt-met-openheid/feed/ HTTP/2" 404 796 "-" "Mozilla/5.0 (compatible; AhrefsBot/7.0; +http://ahrefs.com/robot/)"
66.249.64.37 - - [13/Jun/2026:00:58:30 +0500] "GET /items/Z50372573 HTTP/1.1" 404 796 "-" "Mozilla/5.0 (Linux; Android 6.0.1; Nexus 5X Build/MMB29P) AppleWebKit/537.36 (KHTML, like Gecko) Chrome/148.0.7778.96 Mobile Safari/537.36 (compatible; GoogleOther)"
167.249.227.120 - - [13/Jun/2026:00:58:35 +0500] "POST /xmlrpc.php HTTP/1.1" 403 787 "-" "Jetpack by WordPress.com (Jetpack 12.1; WordPress 6.4)"
167.249.227.120 - - [13/Jun/2026:00:58:45 +0500] "POST /xmlrpc.php HTTP/1.1" 403 787 "-" "Jetpack by WordPress.com"
167.249.227.120 - - [13/Jun/2026:00:58:56 +0500] "POST /xmlrpc.php HTTP/1.1" 403 787 "-" "Jetpack/12.1; WordPress/6.4; http://site84441900.com"
167.249.227.120 - - [13/Jun/2026:00:59:07 +0500] "POST /xmlrpc.php HTTP/1.1" 403 787 "-" "Jetpack by WordPress.com"
167.249.227.120 - - [13/Jun/2026:00:59:17 +0500] "POST /xmlrpc.php HTTP/1.1" 403 787 "-" "Jetpack by WordPress.com"
66.249.64.37 - - [13/Jun/2026:00:59:31 +0500] "GET /items/Z401081903 HTTP/1.1" 404 796 "-" "Mozilla/5.0 (Linux; Android 6.0.1; Nexus 5X Build/MMB29P) AppleWebKit/537.36 (KHTML, like Gecko) Chrome/148.0.7778.96 Mobile Safari/537.36 (compatible; GoogleOther)"
66.249.64.37 - - [13/Jun/2026:00:59:31 +0500] "GET /items/R407206041 HTTP/1.1" 404 796 "-" "Mozilla/5.0 (Linux; Android 6.0.1; Nexus 5X Build/MMB29P) AppleWebKit/537.36 (KHTML, like Gecko) Chrome/148.0.7778.96 Mobile Safari/537.36 (compatible; GoogleOther)"
66.249.64.37 - - [13/Jun/2026:00:59:47 +0500] "GET /items/D1933095 HTTP/1.1" 404 796 "-" "Mozilla/5.0 (Linux; Android 6.0.1; Nexus 5X Build/MMB29P) AppleWebKit/537.36 (KHTML, like Gecko) Chrome/148.0.7778.96 Mobile Safari/537.36 (compatible; GoogleOther)"
66.249.64.37 - - [13/Jun/2026:00:56:57 +0500] "GET /items/A6282112 HTTP/1.1" 404 796 "-" "Mozilla/5.0 (Linux; Android 6.0.1; Nexus 5X Build/MMB29P) AppleWebKit/537.36 (KHTML, like Gecko) Chrome/148.0.7778.96 Mobile Safari/537.36 (compatible; GoogleOther)"
37.59.204.135 - - [13/Jun/2026:00:57:20 +0500] "GET /items/F70401346 HTTP/2" 404 796 "-" "Mozilla/5.0 (compatible; AhrefsBot/7.0; +http://ahrefs.com/robot/)"
159.89.161.120 - - [13/Jun/2026:00:58:29 +0500] "GET / HTTP/1.1" 200 20 "-" "Mozilla/5.0 (X11; Linux x86_64; rv:142.0) Gecko/20100101 Firefox/142.0"
66.249.64.37 - - [13/Jun/2026:00:58:39 +0500] "GET /items/I940178587 HTTP/1.1" 404 796 "-" "Mozilla/5.0 (Linux; Android 6.0.1; Nexus 5X Build/MMB29P) AppleWebKit/537.36 (KHTML, like Gecko) Chrome/148.0.7778.96 Mobile Safari/537.36 (compatible; GoogleOther)"
66.249.64.37 - - [13/Jun/2026:00:58:41 +0500] "GET /items/X4344864 HTTP/1.1" 404 796 "-" "Mozilla/5.0 (Linux; Android 6.0.1; Nexus 5X Build/MMB29P) AppleWebKit/537.36 (KHTML, like Gecko) Chrome/148.0.7778.96 Mobile Safari/537.36 (compatible; GoogleOther)"
66.249.64.37 - - [13/Jun/2026:00:58:49 +0500] "GET /items/M68258466 HTTP/1.1" 404 796 "-" "Mozilla/5.0 (Linux; Android 6.0.1; Nexus 5X Build/MMB29P) AppleWebKit/537.36 (KHTML, like Gecko) Chrome/148.0.7778.96 Mobile Safari/537.36 (compatible; GoogleOther)"
66.249.64.37 - - [13/Jun/2026:00:58:58 +0500] "GET /items/J37336612 HTTP/1.1" 404 796 "-" "Mozilla/5.0 (Linux; Android 6.0.1; Nexus 5X Build/MMB29P) AppleWebKit/537.36 (KHTML, like Gecko) Chrome/148.0.7778.96 Mobile Safari/537.36 (compatible; GoogleOther)"
51.75.236.150 - - [13/Jun/2026:00:59:04 +0500] "GET /items/A84936859 HTTP/2" 404 796 "-" "Mozilla/5.0 (compatible; AhrefsBot/7.0; +http://ahrefs.com/robot/)"
66.249.64.39 - - [13/Jun/2026:00:59:05 +0500] "GET /items/I440066891 HTTP/1.1" 404 796 "-" "Mozilla/5.0 (Linux; Android 6.0.1; Nexus 5X Build/MMB29P) AppleWebKit/537.36 (KHTML, like Gecko) Chrome/148.0.7778.96 Mobile Safari/537.36 (compatible; GoogleOther)"
66.249.64.37 - - [13/Jun/2026:00:59:15 +0500] "GET /items/B5718260 HTTP/1.1" 404 796 "-" "Mozilla/5.0 (Linux; Android 6.0.1; Nexus 5X Build/MMB29P) AppleWebKit/537.36 (KHTML, like Gecko) Chrome/148.0.7778.96 Mobile Safari/537.36 (compatible; GoogleOther)"
92.222.104.205 - - [13/Jun/2026:00:59:36 +0500] "GET /wat-zijn-de-meest-populaire-betaalmethoden-bij-gxbet-casino/feed/ HTTP/2" 404 796 "-" "Mozilla/5.0 (compatible; AhrefsBot/7.0; +http://ahrefs.com/robot/)"
167.249.227.120 - - [13/Jun/2026:00:59:40 +0500] "POST /xmlrpc.php HTTP/1.1" 403 787 "-" "Jetpack/12.5; WordPress/6.3; http://site13103691.com"
167.249.227.120 - - [13/Jun/2026:00:59:50 +0500] "POST /xmlrpc.php HTTP/1.1" 403 787 "-" "WordPress.com; https://wordpress.com"
167.249.227.120 - - [13/Jun/2026:01:00:00 +0500] "POST /xmlrpc.php HTTP/1.1" 403 787 "-" "Jetpack by WordPress.com"
167.249.227.120 - - [13/Jun/2026:01:00:11 +0500] "POST /xmlrpc.php HTTP/1.1" 403 787 "-" "Jetpack/12.1; WordPress/6.4; http://site57030696.com"
94.23.188.219 - - [13/Jun/2026:01:00:13 +0500] "GET /hoe-effectief-zijn-de-privacymaatregelen-bij-jaabet-casino/feed/ HTTP/2" 404 796 "-" "Mozilla/5.0 (compatible; AhrefsBot/7.0; +http://ahrefs.com/robot/)"
167.249.227.120 - - [13/Jun/2026:01:00:22 +0500] "POST /xmlrpc.php HTTP/1.1" 403 787 "-" "Jetpack by WordPress.com (Jetpack 12.5; WordPress 6.4)"
167.249.227.120 - - [13/Jun/2026:01:00:32 +0500] "POST /xmlrpc.php HTTP/1.1" 403 787 "-" "Jetpack/12.5; WordPress/6.2; http://site94469488.com"
5.39.1.253 - - [13/Jun/2026:01:00:40 +0500] "GET /items/R62123995 HTTP/2" 404 796 "-" "Mozilla/5.0 (compatible; AhrefsBot/7.0; +http://ahrefs.com/robot/)"
167.249.227.120 - - [13/Jun/2026:01:00:43 +0500] "POST /xmlrpc.php HTTP/1.1" 403 787 "-" "Jetpack by WordPress.com (Jetpack 12.1; WordPress 6.2)"
167.249.227.120 - - [13/Jun/2026:01:00:53 +0500] "POST /xmlrpc.php HTTP/1.1" 403 787 "-" "Jetpack by WordPress.com"
167.249.227.120 - - [13/Jun/2026:01:01:04 +0500] "POST /xmlrpc.php HTTP/1.1" 403 787 "-" "WordPress.com; https://wordpress.com"
66.249.64.37 - - [13/Jun/2026:01:01:09 +0500] "GET /items/U5495254 HTTP/1.1" 404 796 "-" "Mozilla/5.0 (Linux; Android 6.0.1; Nexus 5X Build/MMB29P) AppleWebKit/537.36 (KHTML, like Gecko) Chrome/148.0.7778.96 Mobile Safari/537.36 (compatible; GoogleOther)"
66.249.64.39 - - [13/Jun/2026:01:01:11 +0500] "GET /items/Z398145698 HTTP/1.1" 404 796 "-" "Mozilla/5.0 (Linux; Android 6.0.1; Nexus 5X Build/MMB29P) AppleWebKit/537.36 (KHTML, like Gecko) Chrome/148.0.7778.96 Mobile Safari/537.36 (compatible; GoogleOther)"
66.249.64.39 - - [13/Jun/2026:01:01:12 +0500] "GET /items/B8054553 HTTP/1.1" 404 796 "-" "Mozilla/5.0 (Linux; Android 6.0.1; Nexus 5X Build/MMB29P) AppleWebKit/537.36 (KHTML, like Gecko) Chrome/148.0.7778.96 Mobile Safari/537.36 (compatible; GoogleOther)"
167.249.227.120 - - [13/Jun/2026:01:01:15 +0500] "POST /xmlrpc.php HTTP/1.1" 403 787 "-" "WordPress.com; https://wordpress.com"
92.222.108.118 - - [13/Jun/2026:01:01:15 +0500] "GET /items/G139864021 HTTP/2" 404 796 "-" "Mozilla/5.0 (compatible; AhrefsBot/7.0; +http://ahrefs.com/robot/)"
167.249.227.120 - - [13/Jun/2026:01:01:25 +0500] "POST /xmlrpc.php HTTP/1.1" 403 787 "-" "Jetpack by WordPress.com"
167.249.227.120 - - [13/Jun/2026:01:01:36 +0500] "POST /xmlrpc.php HTTP/1.1" 403 787 "-" "Jetpack by WordPress.com"
66.249.64.37 - - [13/Jun/2026:01:01:38 +0500] "GET /items/N1691540 HTTP/1.1" 404 796 "-" "Mozilla/5.0 (Linux; Android 6.0.1; Nexus 5X Build/MMB29P) AppleWebKit/537.36 (KHTML, like Gecko) Chrome/148.0.7778.96 Mobile Safari/537.36 (compatible; GoogleOther)"
66.249.64.37 - - [13/Jun/2026:01:01:38 +0500] "GET /items/Y68205486 HTTP/1.1" 404 796 "-" "Mozilla/5.0 (Linux; Android 6.0.1; Nexus 5X Build/MMB29P) AppleWebKit/537.36 (KHTML, like Gecko) Chrome/148.0.7778.96 Mobile Safari/537.36 (compatible; GoogleOther)"
66.249.64.37 - - [13/Jun/2026:01:01:43 +0500] "GET /items/S31841773 HTTP/1.1" 404 796 "-" "Mozilla/5.0 (Linux; Android 6.0.1; Nexus 5X Build/MMB29P) AppleWebKit/537.36 (KHTML, like Gecko) Chrome/148.0.7778.96 Mobile Safari/537.36 (compatible; GoogleOther)"
167.249.227.120 - - [13/Jun/2026:01:01:47 +0500] "POST /xmlrpc.php HTTP/1.1" 403 787 "-" "Jetpack by WordPress.com (Jetpack 13.0; WordPress 6.1)"
37.59.204.135 - - [13/Jun/2026:01:01:55 +0500] "GET /items/V8420160 HTTP/2" 404 796 "-" "Mozilla/5.0 (compatible; AhrefsBot/7.0; +http://ahrefs.com/robot/)"
167.249.227.120 - - [13/Jun/2026:01:01:58 +0500] "POST /xmlrpc.php HTTP/1.1" 403 787 "-" "Jetpack by WordPress.com"
66.249.64.37 - - [13/Jun/2026:01:01:59 +0500] "GET /items/Z49409566 HTTP/1.1" 404 796 "-" "Mozilla/5.0 (Linux; Android 6.0.1; Nexus 5X Build/MMB29P) AppleWebKit/537.36 (KHTML, like Gecko) Chrome/148.0.7778.96 Mobile Safari/537.36 (compatible; GoogleOther)"
66.249.64.37 - - [13/Jun/2026:01:02:04 +0500] "GET /items/D4460562 HTTP/1.1" 404 796 "-" "Mozilla/5.0 (Linux; Android 6.0.1; Nexus 5X Build/MMB29P) AppleWebKit/537.36 (KHTML, like Gecko) Chrome/148.0.7778.96 Mobile Safari/537.36 (compatible; GoogleOther)"
167.249.227.120 - - [13/Jun/2026:01:02:08 +0500] "POST /xmlrpc.php HTTP/1.1" 403 787 "-" "Jetpack/12.0; WordPress/6.3; http://site22426931.com"
66.249.64.38 - - [13/Jun/2026:01:02:15 +0500] "GET /items/G6334004 HTTP/1.1" 404 796 "-" "Mozilla/5.0 (Linux; Android 6.0.1; Nexus 5X Build/MMB29P) AppleWebKit/537.36 (KHTML, like Gecko) Chrome/148.0.7778.96 Mobile Safari/537.36 (compatible; GoogleOther)"
167.249.227.120 - - [13/Jun/2026:01:02:19 +0500] "POST /xmlrpc.php HTTP/1.1" 403 787 "-" "Jetpack by WordPress.com"
176.31.139.19 - - [13/Jun/2026:01:02:22 +0500] "GET /items/D115970523 HTTP/2" 404 796 "-" "Mozilla/5.0 (compatible; AhrefsBot/7.0; +http://ahrefs.com/robot/)"
167.249.227.120 - - [13/Jun/2026:01:02:30 +0500] "POST /xmlrpc.php HTTP/1.1" 403 787 "-" "Jetpack by WordPress.com"
167.249.227.120 - - [13/Jun/2026:01:02:40 +0500] "POST /xmlrpc.php HTTP/1.1" 403 787 "-" "Jetpack/13.0; WordPress/6.4; http://site84789074.com"
94.23.188.203 - - [13/Jun/2026:01:02:48 +0500] "GET /items/P8047698 HTTP/2" 404 796 "-" "Mozilla/5.0 (compatible; AhrefsBot/7.0; +http://ahrefs.com/robot/)"
66.249.64.37 - - [13/Jun/2026:00:59:56 +0500] "GET /items/F81597573 HTTP/1.1" 404 796 "-" "Mozilla/5.0 (Linux; Android 6.0.1; Nexus 5X Build/MMB29P) AppleWebKit/537.36 (KHTML, like Gecko) Chrome/148.0.7778.96 Mobile Safari/537.36 (compatible; GoogleOther)"
66.249.64.38 - - [13/Jun/2026:01:00:04 +0500] "GET /items/L171121400 HTTP/1.1" 404 796 "-" "Mozilla/5.0 (Linux; Android 6.0.1; Nexus 5X Build/MMB29P) AppleWebKit/537.36 (KHTML, like Gecko) Chrome/148.0.7778.96 Mobile Safari/537.36 (compatible; GoogleOther)"
66.249.64.38 - - [13/Jun/2026:01:00:20 +0500] "GET /items/D83128616 HTTP/1.1" 404 796 "-" "Mozilla/5.0 (Linux; Android 6.0.1; Nexus 5X Build/MMB29P) AppleWebKit/537.36 (KHTML, like Gecko) Chrome/148.0.7778.96 Mobile Safari/537.36 (compatible; GoogleOther)"
66.249.64.38 - - [13/Jun/2026:01:00:22 +0500] "GET /items/W10154286 HTTP/1.1" 404 796 "-" "Mozilla/5.0 (Linux; Android 6.0.1; Nexus 5X Build/MMB29P) AppleWebKit/537.36 (KHTML, like Gecko) Chrome/148.0.7778.96 Mobile Safari/537.36 (compatible; GoogleOther)"
66.249.64.37 - - [13/Jun/2026:01:00:37 +0500] "GET /items/X447779392 HTTP/1.1" 404 796 "-" "Mozilla/5.0 (Linux; Android 6.0.1; Nexus 5X Build/MMB29P) AppleWebKit/537.36 (KHTML, like Gecko) Chrome/148.0.7778.96 Mobile Safari/537.36 (compatible; GoogleOther)"
66.249.64.37 - - [13/Jun/2026:01:00:47 +0500] "GET /items/F78525272 HTTP/1.1" 404 796 "-" "Mozilla/5.0 (Linux; Android 6.0.1; Nexus 5X Build/MMB29P) AppleWebKit/537.36 (KHTML, like Gecko) Chrome/148.0.7778.96 Mobile Safari/537.36 (compatible; GoogleOther)"
66.249.64.37 - - [13/Jun/2026:01:00:53 +0500] "GET /items/A42146201 HTTP/1.1" 404 796 "-" "Mozilla/5.0 (Linux; Android 6.0.1; Nexus 5X Build/MMB29P) AppleWebKit/537.36 (KHTML, like Gecko) Chrome/148.0.7778.96 Mobile Safari/537.36 (compatible; GoogleOther)"
66.249.64.37 - - [13/Jun/2026:01:01:26 +0500] "GET /items/F5750266 HTTP/1.1" 404 796 "-" "Mozilla/5.0 (Linux; Android 6.0.1; Nexus 5X Build/MMB29P) AppleWebKit/537.36 (KHTML, like Gecko) Chrome/148.0.7778.96 Mobile Safari/537.36 (compatible; GoogleOther)"
17.241.227.221 - - [13/Jun/2026:01:01:35 +0500] "GET /lalabet-casino-klantenservice-beoordelen-en-contactmogelijkheden/ HTTP/2" 404 796 "-" "Mozilla/5.0 (Macintosh; Intel Mac OS X 10_15_7) AppleWebKit/605.1.15 (KHTML, like Gecko) Version/17.4 Safari/605.1.15 (Applebot/0.1; +http://www.apple.com/go/applebot)"
66.249.64.37 - - [13/Jun/2026:01:02:29 +0500] "GET /items/I305342872 HTTP/1.1" 404 796 "-" "Mozilla/5.0 (Linux; Android 6.0.1; Nexus 5X Build/MMB29P) AppleWebKit/537.36 (KHTML, like Gecko) Chrome/148.0.7778.96 Mobile Safari/537.36 (compatible; GoogleOther)"
66.249.64.37 - - [13/Jun/2026:01:02:31 +0500] "GET /items/M576209290 HTTP/1.1" 404 796 "-" "Mozilla/5.0 (Linux; Android 6.0.1; Nexus 5X Build/MMB29P) AppleWebKit/537.36 (KHTML, like Gecko) Chrome/148.0.7778.96 Mobile Safari/537.36 (compatible; GoogleOther)"
66.249.64.37 - - [13/Jun/2026:01:02:49 +0500] "GET /items/D211851113 HTTP/1.1" 404 796 "-" "Mozilla/5.0 (Linux; Android 6.0.1; Nexus 5X Build/MMB29P) AppleWebKit/537.36 (KHTML, like Gecko) Chrome/148.0.7778.96 Mobile Safari/537.36 (compatible; GoogleOther)"
66.249.64.39 - - [13/Jun/2026:01:03:06 +0500] "GET /items/B33065410 HTTP/1.1" 404 796 "-" "Mozilla/5.0 (Linux; Android 6.0.1; Nexus 5X Build/MMB29P) AppleWebKit/537.36 (KHTML, like Gecko) Chrome/148.0.7778.96 Mobile Safari/537.36 (compatible; GoogleOther)"
66.249.64.38 - - [13/Jun/2026:01:03:20 +0500] "GET /items/U1733243 HTTP/1.1" 404 796 "-" "Mozilla/5.0 (Linux; Android 6.0.1; Nexus 5X Build/MMB29P) AppleWebKit/537.36 (KHTML, like Gecko) Chrome/148.0.7778.96 Mobile Safari/537.36 (compatible; GoogleOther)"
95.85.238.209 - - [13/Jun/2026:01:03:55 +0500] "GET /wp-login.php HTTP/1.1" 200 4945 "-" "Mozilla/5.0 (X11; Fedora; Linux x86_64; rv:119.0) Gecko/20100101 Firefox/119.0"
95.85.238.209 - - [13/Jun/2026:01:03:55 +0500] "POST /wp-login.php HTTP/1.1" 200 5362 "-" "Mozilla/5.0 (X11; Fedora; Linux x86_64; rv:119.0) Gecko/20100101 Firefox/119.0"
167.249.227.120 - - [13/Jun/2026:01:02:51 +0500] "POST /xmlrpc.php HTTP/1.1" 403 787 "-" "Jetpack by WordPress.com"
66.249.64.37 - - [13/Jun/2026:01:02:56 +0500] "GET /items/M431404487 HTTP/1.1" 404 796 "-" "Mozilla/5.0 (Linux; Android 6.0.1; Nexus 5X Build/MMB29P) AppleWebKit/537.36 (KHTML, like Gecko) Chrome/148.0.7778.96 Mobile Safari/537.36 (compatible; GoogleOther)"
167.249.227.120 - - [13/Jun/2026:01:03:02 +0500] "POST /xmlrpc.php HTTP/1.1" 403 787 "-" "WordPress.com; https://wordpress.com"
167.249.227.120 - - [13/Jun/2026:01:03:12 +0500] "POST /xmlrpc.php HTTP/1.1" 403 787 "-" "Jetpack/12.5; WordPress/6.3; http://site24717631.com"
66.249.64.37 - - [13/Jun/2026:01:03:21 +0500] "GET /items/T9165867 HTTP/1.1" 404 796 "-" "Mozilla/5.0 (Linux; Android 6.0.1; Nexus 5X Build/MMB29P) AppleWebKit/537.36 (KHTML, like Gecko) Chrome/148.0.7778.96 Mobile Safari/537.36 (compatible; GoogleOther)"
92.222.108.115 - - [13/Jun/2026:01:03:22 +0500] "GET /items/F61744983 HTTP/2" 404 796 "-" "Mozilla/5.0 (compatible; AhrefsBot/7.0; +http://ahrefs.com/robot/)"
167.249.227.120 - - [13/Jun/2026:01:03:23 +0500] "POST /xmlrpc.php HTTP/1.1" 403 787 "-" "Jetpack by WordPress.com (Jetpack 12.5; WordPress 6.1)"
167.249.227.120 - - [13/Jun/2026:01:03:34 +0500] "POST /xmlrpc.php HTTP/1.1" 403 787 "-" "Jetpack by WordPress.com"
66.249.64.37 - - [13/Jun/2026:01:03:40 +0500] "GET /items/J89278181 HTTP/1.1" 404 796 "-" "Mozilla/5.0 (Linux; Android 6.0.1; Nexus 5X Build/MMB29P) AppleWebKit/537.36 (KHTML, like Gecko) Chrome/148.0.7778.96 Mobile Safari/537.36 (compatible; GoogleOther)"
167.249.227.120 - - [13/Jun/2026:01:03:44 +0500] "POST /xmlrpc.php HTTP/1.1" 403 787 "-" "Jetpack by WordPress.com (Jetpack 13.0; WordPress 6.2)"
66.249.64.37 - - [13/Jun/2026:01:03:47 +0500] "GET /items/V2848323 HTTP/1.1" 404 796 "-" "Mozilla/5.0 (Linux; Android 6.0.1; Nexus 5X Build/MMB29P) AppleWebKit/537.36 (KHTML, like Gecko) Chrome/148.0.7778.96 Mobile Safari/537.36 (compatible; GoogleOther)"
167.249.227.120 - - [13/Jun/2026:01:03:55 +0500] "POST /xmlrpc.php HTTP/1.1" 403 787 "-" "Jetpack by WordPress.com"
91.204.46.241 - - [13/Jun/2026:01:03:58 +0500] "GET / HTTP/2" 200 20 "-" "Mozilla/5.0 (Windows NT 10.0; Win64; x64) AppleWebKit/537.36 (KHTML, like Gecko) Chrome/133.0.0.0 Safari/537.36"
62.72.44.19 - - [13/Jun/2026:01:03:58 +0500] "GET /wp-json/ HTTP/2" 404 796 "-" "Mozilla/5.0 (Windows NT 10.0; Win64; x64) AppleWebKit/537.36 (KHTML, like Gecko) Chrome/133.0.0.0 Safari/537.36"
209.87.149.26 - - [13/Jun/2026:01:04:02 +0500] "GET / HTTP/2" 200 20 "-" "Mozilla/5.0 (Windows NT 10.0; Win64; x64) AppleWebKit/537.36 (KHTML, like Gecko) Chrome/133.0.0.0 Safari/537.36"
91.204.46.241 - - [13/Jun/2026:01:04:04 +0500] "GET /sitemap.xml HTTP/2" 404 796 "-" "Mozilla/5.0 (Windows NT 10.0; Win64; x64) AppleWebKit/537.36 (KHTML, like Gecko) Chrome/133.0.0.0 Safari/537.36"
167.249.227.120 - - [13/Jun/2026:01:04:06 +0500] "POST /xmlrpc.php HTTP/1.1" 403 787 "-" "WordPress.com; https://wordpress.com"
46.62.194.3 - - [13/Jun/2026:01:04:07 +0500] "GET /wp-json/wp/v2/posts?per_page=20&_embed=author&_fields=_embedded HTTP/2" 404 796 "-" "Mozilla/5.0 (Windows NT 10.0; Win64; x64) AppleWebKit/537.36 (KHTML, like Gecko) Chrome/133.0.0.0 Safari/537.36"
31.24.155.180 - - [13/Jun/2026:01:04:09 +0500] "GET /?rest_route=/wp/v2/users&_jsonp=callback&per_page=100&_fields=id,slug HTTP/2" 200 20 "-" "Mozilla/5.0 (Windows NT 10.0; Win64; x64) AppleWebKit/537.36 (KHTML, like Gecko) Chrome/133.0.0.0 Safari/537.36"
91.204.46.241 - - [13/Jun/2026:01:04:11 +0500] "GET /wp-json/rankmath/v1/getHead?url=https://turkishinternationalschools.com HTTP/2" 404 796 "-" "Mozilla/5.0 (Windows NT 10.0; Win64; x64) AppleWebKit/537.36 (KHTML, like Gecko) Chrome/133.0.0.0 Safari/537.36"
176.31.139.3 - - [13/Jun/2026:01:04:13 +0500] "GET /items/O9913516 HTTP/2" 404 796 "-" "Mozilla/5.0 (compatible; AhrefsBot/7.0; +http://ahrefs.com/robot/)"
167.249.227.120 - - [13/Jun/2026:01:04:16 +0500] "POST /xmlrpc.php HTTP/1.1" 403 787 "-" "Jetpack/12.5; WordPress/6.3; http://site51391892.com"
210.211.99.176 - - [13/Jun/2026:01:03:58 +0500] "GET /readme.html HTTP/2" 200 2656 "-" "Mozilla/5.0 (Windows NT 10.0; Win64; x64) AppleWebKit/537.36 (KHTML, like Gecko) Chrome/133.0.0.0 Safari/537.36"
185.125.27.44 - - [13/Jun/2026:01:03:59 +0500] "GET /wp-json/wp/v2/users?_fields=slug&per_page=100&page=1 HTTP/2" 404 796 "-" "Mozilla/5.0 (Windows NT 10.0; Win64; x64) AppleWebKit/537.36 (KHTML, like Gecko) Chrome/133.0.0.0 Safari/537.36"
91.204.46.241 - - [13/Jun/2026:01:04:00 +0500] "GET /feed/ HTTP/2" 404 796 "-" "Mozilla/5.0 (Windows NT 10.0; Win64; x64) AppleWebKit/537.36 (KHTML, like Gecko) Chrome/133.0.0.0 Safari/537.36"
31.24.44.107 - - [13/Jun/2026:01:04:01 +0500] "GET /feed/atom/ HTTP/2" 404 796 "-" "Mozilla/5.0 (Windows NT 10.0; Win64; x64) AppleWebKit/537.36 (KHTML, like Gecko) Chrome/133.0.0.0 Safari/537.36"
67.220.94.161 - - [13/Jun/2026:01:04:09 +0500] "GET /author-sitemap.xml HTTP/2" 404 796 "-" "Mozilla/5.0 (Windows NT 10.0; Win64; x64) AppleWebKit/537.36 (KHTML, like Gecko) Chrome/133.0.0.0 Safari/537.36"
103.127.30.137 - - [13/Jun/2026:01:04:10 +0500] "POST /api/graphql HTTP/2" 404 796 "-" "Mozilla/5.0 (Windows NT 10.0; Win64; x64) AppleWebKit/537.36 (KHTML, like Gecko) Chrome/133.0.0.0 Safari/537.36"
68.183.22.192 - - [13/Jun/2026:01:04:12 +0500] "GET /author-sitemap.xml HTTP/2" 404 796 "-" "Mozilla/5.0 (Windows NT 10.0; Win64; x64) AppleWebKit/537.36 (KHTML, like Gecko) Chrome/133.0.0.0 Safari/537.36"
66.249.64.38 - - [13/Jun/2026:01:04:13 +0500] "GET /items/Z51262163 HTTP/1.1" 404 796 "-" "Mozilla/5.0 (Linux; Android 6.0.1; Nexus 5X Build/MMB29P) AppleWebKit/537.36 (KHTML, like Gecko) Chrome/148.0.7778.96 Mobile Safari/537.36 (compatible; Googlebot/2.1; +http://www.google.com/bot.html)"
66.249.64.38 - - [13/Jun/2026:01:04:15 +0500] "GET /items/U8424852 HTTP/1.1" 404 796 "-" "Mozilla/5.0 (Linux; Android 6.0.1; Nexus 5X Build/MMB29P) AppleWebKit/537.36 (KHTML, like Gecko) Chrome/148.0.7778.96 Mobile Safari/537.36 (compatible; GoogleOther)"
80.82.115.208 - - [13/Jun/2026:01:04:19 +0500] "GET /wp-sitemap-users-1.xml HTTP/2" 404 796 "-" "Mozilla/5.0 (Windows NT 10.0; Win64; x64) AppleWebKit/537.36 (KHTML, like Gecko) Chrome/133.0.0.0 Safari/537.36"
67.220.94.161 - - [13/Jun/2026:01:04:24 +0500] "GET /wp-json/wp/v2/users?_jsonp=callback&per_page=100&_fields=id,slug HTTP/2" 404 796 "-" "Mozilla/5.0 (Windows NT 10.0; Win64; x64) AppleWebKit/537.36 (KHTML, like Gecko) Chrome/133.0.0.0 Safari/537.36"
192.250.239.252 - - [13/Jun/2026:01:04:24 +0500] "GET /wp-json/wc/v3/customers?per_page=100&_fields=username,email HTTP/2" 404 796 "-" "Mozilla/5.0 (Windows NT 10.0; Win64; x64) AppleWebKit/537.36 (KHTML, like Gecko) Chrome/133.0.0.0 Safari/537.36"
51.222.116.95 - - [13/Jun/2026:01:04:25 +0500] "GET /wp-json/buddypress/v1/members?per_page=100&_fields=user_login HTTP/2" 404 796 "-" "Mozilla/5.0 (Windows NT 10.0; Win64; x64) AppleWebKit/537.36 (KHTML, like Gecko) Chrome/133.0.0.0 Safari/537.36"
102.213.229.240 - - [13/Jun/2026:01:04:27 +0500] "GET /wp-json/wp/v2/users?per_page=100&_fields=slug HTTP/2" 404 796 "https://turkishinternationalschools.com/" "Mozilla/5.0 (Windows NT 10.0; Win64; x64) AppleWebKit/537.36 (KHTML, like Gecko) Chrome/133.0.0.0 Safari/537.36"
194.163.172.142 - - [13/Jun/2026:01:04:28 +0500] "GET /wp-json/wc/v1/customers?per_page=100&_fields=username HTTP/2" 404 796 "-" "Mozilla/5.0 (Windows NT 10.0; Win64; x64) AppleWebKit/537.36 (KHTML, like Gecko) Chrome/133.0.0.0 Safari/537.36"
46.62.194.3 - - [13/Jun/2026:01:04:28 +0500] "POST /xmlrpc.php HTTP/2" 403 787 "-" "Mozilla/5.0 (Windows NT 10.0; Win64; x64) AppleWebKit/537.36 (KHTML, like Gecko) Chrome/133.0.0.0 Safari/537.36"
66.29.156.133 - - [13/Jun/2026:01:04:30 +0500] "GET /wp-json/wp/v2/users/me HTTP/2" 404 796 "-" "Mozilla/5.0 (Windows NT 10.0; Win64; x64) AppleWebKit/537.36 (KHTML, like Gecko) Chrome/133.0.0.0 Safari/537.36"
132.255.164.117 - - [13/Jun/2026:01:04:22 +0500] "GET /wp-json/ldlms/v2/users?per_page=100&_fields=user_login HTTP/2" 404 796 "-" "Mozilla/5.0 (Windows NT 10.0; Win64; x64) AppleWebKit/537.36 (KHTML, like Gecko) Chrome/133.0.0.0 Safari/537.36"
185.125.27.44 - - [13/Jun/2026:01:04:25 +0500] "GET /wp-json/buddyboss/v1/members?per_page=100&_fields=user_login HTTP/2" 404 796 "-" "Mozilla/5.0 (Windows NT 10.0; Win64; x64) AppleWebKit/537.36 (KHTML, like Gecko) Chrome/133.0.0.0 Safari/537.36"
157.90.174.226 - - [13/Jun/2026:01:04:25 +0500] "GET /wp-json/wp/v2/users?per_page=100&_fields=slug,locale HTTP/2" 404 796 "-" "Mozilla/5.0 (Windows NT 10.0; Win64; x64) AppleWebKit/537.36 (KHTML, like Gecko) Chrome/133.0.0.0 Safari/537.36"
113.190.40.93 - - [13/Jun/2026:01:04:27 +0500] "GET /wp-json/wc/v2/customers?per_page=100&_fields=username HTTP/2" 404 796 "-" "Mozilla/5.0 (Windows NT 10.0; Win64; x64) AppleWebKit/537.36 (KHTML, like Gecko) Chrome/133.0.0.0 Safari/537.36"
209.87.149.26 - - [13/Jun/2026:01:04:27 +0500] "GET /wp-json/ldlms/v1/users?per_page=100&_fields=user_login HTTP/2" 404 796 "-" "Mozilla/5.0 (Windows NT 10.0; Win64; x64) AppleWebKit/537.36 (KHTML, like Gecko) Chrome/133.0.0.0 Safari/537.36"
167.249.227.120 - - [13/Jun/2026:01:04:27 +0500] "POST /xmlrpc.php HTTP/1.1" 403 787 "-" "Jetpack by WordPress.com (Jetpack 12.5; WordPress 6.4)"
88.99.217.2 - - [13/Jun/2026:01:04:29 +0500] "GET /feed/json/ HTTP/2" 404 796 "-" "Mozilla/5.0 (Windows NT 10.0; Win64; x64) AppleWebKit/537.36 (KHTML, like Gecko) Chrome/133.0.0.0 Safari/537.36"
124.156.212.23 - - [13/Jun/2026:01:04:30 +0500] "GET /?author=1 HTTP/2" 200 20 "-" "Mozilla/5.0 (Windows NT 10.0; Win64; x64) AppleWebKit/537.36 (KHTML, like Gecko) Chrome/133.0.0.0 Safari/537.36"
15.165.150.86 - - [13/Jun/2026:01:04:32 +0500] "GET /wp-json/ultimate-member/v1/users HTTP/2" 404 796 "-" "Mozilla/5.0 (Windows NT 10.0; Win64; x64) AppleWebKit/537.36 (KHTML, like Gecko) Chrome/133.0.0.0 Safari/537.36"
20.153.140.50 - - [13/Jun/2026:01:04:32 +0500] "GET /?author=2 HTTP/2" 200 20 "-" "Mozilla/5.0 (Windows NT 10.0; Win64; x64) AppleWebKit/537.36 (KHTML, like Gecko) Chrome/133.0.0.0 Safari/537.36"
91.204.46.241 - - [13/Jun/2026:01:04:33 +0500] "GET /wp-json/buddypress/v1/members HTTP/2" 404 796 "-" "Mozilla/5.0 (Windows NT 10.0; Win64; x64) AppleWebKit/537.36 (KHTML, like Gecko) Chrome/133.0.0.0 Safari/537.36"
167.249.227.120 - - [13/Jun/2026:01:04:38 +0500] "POST /xmlrpc.php HTTP/1.1" 403 787 "-" "Jetpack by WordPress.com (Jetpack 12.0; WordPress 6.2)"
163.223.13.54 - - [13/Jun/2026:01:04:38 +0500] "GET /?author=3 HTTP/2" 200 20 "-" "Mozilla/5.0 (Windows NT 10.0; Win64; x64) AppleWebKit/537.36 (KHTML, like Gecko) Chrome/133.0.0.0 Safari/537.36"
185.131.55.251 - - [13/Jun/2026:01:04:41 +0500] "GET /?author=4 HTTP/2" 200 20 "-" "Mozilla/5.0 (Windows NT 10.0; Win64; x64) AppleWebKit/537.36 (KHTML, like Gecko) Chrome/133.0.0.0 Safari/537.36"
167.249.227.120 - - [13/Jun/2026:01:04:49 +0500] "POST /xmlrpc.php HTTP/1.1" 403 787 "-" "Jetpack by WordPress.com (Jetpack 13.0; WordPress 6.3)"
66.249.64.37 - - [13/Jun/2026:01:04:53 +0500] "GET /items/H6972811 HTTP/1.1" 404 796 "-" "Mozilla/5.0 (Linux; Android 6.0.1; Nexus 5X Build/MMB29P) AppleWebKit/537.36 (KHTML, like Gecko) Chrome/148.0.7778.96 Mobile Safari/537.36 (compatible; GoogleOther)"
167.249.227.120 - - [13/Jun/2026:01:04:59 +0500] "POST /xmlrpc.php HTTP/1.1" 403 787 "-" "Jetpack by WordPress.com (Jetpack 12.0; WordPress 6.3)"
94.23.188.194 - - [13/Jun/2026:01:05:04 +0500] "GET /items/U44082182 HTTP/2" 404 796 "-" "Mozilla/5.0 (compatible; AhrefsBot/7.0; +http://ahrefs.com/robot/)"
79.131.103.152 - - [13/Jun/2026:01:05:05 +0500] "GET /wp-json/ldlms/v2/users HTTP/2" 404 796 "-" "Mozilla/5.0 (Windows NT 10.0; Win64; x64) AppleWebKit/537.36 (KHTML, like Gecko) Chrome/133.0.0.0 Safari/537.36"
167.249.227.120 - - [13/Jun/2026:01:05:10 +0500] "POST /xmlrpc.php HTTP/1.1" 403 787 "-" "Jetpack by WordPress.com"
168.63.79.147 - - [13/Jun/2026:01:04:30 +0500] "GET /?rest_route=/wp/v2/users&_jsonp=callback&per_page=100&_fields=id,slug HTTP/2" 200 20 "-" "Mozilla/5.0 (Windows NT 10.0; Win64; x64) AppleWebKit/537.36 (KHTML, like Gecko) Chrome/133.0.0.0 Safari/537.36"
